000
CXUS53 KLMK 010800
CF6LEX
PRELIMINARY LOCAL CLIMATOLOGICAL DATA (WS FORM: F-6)
STATION: LEXINGTON KY
MONTH: JULY
YEAR: 2020
LATITUDE: 38 1 N
LONGITUDE: 84 36 W
TEMPERATURE IN F: :PCPN: SNOW: WIND :SUNSHINE: SKY :PK WND
================================================================================
1 2 3 4 5 6A 6B 7 8 9 10 11 12 13 14 15 16 17 18
12Z AVG MX 2MIN
DY MAX MIN AVG DEP HDD CDD WTR SNW DPTH SPD SPD DIR MIN PSBL S-S WX SPD DR
================================================================================
1 85 69 77 1 0 12 0.02 0.0 0 3.7 14 250 M M 5 1 19 150
2 89 67 78 2 0 13 0.00 0.0 0 5.4 14 40 M M 2 1 20 40
3 91 63 77 1 0 12 0.00 0.0 0 4.0 15 70 M M 1 19 90
4 92 66 79 3 0 14 0.00 0.0 0 3.5 13 70 M M 0 17 60
5 93 66 80 4 0 15 0.51 0.0 0 3.8 20 260 M M 4 138 26 200
6 92 68 80 4 0 15 T 0.0 0 4.3 20 350 M M 0 13 26 360
7 91 67 79 3 0 14 0.00 0.0 0 3.5 22 130 M M 1 3 30 140
8 91 67 79 3 0 14 0.42 0.0 0 2.5 22 170 M M 1 13 30 170
9 87 69 78 2 0 13 0.02 0.0 0 2.5 26 30 M M 1 13 33 20
10 89 70 80 4 0 15 T 0.0 0 9.3 24 280 M M 2 35 260
11 86 65 76 0 0 11 0.47 0.0 0 8.1 29 360 M M 2 13 48 360
12 84 64 74 -2 0 9 T 0.0 0 6.2 15 290 M M 3 1 23 290
13 85 59 72 -4 0 7 0.00 0.0 0 4.0 13 340 M M 0 1 17 340
14 87 59 73 -3 0 8 0.00 0.0 0 3.1 10 230 M M 0 14 220
15 91 63 77 1 0 12 0.00 0.0 0 4.7 16 160 M M 0 19 140
16 85 74 80 4 0 15 0.33 0.0 0 9.4 18 230 M M 4 13 26 230
17 83 69 76 0 0 11 T 0.0 0 4.0 17 250 M M 5 13 25 240
18 90 69 80 4 0 15 0.00 0.0 0 5.2 15 210 M M 1 1 20 210
19 92 73 83 7 0 18 0.00 0.0 0 9.0 20 260 M M 0 29 260
20 90 72 81 5 0 16 T 0.0 0 5.3 15 270 M M 1 3 21 270
21 92 69 81 5 0 16 0.00 0.0 0 5.1 18 190 M M 0 13 25 220
22 89 69 79 3 0 14 T 0.0 0 7.0 17 210 M M 2 3 22 220
23 83 72 78 2 0 13 0.04 0.0 0 6.8 16 250 M M 2 13 25 230
24 91 68 80 4 0 15 0.00 0.0 0 4.4 13 280 M M 2 19 280
25 93 67 80 4 0 15 0.00 0.0 0 4.7 12 260 M M 1 16 260
26 91 69 80 4 0 15 0.12 0.0 0 5.6 17 280 M M 1 13 26 280
27 92 69 81 5 0 16 0.10 0.0 0 7.3 22 240 M M 1 1 33 250
28 89 71 80 4 0 15 0.33 0.0 0 3.4 13 240 M M 6 13 17 290
29 90 70 80 4 0 15 T 0.0 0 4.9 14 250 M M 3 20 260
30 81 71 76 0 0 11 1.21 0.0 0 4.7 24 210 M M 6 13 30 200
31 80 68 74 -2 0 9 0.51 0.0 0 3.6 10 60 M M 9 1238 13 330
================================================================================
SM 2744 2102 0 413 4.08 0.0 159.0 M 66
================================================================================
AV 88.5 67.8 5.1 FASTST M M 2 MAX(MPH)
MISC ----> # 29 360 # 48 360
================================================================================
NOTES:
# LAST OF SEVERAL OCCURRENCES
COLUMN 17 PEAK WIND IN M.P.H.
PRELIMINARY LOCAL CLIMATOLOGICAL DATA (WS FORM: F-6) , PAGE 2
STATION: LEXINGTON KY
MONTH: JULY
YEAR: 2020
LATITUDE: 38 1 N
LONGITUDE: 84 36 W
[TEMPERATURE DATA] [PRECIPITATION DATA] SYMBOLS USED IN COLUMN 16
AVERAGE MONTHLY: 78.2 TOTAL FOR MONTH: 4.08 1 = FOG OR MIST
DPTR FM NORMAL: 2.0 DPTR FM NORMAL: -0.57 2 = FOG REDUCING VISIBILITY
HIGHEST: 93 ON 25, 5 GRTST 24HR 1.21 ON 30-30 TO 1/4 MILE OR LESS
LOWEST: 59 ON 14,13 3 = THUNDER
SNOW, ICE PELLETS, HAIL 4 = ICE PELLETS
TOTAL MONTH: 0.0 INCH 5 = HAIL
GRTST 24HR 0.0 6 = FREEZING RAIN OR DRIZZLE
GRTST DEPTH: 0 7 = DUSTSTORM OR SANDSTORM:
VSBY 1/2 MILE OR LESS
8 = SMOKE OR HAZE
[NO. OF DAYS WITH] [WEATHER - DAYS WITH] 9 = BLOWING SNOW
X = TORNADO
MAX 32 OR BELOW: 0 0.01 INCH OR MORE: 12
MAX 90 OR ABOVE: 16 0.10 INCH OR MORE: 9
MIN 32 OR BELOW: 0 0.50 INCH OR MORE: 3
MIN 0 OR BELOW: 0 1.00 INCH OR MORE: 1
[HDD (BASE 65) ]
TOTAL THIS MO. 0 CLEAR (SCALE 0-3) 23
DPTR FM NORMAL 0 PTCLDY (SCALE 4-7) 7
TOTAL FM JUL 1 0 CLOUDY (SCALE 8-10) 1
DPTR FM NORMAL 0
[CDD (BASE 65) ]
TOTAL THIS MO. 413
DPTR FM NORMAL 66 [PRESSURE DATA]
TOTAL FM JAN 1 736 HIGHEST SLP 30.20 ON 17
DPTR FM NORMAL 40 LOWEST SLP 29.76 ON 31
[REMARKS]
#FINAL-07-20#