000
CXUS54 KSHV 011400
CF6LFK
PRELIMINARY LOCAL CLIMATOLOGICAL DATA (WS FORM: F-6)
STATION: LUFKIN
MONTH: FEBRUARY
YEAR: 2023
LATITUDE: 31 14 N
LONGITUDE: 94 45 W
TEMPERATURE IN F: :PCPN: SNOW: WIND :SUNSHINE: SKY :PK WND
================================================================================
1 2 3 4 5 6A 6B 7 8 9 10 11 12 13 14 15 16 17 18
12Z AVG MX 2MIN
DY MAX MIN AVG DEP HDD CDD WTR SNW DPTH SPD SPD DIR MIN PSBL S-S WX SPD DR
================================================================================
1 39 36 38 -12 27 0 0.84 0.0 0 6.1 13 360 M M 10 1 19 360
2 42 37 40 -10 25 0 0.85 0.0 0 6.3 14 330 M M 10 13 22 320
3 59 38 49 -1 16 0 0.00 0.0 0 4.2 10 30 M M 4 1 16 20
4 62 31 47 -4 18 0 0.00 0.0 0 5.0 13 190 M M 0 19 160
5 72 41 57 6 8 0 0.00 0.0 0 4.8 15 200 M M 4 12 20 200
6 73 49 61 10 4 0 0.00 0.0 0 9.3 18 150 M M 6 12 27 190
7 73 57 65 14 0 0 T 0.0 0 8.5 16 140 M M 9 23 130
8 78 42 60 9 5 0 0.06 0.0 0 10.9 21 180 M M 8 13 36 170
9 71 37 54 2 11 0 0.00 0.0 0 2.6 9 160 M M 0 1 13 130
10 56 41 49 -3 16 0 0.00 0.0 0 7.3 16 330 M M 5 25 310
11 51 38 45 -7 20 0 0.02 0.0 0 7.6 15 310 M M 8 1 23 280
12 66 32 49 -3 16 0 0.00 0.0 0 2.2 8 190 M M 0 1 15 260
13 72 39 56 4 9 0 0.00 0.0 0 4.9 12 190 M M 0 19 250
14 79 55 67 14 0 2 0.18 0.0 0 9.9 21 170 M M 5 1 33 170
15 78 55 67 14 0 2 T 0.0 0 9.8 17 150 M M 8 12 24 140
16 73 42 58 5 7 0 0.30 0.0 0 10.2 20 320 M M 9 13 32 320
17 52 32 42 -11 23 0 0.00 0.0 0 5.9 15 360 M M 0 18 25 330
18 56 28 42 -12 23 0 0.00 0.0 0 3.6 13 150 M M 1 1 22 140
19 73 43 58 4 7 0 0.00 0.0 0 6.4 16 220 M M 1 24 240
20 83 58 71 17 0 6 0.00 0.0 0 10.5 21 210 M M 5 33 240
21 84 65 75 21 0 10 0.00 0.0 0 11.9 22 180 M M 2 34 190
22 82 69 76 22 0 11 0.03 0.0 0 12.0 23 180 M M 7 1 36 170
23 81 70 76 21 0 11 0.00 0.0 0 7.0 15 290 M M 8 1 18 290
24 79 63 71 16 0 6 0.01 0.0 0 6.0 12 60 M M 8 1 16 50
25 78 59 69 14 0 4 T 0.0 0 3.4 10 50 M M 7 15 20
26 83 62 73 18 0 8 T 0.0 0 9.5 22 170 M M 7 32 180
27 80 51 66 10 0 1 0.01 0.0 0 7.8 18 200 M M 6 8 33 200
28 86 46 66 10 0 1 0.00 0.0 0 5.0 15 170 M M 1 12 22 180
================================================================================
SM 1961 1316 235 62 2.30 0.0 198.6 M 139
================================================================================
AV 70.0 47.0 7.1 FASTST M M 5 MAX(MPH)
MISC ----> 23 180 # 36 170
================================================================================
NOTES:
# LAST OF SEVERAL OCCURRENCES
COLUMN 17 PEAK WIND IN M.P.H.
PRELIMINARY LOCAL CLIMATOLOGICAL DATA (WS FORM: F-6) , PAGE 2
STATION: LUFKIN
MONTH: FEBRUARY
YEAR: 2023
LATITUDE: 31 14 N
LONGITUDE: 94 45 W
[TEMPERATURE DATA] [PRECIPITATION DATA] SYMBOLS USED IN COLUMN 16
AVERAGE MONTHLY: 58.5 TOTAL FOR MONTH: 2.30 1 = FOG OR MIST
DPTR FM NORMAL: 5.7 DPTR FM NORMAL: -1.58 2 = FOG REDUCING VISIBILITY
HIGHEST: 86 ON 28 GRTST 24HR 1.03 ON 1- 2 TO 1/4 MILE OR LESS
LOWEST: 28 ON 18 3 = THUNDER
SNOW, ICE PELLETS, HAIL 4 = ICE PELLETS
TOTAL MONTH: 0.0 INCH 5 = HAIL
GRTST 24HR 0.0 6 = FREEZING RAIN OR DRIZZLE
GRTST DEPTH: 0 7 = DUSTSTORM OR SANDSTORM:
VSBY 1/2 MILE OR LESS
8 = SMOKE OR HAZE
[NO. OF DAYS WITH] [WEATHER - DAYS WITH] 9 = BLOWING SNOW
X = TORNADO
MAX 32 OR BELOW: 0 0.01 INCH OR MORE: 9
MAX 90 OR ABOVE: 0 0.10 INCH OR MORE: 4
MIN 32 OR BELOW: 4 0.50 INCH OR MORE: 2
MIN 0 OR BELOW: 0 1.00 INCH OR MORE: 0
[HDD (BASE 65) ]
TOTAL THIS MO. 235 CLEAR (SCALE 0-3) 9
DPTR FM NORMAL -119 PTCLDY (SCALE 4-7) 12
TOTAL FM JUL 1 1269 CLOUDY (SCALE 8-10) 7
DPTR FM NORMAL -405
[CDD (BASE 65) ]
TOTAL THIS MO. 62
DPTR FM NORMAL 50 [PRESSURE DATA]
TOTAL FM JAN 1 78 HIGHEST SLP 30.56 ON 3
DPTR FM NORMAL 65 LOWEST SLP 29.63 ON 22
[REMARKS]
#FINAL-02-23#