000
CXUS54 KLCH 010830
CF6LFT
PRELIMINARY LOCAL CLIMATOLOGICAL DATA (WS FORM: F-6)
STATION: LAFAYETTE
MONTH: OCTOBER
YEAR: 2022
LATITUDE: 30 12 N
LONGITUDE: 92 0 W
TEMPERATURE IN F: :PCPN: SNOW: WIND :SUNSHINE: SKY :PK WND
================================================================================
1 2 3 4 5 6A 6B 7 8 9 10 11 12 13 14 15 16 17 18
12Z AVG MX 2MIN
DY MAX MIN AVG DEP HDD CDD WTR SNW DPTH SPD SPD DIR MIN PSBL S-S WX SPD DR
================================================================================
1 85 53 69 -7 0 4 0.00 0.0 M 5.2 15 360 M M 0 28 10
2 86 54 70 -6 0 5 0.00 0.0 M 4.2 14 20 M M 0 20 40
3 86 56 71 -4 0 6 0.00 0.0 M 5.1 16 20 M M 0 24 20
4 84 59 72 -3 0 7 0.00 0.0 M 3.0 10 40 M M 1 16 10
5 87 63 75 0 0 10 0.00 0.0 M 1.7 9 50 M M 2 15 40
6 87 63 75 1 0 10 0.00 0.0 M 2.1 13 360 M M 0 20 10
7 90 59 75 1 0 10 0.00 0.0 M 1.7 8 240 M M 1 11 30
8 87 62 75 1 0 10 0.00 0.0 M 8.6 16 20 M M 1 24 40
9 84 58 71 -2 0 6 0.00 0.0 M 4.5 13 40 M M 0 20 40
10 84 56 70 -3 0 5 0.00 0.0 M 2.6 12 50 M M 0 19 70
11 87 58 73 1 0 8 0.00 0.0 M 3.0 10 210 M M 2 17 110
12 89 69 79 7 0 14 0.00 0.0 M 4.4 17 190 M M 5 138 26 190
13 86 63 75 3 0 10 0.03 0.0 M 6.5 24 360 M M 3 3 36 350
14 86 56 71 -1 0 6 0.00 0.0 M 1.3 9 30 M M 0 14 30
15 89 56 73 2 0 8 0.00 0.0 M 2.3 12 200 M M 0 18 17 200
16 89 60 75 4 0 10 0.00 0.0 0 1.4 8 160 M M 3 12 13 170
17 77 57 67 -3 0 2 T 0.0 M 8.1 20 360 M M 2 26 10
18 64 42 53 -17 12 0 0.00 0.0 M 11.0 22 20 M M 0 29 20
19 65 36 51 -19 14 0 0.00 0.0 M 4.6 13 30 M M 0 1 20 20
20 75 38 57 -12 8 0 0.00 0.0 M 4.2 15 190 M M 1 1 24 160
21 85 54 70 1 0 5 0.00 0.0 M 6.3 17 230 M M 1 1 23 250
22 83 58 71 2 0 6 0.00 0.0 M 5.8 18 190 M M 2 28 190
23 85 62 74 6 0 9 0.00 0.0 M 4.9 17 190 M M 5 28 170
24 85 64 75 7 0 10 0.00 0.0 M 7.2 20 190 M M 5 28 180
25 77 59 68 0 0 3 0.26 0.0 M 9.8 22 270 M M 4 13 33 270
26 76 50 63 -4 2 0 0.00 0.0 M 4.6 15 360 M M 0 24 350
27 78 45 62 -5 3 0 0.00 0.0 M 2.8 7 50 M M 0 12 40
28 72 53 63 -3 2 0 0.00 0.0 M 5.0 14 40 M M 2 8 23 70
29 76 56 66 0 0 1 0.14 0.0 M 8.0 17 250 M M 6 18 24 250
30 76 54 65 -1 0 0 0.00 0.0 M 4.3 13 220 M M 4 1 22 220
31 81 58 70 5 0 5 0.00 0.0 M 3.5 13 320 M M 4 23 270
================================================================================
SM 2541 1731 41 170 0.43 0.0 147.7 M 54
================================================================================
AV 82.0 55.8 4.8 FASTST M M 2 MAX(MPH)
MISC ----> 24 360 36 350
================================================================================
NOTES:
# LAST OF SEVERAL OCCURRENCES
COLUMN 17 PEAK WIND IN M.P.H.
PRELIMINARY LOCAL CLIMATOLOGICAL DATA (WS FORM: F-6) , PAGE 2
STATION: LAFAYETTE
MONTH: OCTOBER
YEAR: 2022
LATITUDE: 30 12 N
LONGITUDE: 92 0 W
[TEMPERATURE DATA] [PRECIPITATION DATA] SYMBOLS USED IN COLUMN 16
AVERAGE MONTHLY: 68.9 TOTAL FOR MONTH: 0.43 1 = FOG OR MIST
DPTR FM NORMAL: -1.8 DPTR FM NORMAL: -4.33 2 = FOG REDUCING VISIBILITY
HIGHEST: 90 ON 7 GRTST 24HR 0.26 ON 25-25 TO 1/4 MILE OR LESS
LOWEST: 36 ON 19 3 = THUNDER
SNOW, ICE PELLETS, HAIL 4 = ICE PELLETS
TOTAL MONTH: 0.0 INCH 5 = HAIL
GRTST 24HR 0.0 6 = FREEZING RAIN OR DRIZZLE
GRTST DEPTH: 0 7 = DUSTSTORM OR SANDSTORM:
VSBY 1/2 MILE OR LESS
8 = SMOKE OR HAZE
[NO. OF DAYS WITH] [WEATHER - DAYS WITH] 9 = BLOWING SNOW
X = TORNADO
MAX 32 OR BELOW: 0 0.01 INCH OR MORE: 3
MAX 90 OR ABOVE: 1 0.10 INCH OR MORE: 2
MIN 32 OR BELOW: 0 0.50 INCH OR MORE: 0
MIN 0 OR BELOW: 0 1.00 INCH OR MORE: 0
[HDD (BASE 65) ]
TOTAL THIS MO. 41 CLEAR (SCALE 0-3) 22
DPTR FM NORMAL 7 PTCLDY (SCALE 4-7) 9
TOTAL FM JUL 1 41 CLOUDY (SCALE 8-10) 0
DPTR FM NORMAL 9
[CDD (BASE 65) ]
TOTAL THIS MO. 170
DPTR FM NORMAL -40 [PRESSURE DATA]
TOTAL FM JAN 1 3053 HIGHEST SLP 30.34 ON 19
DPTR FM NORMAL 128 LOWEST SLP 29.80 ON 25
[REMARKS]
#FINAL-10-22#