000
CXUS56 KLOX 011255
CF6LGB
PRELIMINARY LOCAL CLIMATOLOGICAL DATA (WS FORM: F-6)
STATION: LONG BEACH AIRPORT CA
MONTH: NOVEMBER
YEAR: 2022
LATITUDE: 33 49 N
LONGITUDE: 118 9 W
TEMPERATURE IN F: :PCPN: SNOW: WIND :SUNSHINE: SKY :PK WND
================================================================================
1 2 3 4 5 6A 6B 7 8 9 10 11 12 13 14 15 16 17 18
12Z AVG MX 2MIN
DY MAX MIN AVG DEP HDD CDD WTR SNW DPTH SPD SPD DIR MIN PSBL S-S WX SPD DR
================================================================================
1 71 63 67 1 0 2 T M M 4.9 15 150 M M 7 8 20 130
2 71 60 66 1 0 1 0.02 M M 11.0 24 290 M M 4 18 33 300
3 67 52 60 -5 5 0 0.00 M M 12.6 24 280 M M 0 30 280
4 70 48 59 -6 6 0 0.00 M M 3.3 15 290 M M 0 17 290
5 71 50 61 -4 4 0 0.00 M M 2.2 12 210 M M 0 15 180
6 70 53 62 -2 3 0 0.00 M M 2.5 12 200 M M 0 18 14 210
7 67 56 62 -2 3 0 0.03 M M 6.5 13 190 M M 8 18 18 180
8 69 54 62 -2 3 0 0.86 M M 8.7 25 290 M M 9 1 33 280
9 65 52 59 -5 6 0 0.05 M M 4.8 17 290 M M 3 1 22 310
10 69 47 58 -6 7 0 0.00 M M 3.6 12 290 M M 0 13 290
11 74 48 61 -2 4 0 0.00 M M 5.1 14 80 M M 0 17 70
12 68 47 58 -5 7 0 0.00 M M 2.6 10 200 M M 0 14 180
13 70 50 60 -3 5 0 0.00 M M 4.3 14 290 M M 1 17 260
14 71 48 60 -2 5 0 0.00 M M 3.4 12 300 M M 0 8 12 300
15 74 48 61 -1 4 0 0.00 M M 2.6 14 290 M M 0 8 16 290
16 79 48 64 2 1 0 0.00 M M 4.1 21 120 M M 0 25 130
17 78 48 63 1 2 0 0.00 M M 5.7 18 290 M M 0 21 280
18 68 48 58 -3 7 0 0.00 M M 2.3 8 200 M M 0 18 14 150
19 77 48 63 2 2 0 0.00 M M 6.2 18 80 M M 0 18 23 80
20 81 49 65 4 0 0 0.00 M M 5.3 14 290 M M 0 15 300
21 80 52 66 5 0 1 0.00 M M 2.9 10 290 M M 0 12 280
22 75 48 62 2 3 0 0.00 M M 2.1 10 300 M M 0 12 190
23 70 45 58 -2 7 0 0.00 M M 1.7 9 200 M M 0 18 11 180
24 82 46 64 4 1 0 0.00 M M 4.0 20 110 M M 0 18 25 120
25 79 50 65 5 0 0 0.00 M M 4.6 16 290 M M 0 19 290
26 69 47 58 -1 7 0 0.00 M M 1.5 9 190 M M 0 18 12 190
27 71 47 59 0 6 0 0.00 M M 2.2 12 300 M M 1 128 13 300
28 65 56 61 2 4 0 0.00 M M 3.9 12 210 M M 7 18 16 210
29 66 50 58 -1 7 0 0.00 M M 2.6 10 150 M M 3 8 14 190
30 65 51 58 0 7 0 0.00 M M 4.2 13 200 M M 6 18 18 160
================================================================================
SM 2152 1509 116 4 0.96 M 131.4 M 49
================================================================================
AV 71.7 50.3 4.4 FASTST M M 2 MAX(MPH)
MISC ----> 25 290 # 33 300
================================================================================
NOTES:
# LAST OF SEVERAL OCCURRENCES
COLUMN 17 PEAK WIND IN M.P.H.
PRELIMINARY LOCAL CLIMATOLOGICAL DATA (WS FORM: F-6) , PAGE 2
STATION: LONG BEACH AIRPORT CA
MONTH: NOVEMBER
YEAR: 2022
LATITUDE: 33 49 N
LONGITUDE: 118 9 W
[TEMPERATURE DATA] [PRECIPITATION DATA] SYMBOLS USED IN COLUMN 16
AVERAGE MONTHLY: 61.0 TOTAL FOR MONTH: 0.96 1 = FOG OR MIST
DPTR FM NORMAL: -1.0 DPTR FM NORMAL: 0.21 2 = FOG REDUCING VISIBILITY
HIGHEST: 82 ON 24 GRTST 24HR 0.90 ON 8- 9 TO 1/4 MILE OR LESS
LOWEST: 45 ON 23 3 = THUNDER
SNOW, ICE PELLETS, HAIL 4 = ICE PELLETS
TOTAL MONTH: M 5 = HAIL
GRTST 24HR M ON M 6 = FREEZING RAIN OR DRIZZLE
GRTST DEPTH: M ON M 7 = DUSTSTORM OR SANDSTORM:
VSBY 1/2 MILE OR LESS
8 = SMOKE OR HAZE
[NO. OF DAYS WITH] [WEATHER - DAYS WITH] 9 = BLOWING SNOW
X = TORNADO
MAX 32 OR BELOW: 0 0.01 INCH OR MORE: 4
MAX 90 OR ABOVE: 0 0.10 INCH OR MORE: 1
MIN 32 OR BELOW: 0 0.50 INCH OR MORE: 1
MIN 0 OR BELOW: 0 1.00 INCH OR MORE: 0
[HDD (BASE 65) ]
TOTAL THIS MO. 116 CLEAR (SCALE 0-3) 24
DPTR FM NORMAL -2 PTCLDY (SCALE 4-7) 4
TOTAL FM JUL 1 116 CLOUDY (SCALE 8-10) 2
DPTR FM NORMAL -23
[CDD (BASE 65) ]
TOTAL THIS MO. 4
DPTR FM NORMAL -25 [PRESSURE DATA]
TOTAL FM JAN 1 1622 HIGHEST SLP 30.29 ON 25
DPTR FM NORMAL 458 LOWEST SLP 29.76 ON 8
[REMARKS]
#FINAL-11-22#