000
CXUS54 KFWD 072133
CF6LHB
PRELIMINARY LOCAL CLIMATOLOGICAL DATA (WS FORM: F-6)
STATION: HEARNE
MONTH: MARCH
YEAR: 2022
LATITUDE: 30 52 N
LONGITUDE: 96 36 W
TEMPERATURE IN F: :PCPN: SNOW: WIND :SUNSHINE: SKY :PK WND
================================================================================
1 2 3 4 5 6A 6B 7 8 9 10 11 12 13 14 15 16 17 18
12Z AVG MX 2MIN
DY MAX MIN AVG DEP HDD CDD WTR SNW DPTH SPD SPD DIR MIN PSBL S-S WX SPD DR
================================================================================
1 72 M M M M M 0.00 M M 1.4 8 170 M M 0 M M
2 72 38 55 M 10 0 0.00 M M 0.9 6 150 M M 0 M M
3 77 44 61 M 4 0 0.00 M M 2.6 8 120 M M 0 M M
4 78 58 68 M 0 3 0.00 M M 8.5 14 160 M M 7 12 20 150
5 83 65 74 M 0 9 0.00 M M 12.3 21 190 M M 10 29 170
6 83 69 76 M 0 11 0.00 M M 11.5 21 180 M M 8 26 150
7 69 43 56 M 9 0 0.29 M M 14.3 23 340 M M 10 32 340
8 48 38 43 M 22 0 0.20 M M 7.0 12 360 M M 8 3 17 340
9 61 31 46 M 19 0 0.00 M M 2.3 13 350 M M 0 1 17 350
10 72 36 54 M 11 0 0.00 M M 3.7 12 160 M M 2 M M
11 60 36 48 M 17 0 0.00 M M 15.8 25 330 M M 8 32 330
12 56 25 41 M 24 0 0.00 M M 5.2 17 350 M M 0 23 350
13 65 32 49 M 16 0 0.00 M M 7.7 16 170 M M 1 23 160
14 81 48 65 M 0 0 0.12 M M 10.3 22 190 M M 6 3 29 190
15 73 47 60 M 5 0 0.00 M M 8.4 17 320 M M 0 23 310
16 80 41 61 M 4 0 0.00 M M 4.3 10 150 M M 0 17 160
17 73 55 64 M 1 0 0.00 M M 8.8 20 160 M M 6 25 160
18 70 43 57 M 8 0 0.00 M M 11.0 22 310 M M 1 28 310
19 77 37 57 M 8 0 0.00 M M 1.1 8 270 M M 0 8 M M
20 79 41 60 M 5 0 0.00 M M 6.9 17 150 M M 3 24 150
21 74 62 68 M 0 3 0.98 M M 10.6 20 160 M M 10 13 28 170
22 62 48 55 M 10 0 M M M 13.4 20 300 M M 5 3 28 300
23 68 42 55 M 10 0 0.00 M M 6.9 16 310 M M 1 23 320
24 72 41 57 M 8 0 0.00 M M 3.8 12 290 M M 1 21 0
25 82 38 60 M 5 0 0.00 M M 0.5 6 200 M M 0 8 M M
26 87 46 67 M 0 2 0.00 M M 5.2 13 170 M M 0 20 170
27 84 53 69 M 0 4 0.00 M M 9.0 17 200 M M 0 20 180
28 84 57 71 M 0 6 0.00 M M 10.2 17 170 M M 1 1 26 170
29 79 67 73 M 0 8 0.00 M M 15.4 23 150 M M 8 33 160
30 77 53 65 M 0 0 0.93 M M 13.0 26 160 M M 4 3 33 160
31 71 42 57 M 8 0 0.00 M M 2.6 8 310 M M 0 M M
================================================================================
SM 2269 1376 204 46 2.52 M 234.5 M 100
================================================================================
AV 73.2 45.9 7.6 FASTST M M 3 MAX(MPH)
MISC ----> 26 160 # 33 160
================================================================================
NOTES:
# LAST OF SEVERAL OCCURRENCES
COLUMN 17 PEAK WIND IN M.P.H.
PRELIMINARY LOCAL CLIMATOLOGICAL DATA (WS FORM: F-6) , PAGE 2
STATION: HEARNE
MONTH: MARCH
YEAR: 2022
LATITUDE: 30 52 N
LONGITUDE: 96 36 W
[TEMPERATURE DATA] [PRECIPITATION DATA] SYMBOLS USED IN COLUMN 16
AVERAGE MONTHLY: 59.5 TOTAL FOR MONTH: 2.52 1 = FOG OR MIST
DPTR FM NORMAL: 0.0 DPTR FM NORMAL: M 2 = FOG REDUCING VISIBILITY
HIGHEST: 87 ON 26 GRTST 24HR 0.98 ON 21-21 TO 1/4 MILE OR LESS
LOWEST: 25 ON 12 3 = THUNDER
SNOW, ICE PELLETS, HAIL 4 = ICE PELLETS
TOTAL MONTH: M 5 = HAIL
GRTST 24HR M ON M 6 = FREEZING RAIN OR DRIZZLE
GRTST DEPTH: M ON M 7 = DUSTSTORM OR SANDSTORM:
VSBY 1/2 MILE OR LESS
8 = SMOKE OR HAZE
[NO. OF DAYS WITH] [WEATHER - DAYS WITH] 9 = BLOWING SNOW
X = TORNADO
MAX 32 OR BELOW: 0 0.01 INCH OR MORE: 5
MAX 90 OR ABOVE: 0 0.10 INCH OR MORE: 5
MIN 32 OR BELOW: 3 0.50 INCH OR MORE: 2
MIN 0 OR BELOW: 0 1.00 INCH OR MORE: 0
[HDD (BASE 65) ]
TOTAL THIS MO. 204 CLEAR (SCALE 0-3) 19
DPTR FM NORMAL M PTCLDY (SCALE 4-7) 7
TOTAL FM JUL 1 225 CLOUDY (SCALE 8-10) 5
DPTR FM NORMAL M
[CDD (BASE 65) ]
TOTAL THIS MO. 46
DPTR FM NORMAL M [PRESSURE DATA]
TOTAL FM JAN 1 46 HIGHEST SLP M ON M
DPTR FM NORMAL M LOWEST SLP M ON M
[REMARKS]
#FINAL-03-22#