000
CXUS55 KPUB 012146
CF6LHX
PRELIMINARY LOCAL CLIMATOLOGICAL DATA (WS FORM: F-6)
STATION: LA JUNTA CO
MONTH: JULY
YEAR: 2023
LATITUDE: 38 2 N
LONGITUDE: 103 31 W
TEMPERATURE IN F: :PCPN: SNOW: WIND :SUNSHINE: SKY :PK WND
================================================================================
1 2 3 4 5 6A 6B 7 8 9 10 11 12 13 14 15 16 17 18
12Z AVG MX 2MIN
DY MAX MIN AVG DEP HDD CDD WTR SNW DPTH SPD SPD DIR MIN PSBL S-S WX SPD DR
================================================================================
1 88 52 70 -8 0 5 0.00 M M 8.3 20 360 M M 0 27 360
2 94 56 75 -3 0 10 0.00 M M 7.7 25 30 M M 0 34 40
3 95 55 75 -3 0 10 0.00 M M 7.9 20 80 M M 0 24 70
4 95 61 78 0 0 13 0.10 M M 10.4 44 120 M M 1 3 59 150
5 81 58 70 -8 0 5 1.72 M M 11.6 54 40 M M 8 13 80 30
6 90 59 75 -4 0 10 T M M 15.4 35 100 M M 6 1 44 100
7 81 61 71 -8 0 6 0.06 M M 10.8 28 70 M M 6 13 34 80
8 86 57 72 -7 0 7 0.24 M M 14.2 39 80 M M 5 13 51 80
9 79 57 68 -11 0 3 0.00 M M M M M M M 6 31 90
10 92 59 76 -3 0 11 T M M M 39 360 M M 0 3 69 360
11 99 57 78 -1 0 13 0.00 M M 7.5 18 70 M M M 28 60
12 96 65 81 2 0 16 0.00 M M 10.8 21 20 M M M 27 80
13 90 65 78 -1 0 13 0.00 M M 12.7 38 50 M M M 1 49 50
14 90 63 77 -2 0 12 0.00 M M 10.7 30 20 M M M 38 360
15 88 59 74 -5 0 9 0.00 M M 9.8 26 120 M M M 34 110
16 98 61 80 1 0 15 0.00 M M 7.5 16 70 M M 2 24 20
17 103 60 82 3 0 17 0.00 M M 7.2 21 120 M M 0 15 120
18 103 64 84 4 0 19 T M M 9.9 25 30 M M 0 38 33 20
19 94 66 80 0 0 15 0.11 M M 8.2 37 60 M M 1 138 52 70
20 91 62 77 -3 0 12 1.10 M M 12.0 32 70 M M 3 13 43 70
21 81 61 71 -8 0 6 0.17 M M 6.7 25 10 M M 4 13 36 20
22 90 58 74 -5 0 9 0.00 M M 5.0 15 80 M M 0 18 80
23 98 62 80 1 0 15 0.00 M M 8.1 24 10 M M 0 34 360
24 98 63 81 2 0 16 0.00 M M 7.0 15 270 M M 0 20 280
25 99 69 84 5 0 19 0.06 M M 10.2 33 300 M M 0 38 45 290
26 98 64 81 2 0 16 0.04 M M 9.9 36 150 M M 0 3 52 160
27 95 66 81 2 0 16 T M M 8.4 24 320 M M 1 3 30 340
28 96 63 80 1 0 15 0.00 M M 9.2 20 60 M M 0 28 350
29 93 64 79 0 0 14 0.00 M M 9.7 21 70 M M 0 28 80
30 101 68 85 6 0 20 0.00 M M 8.9 20 160 M M 0 25 160
31 97 65 81 2 0 16 0.00 M M 9.0 26 300 M M 0 39 320
================================================================================
SM 2879 1900 0 383 3.60 M 274.7 M 43
================================================================================
AV 92.9 61.3 9.5 FASTST M M 2 MAX(MPH)
MISC ----> 54 40 80 30
================================================================================
NOTES:
COLUMN 7; 7/5 USED BACKUP COOP OBS (05-4724) TO SUPPLEMENT PRECIPITATION TOTAL.
ASOS FAILED DURING SEVERE THUNDERSTORM. 0.76 WAS RECORDED BEFORE FAILURE. ALL
PRECIP FROM BACKUP SITE FELL BEFORE MIDNIGHT ACCORDING TO RADAR. HIGH/LOW TEMP
HAD ALREADY OCCURRED BEFORE FAILURE.
COLUMN 2; 7/10 USED BACKUP COOP OBS TO SUPPLEMENT LOW AFTER ASOS FAILURE.
COLUMN 17 PEAK WIND IN M.P.H.
PRELIMINARY LOCAL CLIMATOLOGICAL DATA (WS FORM: F-6) , PAGE 2
STATION: LA JUNTA CO
MONTH: JULY
YEAR: 2023
LATITUDE: 38 2 N
LONGITUDE: 103 31 W
[TEMPERATURE DATA] [PRECIPITATION DATA] SYMBOLS USED IN COLUMN 16
AVERAGE MONTHLY: 77.1 TOTAL FOR MONTH: 3.60 1 = FOG OR MIST
DPTR FM NORMAL: -2.0 DPTR FM NORMAL: 1.39 2 = FOG REDUCING VISIBILITY
HIGHEST: 103 ON 18,17 GRTST 24HR 1.72 ON 5- 5 TO 1/4 MILE OR LESS
LOWEST: 52 ON 1 3 = THUNDER
SNOW, ICE PELLETS, HAIL 4 = ICE PELLETS
TOTAL MONTH: M 5 = HAIL
GRTST 24HR M ON M 6 = FREEZING RAIN OR DRIZZLE
GRTST DEPTH: M ON M 7 = DUSTSTORM OR SANDSTORM:
VSBY 1/2 MILE OR LESS
8 = SMOKE OR HAZE
[NO. OF DAYS WITH] [WEATHER - DAYS WITH] 9 = BLOWING SNOW
X = TORNADO
MAX 32 OR BELOW: 0 0.01 INCH OR MORE: 9
MAX 90 OR ABOVE: 24 0.10 INCH OR MORE: 6
MIN 32 OR BELOW: 0 0.50 INCH OR MORE: 2
MIN 0 OR BELOW: 0 1.00 INCH OR MORE: 2
[HDD (BASE 65) ]
TOTAL THIS MO. 0 CLEAR (SCALE 0-3) 20
DPTR FM NORMAL 0 PTCLDY (SCALE 4-7) 5
TOTAL FM JUL 1 0 CLOUDY (SCALE 8-10) 1
DPTR FM NORMAL 0
[CDD (BASE 65) ]
TOTAL THIS MO. 383
DPTR FM NORMAL -53 [PRESSURE DATA]
TOTAL FM JAN 1 557 HIGHEST SLP 30.19 ON 21
DPTR FM NORMAL -253 LOWEST SLP 29.70 ON 12
[REMARKS]
#FINAL-07-23#