000
CXUS55 KPUB 011525
CF6LHX
PRELIMINARY LOCAL CLIMATOLOGICAL DATA (WS FORM: F-6)
STATION: LA JUNTA CO
MONTH: FEBRUARY
YEAR: 2023
LATITUDE: 38 2 N
LONGITUDE: 103 31 W
TEMPERATURE IN F: :PCPN: SNOW: WIND :SUNSHINE: SKY :PK WND
================================================================================
1 2 3 4 5 6A 6B 7 8 9 10 11 12 13 14 15 16 17 18
12Z AVG MX 2MIN
DY MAX MIN AVG DEP HDD CDD WTR SNW DPTH SPD SPD DIR MIN PSBL S-S WX SPD DR
================================================================================
1 36 1 19 -15 46 0 0.00 M M 5.8 14 280 M M 0 17 270
2 43 12 28 -6 37 0 0.00 M M 6.5 17 280 M M 0 20 270
3 52 13 33 -1 32 0 0.00 M M 7.0 16 270 M M 0 18 250
4 53 24 39 5 26 0 0.00 M M 7.5 17 290 M M 0 22 240
5 48 23 36 2 29 0 0.00 M M 6.9 17 210 M M 0 22 210
6 50 26 38 4 27 0 0.00 M M 11.5 31 240 M M 1 40 240
7 47 23 35 1 30 0 0.00 M M 6.8 15 270 M M 0 19 270
8 48 19 34 0 31 0 0.00 M M 4.5 17 350 M M 1 22 350
9 37 21 29 -5 36 0 T M M 22.8 37 360 M M 8 51 10
10 41 14 28 -7 37 0 0.00 M M 7.1 13 270 M M 0 20 200
11 57 19 38 3 27 0 0.00 M M 7.0 15 260 M M 0 17 260
12 58 27 43 8 22 0 0.00 M M 8.5 18 350 M M 0 26 350
13 65 21 43 8 22 0 0.00 M M 9.5 26 170 M M 1 35 160
14 54 28 41 6 24 0 0.00 M M 11.8 26 350 M M 5 37 350
15 31 13 22 -14 43 0 0.32 M M 16.2 29 350 M M 10 128 36 350
16 23 2 13 -23 52 0 T M M 11.9 17 320 M M 3 18 22 330
17 37 2 20 -16 45 0 0.00 M M 8.2 16 250 M M 0 20 250
18 47 17 32 -4 33 0 0.00 M M 10.9 23 260 M M 0 29 250
19 61 30 46 9 19 0 0.00 M M 13.9 30 260 M M 0 43 250
20 67 25 46 9 19 0 0.00 M M 10.3 28 290 M M 0 36 280
21 70 27 49 12 16 0 0.00 M M 14.8 38 240 M M 0 47 240
22 36 6 21 -17 44 0 0.02 M M 13.4 25 30 M M 8 1 34 20
23 23 0 12 -26 53 0 0.00 M M 12.4 24 80 M M 7 33 100
24 43 10 27 -11 38 0 0.00 M M 7.4 18 100 M M 0 24 110
25 53 17 35 -4 30 0 0.00 M M 5.3 13 100 M M 0 16 120
26 72 22 47 8 18 0 0.01 M M 10.4 39 210 M M 1 52 210
27 62 31 47 8 18 0 0.00 M M 12.4 24 250 M M 0 30 250
28 60 28 44 4 21 0 0.00 M M 19.9 40 240 M M 0 55 240
================================================================================
SM 1374 501 875 0 0.35 M 290.6 M 45
================================================================================
AV 49.1 17.9 10.4 FASTST M M 2 MAX(MPH)
MISC ----> 40 240 55 240
================================================================================
NOTES:
COLUMN 7; HTB DID NOT PERFORM WELL DURING THE SNOW STORM. USED BACKUP COOP OBS
(05-4726) TO SUPPLEMENT PRECIPITATION TOTALS. NEARLY ALL PRECIP FROM THIS STORM
FELL ON THE CALENDAR DAY OF THE 15TH, WITH ONLY TRACE AMOUNTS OCCURRING AFTER
MIDNIGHT ON THE 16TH.
COLUMN 17 PEAK WIND IN M.P.H.
PRELIMINARY LOCAL CLIMATOLOGICAL DATA (WS FORM: F-6) , PAGE 2
STATION: LA JUNTA CO
MONTH: FEBRUARY
YEAR: 2023
LATITUDE: 38 2 N
LONGITUDE: 103 31 W
[TEMPERATURE DATA] [PRECIPITATION DATA] SYMBOLS USED IN COLUMN 16
AVERAGE MONTHLY: 33.5 TOTAL FOR MONTH: 0.35 1 = FOG OR MIST
DPTR FM NORMAL: -2.4 DPTR FM NORMAL: 0.10 2 = FOG REDUCING VISIBILITY
HIGHEST: 72 ON 26 GRTST 24HR 0.32 ON 15 TO 1/4 MILE OR LESS
LOWEST: 0 ON 23 3 = THUNDER
SNOW, ICE PELLETS, HAIL 4 = ICE PELLETS
TOTAL MONTH: M 5 = HAIL
GRTST 24HR M ON M 6 = FREEZING RAIN OR DRIZZLE
GRTST DEPTH: M ON M 7 = DUSTSTORM OR SANDSTORM:
VSBY 1/2 MILE OR LESS
8 = SMOKE OR HAZE
[NO. OF DAYS WITH] [WEATHER - DAYS WITH] 9 = BLOWING SNOW
X = TORNADO
MAX 32 OR BELOW: 3 0.01 INCH OR MORE: 3
MAX 90 OR ABOVE: 0 0.10 INCH OR MORE: 1
MIN 32 OR BELOW: 28 0.50 INCH OR MORE: 0
MIN 0 OR BELOW: 1 1.00 INCH OR MORE: 0
[HDD (BASE 65) ]
TOTAL THIS MO. 875 CLEAR (SCALE 0-3) 23
DPTR FM NORMAL 60 PTCLDY (SCALE 4-7) 3
TOTAL FM JUL 1 4267 CLOUDY (SCALE 8-10) 2
DPTR FM NORMAL 338
[CDD (BASE 65) ]
TOTAL THIS MO. 0
DPTR FM NORMAL 0 [PRESSURE DATA]
TOTAL FM JAN 1 0 HIGHEST SLP 30.57 ON 10
DPTR FM NORMAL 0 LOWEST SLP 29.03 ON 14
[REMARKS]
#FINAL-02-23#