000
CXUS55 KBOU 010900
CF6LIC
PRELIMINARY LOCAL CLIMATOLOGICAL DATA (WS FORM: F-6)
STATION: LIMON CO
MONTH: JULY
YEAR: 2023
LATITUDE: 39 10 N
LONGITUDE: 103 42 W
TEMPERATURE IN F: :PCPN: SNOW: WIND :SUNSHINE: SKY :PK WND
================================================================================
1 2 3 4 5 6A 6B 7 8 9 10 11 12 13 14 15 16 17 18
12Z AVG MX 2MIN
DY MAX MIN AVG DEP HDD CDD WTR SNW DPTH SPD SPD DIR MIN PSBL S-S WX SPD DR
================================================================================
1 79 48 64 -4 1 0 0.00 M M 7.8 22 330 M M 0 30 330
2 87 47 67 -2 0 2 0.00 M M 5.2 14 330 M M 0 20 20
3 90 50 70 1 0 5 T M M 6.4 35 310 M M 0 3 47 310
4 83 55 69 0 0 4 0.17 M M 11.7 36 20 M M 3 13 53 20
5 71 56 64 -5 1 0 0.33 M M 10.6 23 310 M M 9 3 31 310
6 74 58 66 -3 0 1 T M M 12.1 23 160 M M 8 13 29 160
7 77 56 67 -3 0 2 T M M 9.1 21 40 M M 6 13 29 40
8 78 53 66 -4 0 1 0.03 M M 12.1 25 130 M M 7 3 34 130
9 83 51 67 -3 0 2 0.00 M M 8.3 18 160 M M 4 12 28 170
10 91 57 74 4 0 9 0.00 M M 8.0 26 230 M M 3 12 39 240
11 95 53 74 4 0 9 0.00 M M 4.6 18 140 M M 0 26 140
12 92 58 75 5 0 10 0.00 M M 9.9 21 170 M M 0 30 30
13 90 56 73 3 0 8 0.00 M M 9.0 29 120 M M 2 13 39 130
14 83 59 71 0 0 6 0.00 M M 11.0 30 360 M M 2 40 350
15 85 56 71 0 0 6 0.00 M M 8.5 20 190 M M 3 3 29 180
16 89 52 71 0 0 6 0.00 M M 7.4 23 330 M M 0 31 340
17 98 54 76 5 0 11 0.00 M M 7.3 21 170 M M 0 27 180
18 96 58 77 6 0 12 T M M 10.5 32 10 M M 1 3 42 10
19 92 60 76 5 0 11 0.02 M M 7.0 35 190 M M 3 3 55 190
20 79 56 68 -3 0 3 0.15 M M 8.6 22 120 M M 5 13 29 130
21 84 55 70 -1 0 5 0.05 M M 7.2 26 320 M M 4 13 36 330
22 90 52 71 0 0 6 0.00 M M 5.0 18 20 M M 0 8 24 20
23 98 51 75 4 0 10 0.00 M M 9.2 33 330 M M 0 3 47 330
24 98 53 76 5 0 11 0.00 M M 6.2 23 280 M M 0 36 280
25 99 60 80 9 0 15 T M M 7.7 38 350 M M 1 3 53 350
26 98 55 77 6 0 12 T M M 7.2 25 170 M M 1 3 32 360
27 96 61 79 8 0 14 0.04 M M 8.0 21 240 M M 1 3 29 250
28 95 51 73 2 0 8 T M M 7.8 29 30 M M 1 3 40 10
29 88 54 71 0 0 6 T M M 9.1 21 150 M M 0 3 28 90
30 95 57 76 5 0 11 0.00 M M 6.3 16 180 M M 0 24 180
31 91 59 75 4 0 10 0.00 M M 9.9 23 330 M M 2 3 33 330
================================================================================
SM 2744 1701 2 216 0.79 M 258.7 M 66
================================================================================
AV 88.5 54.9 8.3 FASTST M M 2 MAX(MPH)
MISC ----> 38 350 55 190
================================================================================
NOTES:
# LAST OF SEVERAL OCCURRENCES
COLUMN 17 PEAK WIND IN M.P.H.
PRELIMINARY LOCAL CLIMATOLOGICAL DATA (WS FORM: F-6) , PAGE 2
STATION: LIMON CO
MONTH: JULY
YEAR: 2023
LATITUDE: 39 10 N
LONGITUDE: 103 42 W
[TEMPERATURE DATA] [PRECIPITATION DATA] SYMBOLS USED IN COLUMN 16
AVERAGE MONTHLY: 71.7 TOTAL FOR MONTH: 0.79 1 = FOG OR MIST
DPTR FM NORMAL: 1.3 DPTR FM NORMAL: -1.74 2 = FOG REDUCING VISIBILITY
HIGHEST: 99 ON 25 GRTST 24HR 0.50 ON 4- 5 TO 1/4 MILE OR LESS
LOWEST: 47 ON 2 3 = THUNDER
SNOW, ICE PELLETS, HAIL 4 = ICE PELLETS
TOTAL MONTH: M 5 = HAIL
GRTST 24HR M ON M 6 = FREEZING RAIN OR DRIZZLE
GRTST DEPTH: M ON M 7 = DUSTSTORM OR SANDSTORM:
VSBY 1/2 MILE OR LESS
8 = SMOKE OR HAZE
[NO. OF DAYS WITH] [WEATHER - DAYS WITH] 9 = BLOWING SNOW
X = TORNADO
MAX 32 OR BELOW: 0 0.01 INCH OR MORE: 7
MAX 90 OR ABOVE: 17 0.10 INCH OR MORE: 3
MIN 32 OR BELOW: 0 0.50 INCH OR MORE: 0
MIN 0 OR BELOW: 0 1.00 INCH OR MORE: 0
[HDD (BASE 65) ]
TOTAL THIS MO. 2 CLEAR (SCALE 0-3) 24
DPTR FM NORMAL -8 PTCLDY (SCALE 4-7) 6
TOTAL FM JUL 1 2 CLOUDY (SCALE 8-10) 1
DPTR FM NORMAL -1
[CDD (BASE 65) ]
TOTAL THIS MO. 216
DPTR FM NORMAL 39 [PRESSURE DATA]
TOTAL FM JAN 1 263 HIGHEST SLP M ON M
DPTR FM NORMAL 17 LOWEST SLP 29.74 ON 18
[REMARKS]
#FINAL-07-23#