000
CXUS56 KMFR 011030
CF6LMT
PRELIMINARY LOCAL CLIMATOLOGICAL DATA (WS FORM: F-6)
STATION: KLAMATH FALLS OR
MONTH: NOVEMBER
YEAR: 2022
LATITUDE: 42 9 N
LONGITUDE: 121 44 W
TEMPERATURE IN F: :PCPN: SNOW: WIND :SUNSHINE: SKY :PK WND
================================================================================
1 2 3 4 5 6A 6B 7 8 9 10 11 12 13 14 15 16 17 18
12Z AVG MX 2MIN
DY MAX MIN AVG DEP HDD CDD WTR SNW DPTH SPD SPD DIR MIN PSBL S-S WX SPD DR
================================================================================
1 49 29 39 -3 26 0 0.31 M M 11.7 29 180 M M 8 128 38 180
2 35 19 27 -14 38 0 0.02 M M 4.4 16 270 M M 6 12 22 280
3 37 15 26 -15 39 0 T M M 4.3 10 170 M M 6 1 15 160
4 53 34 44 3 21 0 T M M 10.2 23 240 M M 9 32 240
5 48 30 39 -1 26 0 0.42 M M 11.5 24 270 M M 9 1 36 240
6 48 25 37 -3 28 0 0.25 M M 11.5 33 200 M M 7 12 50 190
7 39 24 32 -8 33 0 0.01 M M 11.0 22 170 M M 8 1 30 180
8 35 31 33 -6 32 0 0.24 M M 8.6 18 140 M M 10 18 27 150
9 37 19 28 -11 37 0 T M M 7.0 18 330 M M 6 1 23 330
10 34 17 26 -13 39 0 0.00 M M 4.3 13 80 M M 4 1 19 80
11 38 19 29 -9 36 0 0.06 M M 3.2 10 340 M M 9 1 13 330
12 39 24 32 -6 33 0 T M M 4.1 12 290 M M 8 1 14 280
13 41 18 30 -8 35 0 0.00 M M 3.4 9 190 M M 0 14 210
14 42 17 30 -7 35 0 0.00 M M 4.5 13 350 M M 0 16 340
15 42 19 31 -6 34 0 0.00 M M 6.9 17 330 M M 0 20 330
16 47 15 31 -6 34 0 0.00 M M 1.8 7 350 M M 0 8 350
17 38 15 27 -9 38 0 0.00 M M 5.5 21 340 M M 2 1 27 340
18 36 13 25 -11 40 0 0.00 M M 5.6 17 340 M M 1 23 340
19 40 9 25 -11 40 0 0.00 M M 2.8 9 340 M M 0 13 340
20 41 8 25 -11 40 0 0.00 M M 1.0 6 80 M M 0 7 100
21 46 15 31 -4 34 0 0.00 M M 0.9 6 120 M M 0 7 310
22 45 15 30 -5 35 0 0.00 M M 5.1 26 260 M M 3 31 260
23 47 18 33 -1 32 0 0.00 M M 2.0 12 120 M M 2 12 16 130
24 54 17 36 2 29 0 0.00 M M 4.0 10 60 M M 0 1 13 90
25 52 20 36 2 29 0 0.00 M M 2.1 8 300 M M 3 10 330
26 48 19 34 0 31 0 T M M 2.6 18 340 M M 3 12 24 340
27 47 14 31 -2 34 0 0.02 M M 8.5 23 250 M M 5 8 32 260
28 39 23 31 -2 34 0 0.08 M M 11.8 32 290 M M 10 18 39 280
29 36 20 28 -5 37 0 T M M 4.0 14 180 M M 7 17 170
30 43 29 36 3 29 0 0.05 M M 12.2 30 170 M M 9 18 40 180
================================================================================
SM 1276 590 1008 0 1.46 M 176.5 M 135
================================================================================
AV 42.5 19.7 5.9 FASTST M M 5 MAX(MPH)
MISC ----> 33 200 50 190
================================================================================
NOTES:
# LAST OF SEVERAL OCCURRENCES
COLUMN 17 PEAK WIND IN M.P.H.
PRELIMINARY LOCAL CLIMATOLOGICAL DATA (WS FORM: F-6) , PAGE 2
STATION: KLAMATH FALLS OR
MONTH: NOVEMBER
YEAR: 2022
LATITUDE: 42 9 N
LONGITUDE: 121 44 W
[TEMPERATURE DATA] [PRECIPITATION DATA] SYMBOLS USED IN COLUMN 16
AVERAGE MONTHLY: 31.1 TOTAL FOR MONTH: 1.46 1 = FOG OR MIST
DPTR FM NORMAL: -5.9 DPTR FM NORMAL: 0.08 2 = FOG REDUCING VISIBILITY
HIGHEST: 54 ON 24 GRTST 24HR 0.42 ON 5- 5 TO 1/4 MILE OR LESS
LOWEST: 8 ON 20 3 = THUNDER
SNOW, ICE PELLETS, HAIL 4 = ICE PELLETS
TOTAL MONTH: M 5 = HAIL
GRTST 24HR M ON M 6 = FREEZING RAIN OR DRIZZLE
GRTST DEPTH: M ON M 7 = DUSTSTORM OR SANDSTORM:
VSBY 1/2 MILE OR LESS
8 = SMOKE OR HAZE
[NO. OF DAYS WITH] [WEATHER - DAYS WITH] 9 = BLOWING SNOW
X = TORNADO
MAX 32 OR BELOW: 0 0.01 INCH OR MORE: 10
MAX 90 OR ABOVE: 0 0.10 INCH OR MORE: 4
MIN 32 OR BELOW: 29 0.50 INCH OR MORE: 0
MIN 0 OR BELOW: 0 1.00 INCH OR MORE: 0
[HDD (BASE 65) ]
TOTAL THIS MO. 1008 CLEAR (SCALE 0-3) 13
DPTR FM NORMAL 168 PTCLDY (SCALE 4-7) 11
TOTAL FM JUL 1 1624 CLOUDY (SCALE 8-10) 6
DPTR FM NORMAL -72
[CDD (BASE 65) ]
TOTAL THIS MO. 0
DPTR FM NORMAL 0 [PRESSURE DATA]
TOTAL FM JAN 1 406 HIGHEST SLP 30.70 ON 16
DPTR FM NORMAL 190 LOWEST SLP 29.43 ON 6
[REMARKS]
#FINAL-11-22#