000
CXUS56 KMFR 011030
CF6LMT
PRELIMINARY LOCAL CLIMATOLOGICAL DATA (WS FORM: F-6)
STATION: KLAMATH FALLS OR
MONTH: JANUARY
YEAR: 2022
LATITUDE: 42 9 N
LONGITUDE: 121 44 W
TEMPERATURE IN F: :PCPN: SNOW: WIND :SUNSHINE: SKY :PK WND
================================================================================
1 2 3 4 5 6A 6B 7 8 9 10 11 12 13 14 15 16 17 18
12Z AVG MX 2MIN
DY MAX MIN AVG DEP HDD CDD WTR SNW DPTH SPD SPD DIR MIN PSBL S-S WX SPD DR
================================================================================
1 22 -1 11 -19 54 0 0.00 M M 1.3 10 120 M M 0 12 12 90
2 35 8 22 -8 43 0 0.00 M M 9.8 30 180 M M 0 39 180
3 39 31 35 5 30 0 0.16 M M 25.4 47 190 M M 7 1 69 180
4 40 34 37 7 28 0 0.08 M M 8.3 28 220 M M 10 18 36 220
5 45 38 42 11 23 0 T M M 8.1 24 260 M M 10 1 34 240
6 49 33 41 10 24 0 T M M 5.2 12 220 M M 6 12 15 260
7 42 31 37 6 28 0 0.10 M M 11.1 21 270 M M 7 1 27 260
8 42 24 33 2 32 0 0.00 M M 2.4 9 70 M M 1 12 140
9 47 20 34 3 31 0 0.00 M M 4.3 10 330 M M 0 12 70
10 48 28 38 7 27 0 0.00 M M 3.8 10 60 M M 4 13 70
11 50 28 39 8 26 0 0.00 M M 1.5 9 220 M M 3 13 110
12 54 24 39 8 26 0 0.00 M M 4.1 17 150 M M 1 1 22 150
13 48 25 37 6 28 0 0.00 M M 6.3 22 270 M M 2 26 280
14 45 21 33 2 32 0 0.00 M M 4.6 13 330 M M 1 12 15 330
15 48 19 34 3 31 0 0.00 M M 3.3 12 330 M M 0 14 330
16 48 19 34 2 31 0 0.00 M M 1.2 8 360 M M 0 9 360
17 46 19 33 1 32 0 0.00 M M 0.5 6 20 M M 0 7 20
18 48 23 36 4 29 0 0.00 M M 2.7 13 320 M M 2 1 15 330
19 51 24 38 6 27 0 0.00 M M 1.1 7 120 M M 4 9 120
20 52 24 38 6 27 0 0.00 M M 3.9 16 230 M M 2 1 19 230
21 47 19 33 1 32 0 T M M 5.5 15 320 M M 0 8 19 330
22 58 21 40 8 25 0 0.00 M M 5.7 15 340 M M 0 19 50
23 55 21 38 6 27 0 0.00 M M 1.9 10 20 M M 0 12 10
24 54 17 36 4 29 0 0.00 M M 2.4 15 330 M M 0 18 320
25 49 18 34 2 31 0 0.00 M M 5.2 16 340 M M 0 19 330
26 48 14 31 -1 34 0 0.00 M M 3.9 10 360 M M 0 13 360
27 50 14 32 0 33 0 0.00 M M 3.9 10 130 M M 0 14 130
28 51 12 32 0 33 0 0.00 M M 2.9 10 60 M M 0 18 13 60
29 50 12 31 -2 34 0 0.00 M M 1.4 7 310 M M 0 9 150
30 50 14 32 -1 33 0 T M M 5.2 23 250 M M 1 31 260
31 43 17 30 -3 35 0 T M M 9.2 24 270 M M 1 30 270
================================================================================
SM 1454 651 955 0 0.34 M 156.1 M 62
================================================================================
AV 46.9 21.0 5.0 FASTST M M 2 MAX(MPH)
MISC ----> 47 190 69 180
================================================================================
NOTES:
# LAST OF SEVERAL OCCURRENCES
COLUMN 17 PEAK WIND IN M.P.H.
PRELIMINARY LOCAL CLIMATOLOGICAL DATA (WS FORM: F-6) , PAGE 2
STATION: KLAMATH FALLS OR
MONTH: JANUARY
YEAR: 2022
LATITUDE: 42 9 N
LONGITUDE: 121 44 W
[TEMPERATURE DATA] [PRECIPITATION DATA] SYMBOLS USED IN COLUMN 16
AVERAGE MONTHLY: 34.0 TOTAL FOR MONTH: 0.34 1 = FOG OR MIST
DPTR FM NORMAL: 2.5 DPTR FM NORMAL: -1.17 2 = FOG REDUCING VISIBILITY
HIGHEST: 58 ON 22 GRTST 24HR 1.71 ON 3- 3 TO 1/4 MILE OR LESS
LOWEST: -1 ON 1 3 = THUNDER
SNOW, ICE PELLETS, HAIL 4 = ICE PELLETS
TOTAL MONTH: M 5 = HAIL
GRTST 24HR M ON M 6 = FREEZING RAIN OR DRIZZLE
GRTST DEPTH: M ON M 7 = DUSTSTORM OR SANDSTORM:
VSBY 1/2 MILE OR LESS
8 = SMOKE OR HAZE
[NO. OF DAYS WITH] [WEATHER - DAYS WITH] 9 = BLOWING SNOW
X = TORNADO
MAX 32 OR BELOW: 1 0.01 INCH OR MORE: 3
MAX 90 OR ABOVE: 0 0.10 INCH OR MORE: 2
MIN 32 OR BELOW: 28 0.50 INCH OR MORE: 0
MIN 0 OR BELOW: 1 1.00 INCH OR MORE: 0
[HDD (BASE 65) ]
TOTAL THIS MO. 955 CLEAR (SCALE 0-3) 24
DPTR FM NORMAL -83 PTCLDY (SCALE 4-7) 5
TOTAL FM JUL 1 3660 CLOUDY (SCALE 8-10) 2
DPTR FM NORMAL -144
[CDD (BASE 65) ]
TOTAL THIS MO. 0
DPTR FM NORMAL 0 [PRESSURE DATA]
TOTAL FM JAN 1 0 HIGHEST SLP 30.57 ON 14
DPTR FM NORMAL 0 LOWEST SLP 29.63 ON 7
[REMARKS]
#FINAL-01-22#