000
CXUS53 KMKX 010910
CF6LNR
PRELIMINARY LOCAL CLIMATOLOGICAL DATA (WS FORM: F-6)
STATION: LONE ROCK WI
MONTH: AUGUST
YEAR: 2020
LATITUDE: 43 12 N
LONGITUDE: 90 11 W
TEMPERATURE IN F: :PCPN: SNOW: WIND :SUNSHINE: SKY :PK WND
================================================================================
1 2 3 4 5 6A 6B 7 8 9 10 11 12 13 14 15 16 17 18
12Z AVG MX 2MIN
DY MAX MIN AVG DEP HDD CDD WTR SNW DPTH SPD SPD DIR MIN PSBL S-S WX SPD DR
================================================================================
1 82 57 70 -1 0 5 0.00 0.0 0 2.3 12 10 M M 3 12 17 20
2 73 59 66 -5 0 1 0.03 0.0 0 8.5 18 360 M M 7 12 29 360
3 70 53 62 -9 3 0 0.00 0.0 0 6.2 16 10 M M 7 8 23 360
4 73 50 62 -9 3 0 0.00 0.0 0 3.4 12 330 M M 3 1 18 300
5 78 54 66 -4 0 1 0.00 0.0 0 2.6 9 270 M M 4 12 270
6 79 53 66 -4 0 1 0.00 0.0 0 2.6 10 160 M M 4 12 14 190
7 82 56 69 -1 0 4 0.00 0.0 0 6.1 16 180 M M 1 22 180
8 88 67 78 8 0 13 0.00 0.0 0 6.3 18 180 M M 3 26 180
9 85 68 77 7 0 12 0.08 0.0 0 4.4 23 200 M M 3 13 38 200
10 83 61 72 2 0 7 0.15 0.0 0 3.7 17 290 M M 4 13 25 290
11 82 56 69 -1 0 4 0.00 0.0 0 1.5 8 290 M M 3 12 13 250
12 83 55 69 -1 0 4 0.00 0.0 0 3.5 14 140 M M 3 12 18 130
13 84 60 72 2 0 7 0.00 0.0 0 3.6 13 170 M M 0 18 150
14 86 59 73 3 0 8 0.00 0.0 0 4.3 13 160 M M 0 17 140
15 77 59 68 -2 0 3 0.43 0.0 0 4.8 15 300 M M 5 13 21 310
16 83 56 70 0 0 5 0.00 0.0 0 5.5 18 290 M M 2 12 25 290
17 82 60 71 1 0 6 0.00 0.0 0 5.3 14 330 M M 3 1 22 350
18 78 52 65 -5 0 0 0.00 0.0 0 2.6 10 350 M M 1 22 10
19 81 52 67 -2 0 2 0.00 0.0 0 3.3 12 190 M M 2 12 16 280
20 83 56 70 1 0 5 0.00 0.0 0 4.4 16 190 M M 0 21 210
21 85 57 71 2 0 6 0.00 0.0 0 3.9 15 180 M M 0 27 180
22 83 61 72 3 0 7 T 0.0 0 3.0 12 200 M M 2 18 200
23 87 64 76 7 0 11 0.57 0.0 0 2.2 12 220 M M 1 1238 18 220
24 89 66 78 9 0 13 0.00 0.0 0 2.0 9 180 M M 3 12 14 290
25 91 68 80 12 0 15 0.16 0.0 0 5.3 14 90 M M 1 13 19 100
26 91 67 79 11 0 14 0.00 0.0 0 5.2 16 210 M M 0 22 200
27 93 67 80 12 0 15 0.00 0.0 M 6.0 17 100 M M 2 3 24 110
28 87 68 78 10 0 13 0.46 0.0 0 6.6 22 330 M M 4 138 33 330
29 77 54 66 -2 0 1 0.00 0.0 0 8.3 20 290 M M 0 28 290
30 76 50 63 -4 2 0 0.00 0.0 0 3.5 12 120 M M 2 12 17 120
31 76 50 63 -4 2 0 0.71 0.0 0 5.8 16 320 M M 1 13 24 300
================================================================================
SM 2547 1815 10 183 2.59 0.0 136.7 M 74
================================================================================
AV 82.2 58.6 4.4 FASTST M M 2 MAX(MPH)
MISC ----> # 23 200 # 38 200
================================================================================
NOTES:
# LAST OF SEVERAL OCCURRENCES
COLUMN 17 PEAK WIND IN M.P.H.
PRELIMINARY LOCAL CLIMATOLOGICAL DATA (WS FORM: F-6) , PAGE 2
STATION: LONE ROCK WI
MONTH: AUGUST
YEAR: 2020
LATITUDE: 43 12 N
LONGITUDE: 90 11 W
[TEMPERATURE DATA] [PRECIPITATION DATA] SYMBOLS USED IN COLUMN 16
AVERAGE MONTHLY: 70.4 TOTAL FOR MONTH: 2.59 1 = FOG OR MIST
DPTR FM NORMAL: 1.0 DPTR FM NORMAL: -2.07 2 = FOG REDUCING VISIBILITY
HIGHEST: 93 ON 27 GRTST 24HR 0.71 ON 31-31 TO 1/4 MILE OR LESS
LOWEST: 50 ON 31,30 3 = THUNDER
SNOW, ICE PELLETS, HAIL 4 = ICE PELLETS
TOTAL MONTH: 0.0 INCH 5 = HAIL
GRTST 24HR 0.0 6 = FREEZING RAIN OR DRIZZLE
GRTST DEPTH: 0 7 = DUSTSTORM OR SANDSTORM:
VSBY 1/2 MILE OR LESS
8 = SMOKE OR HAZE
[NO. OF DAYS WITH] [WEATHER - DAYS WITH] 9 = BLOWING SNOW
X = TORNADO
MAX 32 OR BELOW: 0 0.01 INCH OR MORE: 8
MAX 90 OR ABOVE: 3 0.10 INCH OR MORE: 6
MIN 32 OR BELOW: 0 0.50 INCH OR MORE: 2
MIN 0 OR BELOW: 0 1.00 INCH OR MORE: 0
[HDD (BASE 65) ]
TOTAL THIS MO. 10 CLEAR (SCALE 0-3) 21
DPTR FM NORMAL -11 PTCLDY (SCALE 4-7) 10
TOTAL FM JUL 1 10 CLOUDY (SCALE 8-10) 0
DPTR FM NORMAL -20
[CDD (BASE 65) ]
TOTAL THIS MO. 183
DPTR FM NORMAL 24 [PRESSURE DATA]
TOTAL FM JAN 1 704 HIGHEST SLP 30.13 ON 7
DPTR FM NORMAL 184 LOWEST SLP 29.59 ON 28
[REMARKS]
#FINAL-08-20#