000
CXUS55 KLMK 011409
CLMLOU
CLIMATE REPORT
NATIONAL WEATHER SERVICE LOUISVILLE KY
1009 AM EDT MON APR 01 2024
...................................
...THE LOUISVILLE BOWMAN KY CLIMATE SUMMARY FOR THE MONTH OF MARCH 2024...
CLIMATE NORMAL PERIOD 1991 TO 2020
CLIMATE RECORD PERIOD 9999 TO 9999
WEATHER OBSERVED NORMAL DEPART LAST YEAR`S
VALUE DATE(S) VALUE FROM VALUE DATE(S)
NORMAL
................................................................
TEMPERATURE (F)
RECORD
HIGH MM MM
LOW 19 03/12/2022
HIGHEST 79 03/14 MM MM 81 03/01
LOWEST 26 03/19 MM MM 21 03/20
AVG. MAXIMUM 61.3 57.0 4.3 57.4
AVG. MINIMUM 40.1 37.8 2.3 36.0
MEAN 50.7 47.4 3.3 46.7
DAYS MAX >= 90 0 0.0 0.0 0
DAYS MAX <= 32 0 0.4 -0.4 0
DAYS MIN <= 32 8 9.7 -1.7 9
DAYS MIN <= 0 0 0.0 0.0 0
PRECIPITATION (INCHES)
RECORD
MAXIMUM 6.99 2023
TOTALS 2.97 4.37 -1.40 6.99
DAILY AVG. 0.10 0.14 -0.04 0.23
DAYS >= .01 13 11.8 1.2 14
DAYS >= .10 7 7.6 -0.6 8
DAYS >= .50 4 3.2 0.8 3
DAYS >= 1.00 0 1.2 -1.2 3
GREATEST
24 HR. TOTAL 0.70 03/14 TO 03/15
DEGREE DAYS
HEATING TOTAL 436 552 -116 562
SINCE 7/1 3442 3832 -390 MM
COOLING TOTAL 3 7 -4 0
SINCE 1/1 3 7 -4 MM
................................................................
WIND (MPH)
AVERAGE WIND SPEED 7.9
HIGHEST WIND SPEED/DIRECTION 31/250 DATE 03/30
HIGHEST GUST SPEED/DIRECTION 45/320 DATE 03/14
SKY COVER
POSSIBLE SUNSHINE (PERCENT) MM
AVERAGE SKY COVER 0.40
NUMBER OF DAYS FAIR 18
NUMBER OF DAYS PC 7
NUMBER OF DAYS CLOUDY 6
AVERAGE RH (PERCENT) 63
WEATHER CONDITIONS. NUMBER OF DAYS WITH
THUNDERSTORM 4 MIXED PRECIP 0
HEAVY RAIN 3 RAIN 6
LIGHT RAIN 13 FREEZING RAIN 0
LT FREEZING RAIN 0 HAIL 0
HEAVY SNOW 0 SNOW 0
LIGHT SNOW 1 SLEET 0
FOG 13 FOG W/VIS <= 1/4 MILE 3
HAZE 3
- INDICATES NEGATIVE NUMBERS.
R INDICATES RECORD WAS SET OR TIED.
MM INDICATES DATA IS MISSING.
T INDICATES TRACE AMOUNT.
$$