000
CXUS54 KCRP 011918
CLMLRD
CLIMATE REPORT
NATIONAL WEATHER SERVICE CORPUS CHRISTI TX
215 PM CDT MON MAY 01 2023
...................................
...THE LAREDO CLIMATE SUMMARY FOR THE MONTH OF APRIL 2023...
CLIMATE NORMAL PERIOD 1991 TO 2020
CLIMATE RECORD PERIOD 1900 TO 2023
WEATHER OBSERVED NORMAL DEPART LAST YEAR`S
VALUE DATE(S) VALUE FROM VALUE DATE(S)
NORMAL
................................................................
TEMPERATURE (F)
RECORD
HIGH 112 04/28/1937
LOW 32 04/03/1987
04/05/1920
HIGHEST 100 04/03 92 8 103 04/12
LOWEST 51 04/06 60 -9 52 04/08
AVG. MAXIMUM 84.9 88.1 -3.2 92.6
AVG. MINIMUM 64.3 64.1 0.2 69.1
MEAN 74.6 76.1 -1.5 80.8
DAYS MAX >= 90 11 15.3 -4.3 24
DAYS MAX <= 32 0 0.0 0.0 0
DAYS MIN <= 32 0 0.0 0.0 0
DAYS MIN <= 0 0 0.0 0.0 0
PRECIPITATION (INCHES)
RECORD
MAXIMUM 7.75 1947
MINIMUM MM MM
TOTALS 3.69 1.47 2.22 1.08
DAILY AVG. 0.12 0.05 0.07 0.04
DAYS >= .01 7 MM MM 2
DAYS >= .10 5 MM MM 1
DAYS >= .50 1 MM MM 1
DAYS >= 1.00 1 MM MM 1
GREATEST
24 HR. TOTAL 3.04 04/23 TO 04/23 1.08 04/25 TO 04/26
STORM TOTAL 3.04 1.06
(MM/DD(HH)) MM
SNOWFALL (INCHES)
RECORDS
TOTAL MM MM
24 HR TOTAL MM
TOTALS 0.0 MM MM 0.0
SINCE 7/1 0.0 MM MM MM
SNOWDEPTH AVG. 0 0
DAYS >= 1.0 0 MM MM
GREATEST
SNOW DEPTH 0 0
24 HR TOTAL 0.0 MM
DEGREE DAYS
HEATING TOTAL 20 5 15 0
SINCE 7/1 741 807 -66 MM
COOLING TOTAL 316 337 -21 483
SINCE 1/1 876 628 248 MM
................................................................
WIND (MPH)
AVERAGE WIND SPEED MM
HIGHEST WIND SPEED/DIRECTION MM DATE MM
HIGHEST GUST SPEED/DIRECTION MM DATE MM
SKY COVER
AVERAGE SKY COVER 0.51
AVERAGE RH (PERCENT) 66
WEATHER CONDITIONS. NUMBER OF DAYS WITH
THUNDERSTORM 5 MIXED PRECIP 0
HEAVY RAIN 3 RAIN 4
LIGHT RAIN 10 FREEZING RAIN 0
LT FREEZING RAIN 0 HAIL 0
HEAVY SNOW 0 SNOW 0
LIGHT SNOW 0 SLEET 0
FOG 8 FOG W/VIS <= 1/4 MILE 0
HAZE 5
- INDICATES NEGATIVE NUMBERS.
R INDICATES RECORD WAS SET OR TIED.
MM INDICATES DATA IS MISSING.
T INDICATES TRACE AMOUNT.
$$