000
CXUS54 KLZK 011330
CF6LRF
PRELIMINARY LOCAL CLIMATOLOGICAL DATA (WS FORM: F-6)
STATION: JACKSONVILLE/LITTLE ROCK AFB
MONTH: DECEMBER
YEAR: 2022
LATITUDE: 34 55 N
LONGITUDE: 92 9 W
TEMPERATURE IN F: :PCPN: SNOW: WIND :SUNSHINE: SKY :PK WND
================================================================================
1 2 3 4 5 6A 6B 7 8 9 10 11 12 13 14 15 16 17 18
12Z AVG MX 2MIN
DY MAX MIN AVG DEP HDD CDD WTR SNW DPTH SPD SPD DIR MIN PSBL S-S WX SPD DR
================================================================================
1 49 25 37 -10 28 0 T M M 4.3 10 120 M M 3 M M
2 57 41 49 2 16 0 0.05 M M 2.8 7 250 M M 10 M M
3 60 31 46 0 19 0 0.00 M M 5.5 12 10 M M 3 18 21 350
4 40 30 35 -11 30 0 0.09 0.0 0 2.5 9 110 M M 8 18 M M
5 50 39 45 -1 20 0 0.13 0.0 0 0.9 5 140 M M 10 1 M M
6 72 50 61 16 4 0 0.04 0.0 0 3.4 15 220 M M 9 12 20 220
7 66 57 62 17 3 0 0.45 0.0 M 4.0 9 100 M M 10 1 M M
8 62 53 58 13 7 0 0.36 0.0 M 4.0 10 90 M M 10 1 M M
9 65 49 57 12 8 0 0.00 M M 2.3 7 340 M M 8 12 M M
10 54 48 51 7 14 0 0.72 M M 4.2 14 40 M M 10 123 M M
11 53 47 50 6 15 0 0.00 M M 6.6 10 60 M M 10 1 M M
12 47 45 46 2 19 0 T M M 7.3 12 50 M M 10 1 M M
13 64 47 56 12 9 0 1.76 0.0 0 5.6 16 260 M M 10 123 22 260
14 60 37 49 6 16 0 T 0.0 0 7.2 18 290 M M 6 12 23 290
15 51 31 41 -2 24 0 0.00 M M 9.8 20 260 M M 0 26 270
16 48 27 38 -5 27 0 0.00 M M 8.1 16 280 M M 4 24 280
17 47 23 35 -8 30 0 0.00 0.0 0 6.6 22 280 M M 0 31 280
18 51 20 36 -6 29 0 0.00 M M 1.2 8 250 M M 0 M M
19 44 29 37 -5 28 0 0.00 M M 3.2 8 140 M M 9 M M
20 52 27 40 -2 25 0 0.00 0.0 0 3.7 10 360 M M 5 M M
21 48 25 37 -5 28 0 0.00 M M 2.7 9 140 M M 4 M M
22 45 6 26 -16 39 0 0.02 M M 8.9 26 300 M M 8 1 37 280
23 17 3 10 -31 55 0 0.00 0.0 0 12.8 17 280 M M 0 24 280
24 30 12 21 -20 44 0 0.00 0.0 0 9.7 15 290 M M 1 22 280
25 38 16 27 -14 38 0 0.00 0.0 0 3.3 7 310 M M 0 M M
26 44 30 37 -4 28 0 T M M 4.8 10 350 M M 9 17 360
27 42 19 31 -10 34 0 0.00 M M 3.3 8 140 M M 2 M M
28 65 20 43 2 22 0 0.00 M M 5.3 13 180 M M 2 21 180
29 69 55 62 21 3 0 0.57 0.0 M 8.1 16 220 M M 10 13 21 220
30 60 47 54 14 11 0 0.55 0.0 0 2.7 9 360 M M 10 1 M M
31 60 44 52 12 13 0 0.00 0.0 M 2.6 7 130 M M 8 12 M M
================================================================================
SM 1610 1033 686 0 4.74 0.0 157.4 M 189
================================================================================
AV 51.9 33.3 5.1 FASTST M M 6 MAX(MPH)
MISC ----> 26 300 37 280
================================================================================
NOTES:
# LAST OF SEVERAL OCCURRENCES
COLUMN 17 PEAK WIND IN M.P.H.
PRELIMINARY LOCAL CLIMATOLOGICAL DATA (WS FORM: F-6) , PAGE 2
STATION: JACKSONVILLE/LITTLE ROCK AFB
MONTH: DECEMBER
YEAR: 2022
LATITUDE: 34 55 N
LONGITUDE: 92 9 W
[TEMPERATURE DATA] [PRECIPITATION DATA] SYMBOLS USED IN COLUMN 16
AVERAGE MONTHLY: 42.6 TOTAL FOR MONTH: 4.74 1 = FOG OR MIST
DPTR FM NORMAL: -0.5 DPTR FM NORMAL: M 2 = FOG REDUCING VISIBILITY
HIGHEST: 72 ON 6 GRTST 24HR 1.76 ON 13-13 TO 1/4 MILE OR LESS
LOWEST: 3 ON 23 3 = THUNDER
SNOW, ICE PELLETS, HAIL 4 = ICE PELLETS
TOTAL MONTH: 0.0 INCH 5 = HAIL
GRTST 24HR 0.0 6 = FREEZING RAIN OR DRIZZLE
GRTST DEPTH: 0 7 = DUSTSTORM OR SANDSTORM:
VSBY 1/2 MILE OR LESS
8 = SMOKE OR HAZE
[NO. OF DAYS WITH] [WEATHER - DAYS WITH] 9 = BLOWING SNOW
X = TORNADO
MAX 32 OR BELOW: 2 0.01 INCH OR MORE: 11
MAX 90 OR ABOVE: 0 0.10 INCH OR MORE: 7
MIN 32 OR BELOW: 17 0.50 INCH OR MORE: 4
MIN 0 OR BELOW: 0 1.00 INCH OR MORE: 1
[HDD (BASE 65) ]
TOTAL THIS MO. 686 CLEAR (SCALE 0-3) 9
DPTR FM NORMAL -10 PTCLDY (SCALE 4-7) 8
TOTAL FM JUL 1 1311 CLOUDY (SCALE 8-10) 14
DPTR FM NORMAL 50
[CDD (BASE 65) ]
TOTAL THIS MO. 0
DPTR FM NORMAL -2 [PRESSURE DATA]
TOTAL FM JAN 1 2151 HIGHEST SLP M ON M
DPTR FM NORMAL 114 LOWEST SLP M ON M
[REMARKS]
#FINAL-12-22#