000
CXUS54 KLZK 011230
CF6LRF
PRELIMINARY LOCAL CLIMATOLOGICAL DATA (WS FORM: F-6)
STATION: JACKSONVILLE/LITTLE ROCK AFB
MONTH: JANUARY
YEAR: 2021
LATITUDE: 34 55 N
LONGITUDE: 92 9 W
TEMPERATURE IN F: :PCPN: SNOW: WIND :SUNSHINE: SKY :PK WND
================================================================================
1 2 3 4 5 6A 6B 7 8 9 10 11 12 13 14 15 16 17 18
12Z AVG MX 2MIN
DY MAX MIN AVG DEP HDD CDD WTR SNW DPTH SPD SPD DIR MIN PSBL S-S WX SPD DR
================================================================================
1 42 34 38 -2 27 0 0.72 0.0 0 10.2 29 180 M M 10 1 45 230
2 39 29 34 -6 31 0 0.04 T 0 5.3 16 260 M M 9 4 M M
3 55 24 40 0 25 0 0.00 0.0 0 2.8 10 170 M M 0 8 M M
4 61 28 45 5 20 0 0.00 0.0 0 4.1 13 260 M M 1 M M
5 56 28 42 2 23 0 0.00 0.0 0 3.6 9 120 M M 0 M M
6 47 28 38 -2 27 0 0.05 0.0 0 6.3 18 50 M M 6 M M
7 42 35 39 -1 26 0 0.24 0.0 0 10.2 17 40 M M 10 23 50
8 39 30 35 -5 30 0 0.00 0.0 0 6.5 12 330 M M 9 21 320
9 41 23 32 -8 33 0 0.00 0.0 0 2.9 8 360 M M 7 M M
10 37 23 30 -10 35 0 0.00 0.0 0 3.1 8 30 M M 9 M M
11 43 23 33 -7 32 0 T T 0 3.7 8 340 M M 6 M M
12 51 17 34 -6 31 0 0.00 0.0 0 1.9 8 290 M M 0 M M
13 56 20 38 -2 27 0 0.00 0.0 0 4.4 14 190 M M 0 18 190
14 63 32 48 8 17 0 0.00 0.0 0 8.3 16 290 M M 2 30 290
15 46 28 37 -3 28 0 T T 0 14.0 25 250 M M 5 37 270
16 48 29 39 -1 26 0 0.00 0.0 0 7.9 15 240 M M 4 22 270
17 55 24 40 0 25 0 0.00 0.0 0 5.7 15 270 M M 3 25 270
18 62 22 42 2 23 0 0.00 0.0 0 4.5 17 220 M M 5 18 190
19 61 36 49 9 16 0 0.00 0.0 0 3.1 8 340 M M 7 M M
20 49 30 40 0 25 0 0.00 0.0 0 1.8 8 150 M M 4 M M
21 51 41 46 6 19 0 0.00 0.0 0 M M M M M M M M
22 56 34 45 5 20 0 0.00 0.0 0 M M M M M M M M
23 44 29 37 -3 28 0 0.00 0.0 0 M M M M M M M M
24 53 37 45 5 20 0 0.84 0.0 0 2.7 9 80 M M 10 13 M M
25 74 47 61 20 4 0 0.44 0.0 0 7.6 16 210 M M 7 13 23 200
26 58 39 49 8 16 0 0.00 0.0 0 7.1 12 270 M M 2 M M
27 41 32 37 -4 28 0 0.08 0.0 0 8.0 14 80 M M 9 20 320
28 42 27 35 -6 30 0 0.00 0.0 0 5.2 10 70 M M 5 M M
29 50 27 39 -2 26 0 0.00 0.0 0 3.3 10 150 M M 7 M M
30 59 43 51 9 14 0 0.19 0.0 0 7.1 14 180 M M 8 1 23 150
31 54 39 47 5 18 0 0.00 0.0 0 9.7 16 330 M M 8 1 25 330
================================================================================
SM 1575 938 750 0 2.60 T 161.0 M 153
================================================================================
AV 50.8 30.3 5.8 FASTST M M 5 MAX(MPH)
MISC ----> 29 180 45 230
================================================================================
NOTES:
# LAST OF SEVERAL OCCURRENCES
COLUMN 17 PEAK WIND IN M.P.H.
PRELIMINARY LOCAL CLIMATOLOGICAL DATA (WS FORM: F-6) , PAGE 2
STATION: JACKSONVILLE/LITTLE ROCK AFB
MONTH: JANUARY
YEAR: 2021
LATITUDE: 34 55 N
LONGITUDE: 92 9 W
[TEMPERATURE DATA] [PRECIPITATION DATA] SYMBOLS USED IN COLUMN 16
AVERAGE MONTHLY: 40.5 TOTAL FOR MONTH: 2.60 1 = FOG OR MIST
DPTR FM NORMAL: 0.2 DPTR FM NORMAL: M 2 = FOG REDUCING VISIBILITY
HIGHEST: 74 ON 25 GRTST 24HR 1.92 ON 24-25 TO 1/4 MILE OR LESS
LOWEST: 17 ON 12 3 = THUNDER
SNOW, ICE PELLETS, HAIL 4 = ICE PELLETS
TOTAL MONTH: T 5 = HAIL
GRTST 24HR T ON 2- 2 6 = FREEZING RAIN OR DRIZZLE
GRTST DEPTH: 0 7 = DUSTSTORM OR SANDSTORM:
VSBY 1/2 MILE OR LESS
8 = SMOKE OR HAZE
[NO. OF DAYS WITH] [WEATHER - DAYS WITH] 9 = BLOWING SNOW
X = TORNADO
MAX 32 OR BELOW: 0 0.01 INCH OR MORE: 8
MAX 90 OR ABOVE: 0 0.10 INCH OR MORE: 5
MIN 32 OR BELOW: 21 0.50 INCH OR MORE: 2
MIN 0 OR BELOW: 0 1.00 INCH OR MORE: 0
[HDD (BASE 65) ]
TOTAL THIS MO. 750 CLEAR (SCALE 0-3) 8
DPTR FM NORMAL -36 PTCLDY (SCALE 4-7) 13
TOTAL FM JUL 1 2083 CLOUDY (SCALE 8-10) 10
DPTR FM NORMAL 36
[CDD (BASE 65) ]
TOTAL THIS MO. 0
DPTR FM NORMAL 0 [PRESSURE DATA]
TOTAL FM JAN 1 0 HIGHEST SLP M ON M
DPTR FM NORMAL 0 LOWEST SLP M ON M
[REMARKS]
#FINAL-01-21#