000
CXUS54 KLZK 011851
CF6LRF
PRELIMINARY LOCAL CLIMATOLOGICAL DATA (WS FORM: F-6)
STATION: Jacksonville/Little Rock AFB
MONTH: JULY
YEAR: 2020
LATITUDE: 34 55 N
LONGITUDE: 92 9 W
TEMPERATURE IN F: :PCPN: SNOW: WIND :SUNSHINE: SKY :PK WND
================================================================================
1 2 3 4 5 6A 6B 7 8 9 10 11 12 13 14 15 16 17 18
12Z AVG MX 2MIN
DY MAX MIN AVG DEP HDD CDD WTR SNW DPTH SPD SPD DIR MIN PSBL S-S WX SPD DR
================================================================================
1 90 73 82 1 0 17 0.00 0.0 0 6.6 12 200 M M 4 18 M M
2 94 69 82 1 0 17 T 0.0 0 2.3 10 160 M M 4 3 20 160
3 93 68 81 0 0 16 T 0.0 0 2.9 9 330 M M 1 M M
4 87 68 78 -3 0 13 0.00 0.0 0 3.5 12 270 M M 2 1 22 270
5 91 69 80 -1 0 15 T 0.0 0 2.7 12 50 M M 5 13 M M
6 91 68 80 -1 0 15 0.00 0.0 0 M M M M M M M M
7 93 70 82 0 0 17 T 0.0 0 6.1 9 180 M M 1 M M
8 91 70 81 -1 0 16 0.00 0.0 0 2.0 6 100 M M 5 M M
9 92 70 81 -1 0 16 1.33 0.0 0 3.9 12 230 M M 3 13 16 250
10 92 68 80 -2 0 15 0.00 0.0 0 3.3 8 270 M M 1 M M
11 95 72 84 2 0 19 0.00 0.0 0 4.7 12 270 M M 1 M M
12 93 71 82 0 0 17 0.00 0.0 0 6.2 20 290 M M 2 40 300
13 91 65 78 -4 0 13 0.00 0.0 0 2.1 8 100 M M 5 M M
14 94 70 82 0 0 17 0.00 0.0 0 4.4 10 150 M M 4 M M
15 94 74 84 2 0 19 0.00 0.0 0 5.4 13 190 M M 3 17 170
16 94 73 84 2 0 19 0.00 0.0 0 3.1 6 90 M M 2 M M
17 94 74 84 2 0 19 0.00 0.0 0 3.3 10 180 M M 4 M M
18 95 71 83 1 0 18 0.00 0.0 0 4.5 9 200 M M 1 M M
19 96 72 84 1 0 19 0.00 0.0 0 2.8 9 140 M M 2 3 M M
20 96 72 84 1 0 19 0.00 0.0 0 3.2 10 130 M M 2 3 18 150
21 96 70 83 0 0 18 T 0.0 0 3.7 8 220 M M 2 3 M M
22 86 73 80 -3 0 15 0.58 0.0 0 2.4 6 140 M M 7 1 M M
23 93 71 82 -1 0 17 0.00 0.0 0 3.2 8 110 M M 3 M M
24 92 72 82 -1 0 17 0.00 0.0 0 4.9 14 130 M M 1 M M
25 92 74 83 0 0 18 T 0.0 0 4.5 9 100 M M 4 M M
26 94 70 82 -1 0 17 0.00 0.0 0 3.7 8 140 M M 1 M M
27 91 69 80 -3 0 15 0.00 0.0 0 4.0 8 170 M M 1 M M
28 94 69 82 -1 0 17 0.00 0.0 0 2.7 8 180 M M 1 M M
29 91 70 81 -2 0 16 0.23 0.0 0 3.2 12 190 M M 4 13 M M
30 90 72 81 -2 0 16 0.05 0.0 0 8.1 15 250 M M 6 22 240
31 82 69 76 -7 0 11 0.20 0.0 0 7.9 15 250 M M 8 1 20 210
================================================================================
SM 2857 2186 0 513 2.39 0.0 121.3 M 90
================================================================================
AV 92.2 70.5 4.0 FASTST M M 3 MAX(MPH)
MISC ----> # 20 290 # 40 300
================================================================================
NOTES:
# LAST OF SEVERAL OCCURRENCES
COLUMN 17 PEAK WIND IN M.P.H.
PRELIMINARY LOCAL CLIMATOLOGICAL DATA (WS FORM: F-6) , PAGE 2
STATION: Jacksonville/Little Rock AFB
MONTH: JULY
YEAR: 2020
LATITUDE: 34 55 N
LONGITUDE: 92 9 W
[TEMPERATURE DATA] [PRECIPITATION DATA] SYMBOLS USED IN COLUMN 16
AVERAGE MONTHLY: 81.3 TOTAL FOR MONTH: 2.39 1 = FOG OR MIST
DPTR FM NORMAL: -0.9 DPTR FM NORMAL: M 2 = FOG REDUCING VISIBILITY
HIGHEST: 96 ON 21,20 GRTST 24HR 1.33 ON 9- 9 TO 1/4 MILE OR LESS
LOWEST: 65 ON 13 3 = THUNDER
SNOW, ICE PELLETS, HAIL 4 = ICE PELLETS
TOTAL MONTH: 0.0 INCH 5 = HAIL
GRTST 24HR 0.0 6 = FREEZING RAIN OR DRIZZLE
GRTST DEPTH: 0 7 = DUSTSTORM OR SANDSTORM:
VSBY 1/2 MILE OR LESS
8 = SMOKE OR HAZE
[NO. OF DAYS WITH] [WEATHER - DAYS WITH] 9 = BLOWING SNOW
X = TORNADO
MAX 32 OR BELOW: 0 0.01 INCH OR MORE: 5
MAX 90 OR ABOVE: 28 0.10 INCH OR MORE: 4
MIN 32 OR BELOW: 0 0.50 INCH OR MORE: 2
MIN 0 OR BELOW: 0 1.00 INCH OR MORE: 1
[HDD (BASE 65) ]
TOTAL THIS MO. 0 CLEAR (SCALE 0-3) 18
DPTR FM NORMAL -6 PTCLDY (SCALE 4-7) 12
TOTAL FM JUL 1 0 CLOUDY (SCALE 8-10) 0
DPTR FM NORMAL -6
[CDD (BASE 65) ]
TOTAL THIS MO. 513
DPTR FM NORMAL -21 [PRESSURE DATA]
TOTAL FM JAN 1 985 HIGHEST SLP M ON M
DPTR FM NORMAL -193 LOWEST SLP M ON M
[REMARKS]
#FINAL-07-20#