000
CXUS54 KEPZ 011030
CF6LRU
PRELIMINARY LOCAL CLIMATOLOGICAL DATA (WS FORM: F-6)
STATION: LAS CRUCES
MONTH: SEPTEMBER
YEAR: 2023
LATITUDE: 32 17 N
LONGITUDE: 106 46 W
TEMPERATURE IN F: :PCPN: SNOW: WIND :SUNSHINE: SKY :PK WND
================================================================================
1 2 3 4 5 6A 6B 7 8 9 10 11 12 13 14 15 16 17 18
12Z AVG MX 2MIN
DY MAX MIN AVG DEP HDD CDD WTR SNW DPTH SPD SPD DIR MIN PSBL S-S WX SPD DR
================================================================================
1 96 65 81 M 0 16 0.00 M M 8.2 20 100 M M 0 24 100
2 96 69 83 M 0 18 0.00 M M 5.9 9 90 M M 1 29 100
3 97 65 81 M 0 16 0.00 M M 4.9 9 240 M M 2 M M
4 95 71 83 M 0 18 0.00 M M 10.8 21 260 M M 1 32 230
5 95 62 79 M 0 14 0.00 M M 5.5 10 280 M M 0 M M
6 100 62 81 M 0 16 0.00 M M 4.4 10 210 M M 0 9 210
7 101 69 85 M 0 20 0.00 M M 5.4 10 360 M M 0 23 100
8 101 68 85 M 0 20 0.00 M M 6.9 17 70 M M 0 22 70
9 100 66 83 M 0 18 0.00 M M 6.2 20 100 M M 0 24 100
10 100 68 84 M 0 19 0.00 M M 7.0 14 10 M M 0 22 210
11 98 77 88 M 0 23 0.00 M M 11.1 30 250 M M 4 37 250
12 77 65 71 M 0 6 0.01 M M 6.6 13 340 M M 6 17 340
13 75 58 67 M 0 2 0.14 M M 7.6 21 320 M M 5 29 320
14 88 58 73 M 0 8 0.00 M M 6.5 16 270 M M 2 22 260
15 90 59 75 M 0 10 0.00 M M 4.8 9 130 M M 2 17 340
16 87 64 76 M 0 11 0.00 M M 7.4 14 100 M M 1 18 110
17 88 62 75 M 0 10 0.17 M M 9.6 24 270 M M 3 30 270
18 88 60 74 M 0 9 0.00 M M 3.2 10 80 M M 1 10 300
19 90 61 76 M 0 11 0.00 M M 8.0 18 280 M M 1 26 250
20 90 57 74 M 0 9 0.12 M M 6.7 17 310 M M 3 3 30 310
21 82 60 71 M 0 6 0.16 M M 4.2 10 180 M M 2 17 280
22 91 64 78 M 0 13 0.00 M M 6.2 12 270 M M 0 22 240
23 93 60 77 M 0 12 0.00 M M 7.7 15 280 M M 0 23 280
24 90 64 77 M 0 12 0.00 M M 7.1 18 260 M M 0 22 260
25 92 56 74 M 0 9 0.00 M M 6.0 10 130 M M 0 21 120
26 93 67 80 M 0 15 0.00 M M 7.2 16 110 M M 0 23 110
27 93 58 76 M 0 11 0.00 M M 4.6 12 180 M M 0 25 270
28 94 57 76 M 0 11 0.00 M M 6.4 16 250 M M 0 20 250
29 93 63 78 M 0 13 0.00 M M 7.2 21 240 M M 2 32 170
30 91 66 79 M 0 14 0.00 M M 9.1 20 160 M M 2 30 160
================================================================================
SM 2764 1901 0 390 0.60 M 202.4 M 38
================================================================================
AV 92.1 63.4 6.7 FASTST M M 1 MAX(MPH)
MISC ----> 30 250 37 250
================================================================================
NOTES:
# LAST OF SEVERAL OCCURRENCES
COLUMN 17 PEAK WIND IN M.P.H.
PRELIMINARY LOCAL CLIMATOLOGICAL DATA (WS FORM: F-6) , PAGE 2
STATION: LAS CRUCES
MONTH: SEPTEMBER
YEAR: 2023
LATITUDE: 32 17 N
LONGITUDE: 106 46 W
[TEMPERATURE DATA] [PRECIPITATION DATA] SYMBOLS USED IN COLUMN 16
AVERAGE MONTHLY: 77.8 TOTAL FOR MONTH: 0.60 1 = FOG OR MIST
DPTR FM NORMAL: 0.0 DPTR FM NORMAL: M 2 = FOG REDUCING VISIBILITY
HIGHEST: 101 ON 8, 7 GRTST 24HR 0.17 ON 17-17 TO 1/4 MILE OR LESS
LOWEST: 56 ON 25 3 = THUNDER
SNOW, ICE PELLETS, HAIL 4 = ICE PELLETS
TOTAL MONTH: M 5 = HAIL
GRTST 24HR M ON M 6 = FREEZING RAIN OR DRIZZLE
GRTST DEPTH: M ON M 7 = DUSTSTORM OR SANDSTORM:
VSBY 1/2 MILE OR LESS
8 = SMOKE OR HAZE
[NO. OF DAYS WITH] [WEATHER - DAYS WITH] 9 = BLOWING SNOW
X = TORNADO
MAX 32 OR BELOW: 0 0.01 INCH OR MORE: 5
MAX 90 OR ABOVE: 23 0.10 INCH OR MORE: 4
MIN 32 OR BELOW: 0 0.50 INCH OR MORE: 0
MIN 0 OR BELOW: 0 1.00 INCH OR MORE: 0
[HDD (BASE 65) ]
TOTAL THIS MO. 0 CLEAR (SCALE 0-3) 27
DPTR FM NORMAL M PTCLDY (SCALE 4-7) 3
TOTAL FM JUL 1 0 CLOUDY (SCALE 8-10) 0
DPTR FM NORMAL M
[CDD (BASE 65) ]
TOTAL THIS MO. 390
DPTR FM NORMAL M [PRESSURE DATA]
TOTAL FM JAN 1 2532 HIGHEST SLP M ON M
DPTR FM NORMAL M LOWEST SLP M ON M
[REMARKS]
#FINAL-09-23#