000
CXUS54 KHGX 011410
CF6LVJ
PRELIMINARY LOCAL CLIMATOLOGICAL DATA (WS FORM: F-6)
STATION: HOUSTON/CLOVER_FIELD
MONTH: APRIL
YEAR: 2022
LATITUDE: 29 31 N
LONGITUDE: 95 14 W
TEMPERATURE IN F: :PCPN: SNOW: WIND :SUNSHINE: SKY :PK WND
================================================================================
1 2 3 4 5 6A 6B 7 8 9 10 11 12 13 14 15 16 17 18
12Z AVG MX 2MIN
DY MAX MIN AVG DEP HDD CDD WTR SNW DPTH SPD SPD DIR MIN PSBL S-S WX SPD DR
================================================================================
1 75 50 63 -5 2 0 0.00 0.0 0 6.8 18 110 M M 0 26 130
2 82 57 70 2 0 5 0.00 0.0 0 3.1 12 100 M M 5 1 15 100
3 81 58 70 2 0 5 0.00 0.0 0 7.2 18 120 M M 4 12 28 130
4 76 67 72 4 0 7 0.06 0.0 0 8.1 16 130 M M 10 1 22 140
5 84 71 78 10 0 13 0.00 0.0 0 7.4 14 190 M M 8 18 22 190
6 83 68 76 7 0 11 0.00 0.0 0 11.3 23 340 M M 5 18 33 10
7 77 51 64 -5 1 0 0.00 0.0 0 10.4 22 320 M M 0 35 330
8 76 47 62 -7 3 0 0.00 0.0 0 7.4 22 350 M M 1 34 330
9 82 44 63 -6 2 0 0.00 0.0 0 6.5 20 180 M M 0 29 190
10 79 66 73 4 0 8 0.00 0.0 0 11.8 29 180 M M 4 43 180
11 82 70 76 6 0 11 0.01 0.0 0 12.1 23 130 M M 9 1 33 110
12 81 73 77 7 0 12 0.01 0.0 0 12.8 22 180 M M 10 138 33 180
13 82 70 76 6 0 11 T 0.0 0 9.9 20 180 M M 9 18 30 170
14 82 63 73 3 0 8 0.00 0.0 0 11.7 21 80 M M 1 31 90
15 83 69 76 6 0 11 0.00 0.0 M 9.8 18 180 M M 9 1 29 190
16 82 72 77 7 0 12 0.00 0.0 0 6.6 16 180 M M 8 18 26 190
17 84 70 77 6 0 12 0.00 0.0 0 5.9 16 160 M M 6 1 23 190
18 81 64 73 2 0 8 0.00 0.0 0 8.6 18 30 M M 1 23 30
19 77 59 68 -3 0 3 0.00 0.0 0 14.3 25 120 M M 5 34 110
20 80 71 76 5 0 11 T 0.0 0 13.5 24 160 M M 10 38 170
21 84 73 79 7 0 14 0.00 0.0 0 12.3 22 140 M M 9 29 130
22 83 72 78 6 0 13 0.00 0.0 0 12.9 21 140 M M 7 29 130
23 82 72 77 5 0 12 0.00 0.0 0 13.7 22 140 M M 7 32 140
24 85 71 78 6 0 13 T 0.0 0 12.4 22 170 M M 7 32 190
25 86 64 75 3 0 10 1.00 0.0 0 10.0 24 50 M M 7 13 36 40
26 78 64 71 -2 0 6 0.00 0.0 0 6.9 15 40 M M 6 20 20
27 80 62 71 -2 0 6 0.00 0.0 0 7.1 16 80 M M 0 8 24 80
28 83 64 74 1 0 9 0.00 0.0 0 8.0 17 130 M M 3 1 24 120
29 83 69 76 3 0 11 0.00 0.0 0 9.7 20 140 M M 5 28 140
30 86 72 79 5 0 14 T 0.0 0 7.6 17 150 M M 6 13 25 180
================================================================================
SM 2439 1943 8 256 1.08 0.0 285.8 M 162
================================================================================
AV 81.3 64.8 9.5 FASTST M M 5 MAX(MPH)
MISC ----> 29 180 43 180
================================================================================
NOTES:
# LAST OF SEVERAL OCCURRENCES
COLUMN 17 PEAK WIND IN M.P.H.
PRELIMINARY LOCAL CLIMATOLOGICAL DATA (WS FORM: F-6) , PAGE 2
STATION: HOUSTON/CLOVER_FIELD
MONTH: APRIL
YEAR: 2022
LATITUDE: 29 31 N
LONGITUDE: 95 14 W
[TEMPERATURE DATA] [PRECIPITATION DATA] SYMBOLS USED IN COLUMN 16
AVERAGE MONTHLY: 73.0 TOTAL FOR MONTH: 1.08 1 = FOG OR MIST
DPTR FM NORMAL: 2.5 DPTR FM NORMAL: -2.59 2 = FOG REDUCING VISIBILITY
HIGHEST: 86 ON 30,25 GRTST 24HR 1.00 ON 25-25 TO 1/4 MILE OR LESS
LOWEST: 44 ON 9 3 = THUNDER
SNOW, ICE PELLETS, HAIL 4 = ICE PELLETS
TOTAL MONTH: 0.0 INCH 5 = HAIL
GRTST 24HR 0.0 6 = FREEZING RAIN OR DRIZZLE
GRTST DEPTH: 0 7 = DUSTSTORM OR SANDSTORM:
VSBY 1/2 MILE OR LESS
8 = SMOKE OR HAZE
[NO. OF DAYS WITH] [WEATHER - DAYS WITH] 9 = BLOWING SNOW
X = TORNADO
MAX 32 OR BELOW: 0 0.01 INCH OR MORE: 4
MAX 90 OR ABOVE: 0 0.10 INCH OR MORE: 1
MIN 32 OR BELOW: 0 0.50 INCH OR MORE: 1
MIN 0 OR BELOW: 0 1.00 INCH OR MORE: 1
[HDD (BASE 65) ]
TOTAL THIS MO. 8 CLEAR (SCALE 0-3) 7
DPTR FM NORMAL -16 PTCLDY (SCALE 4-7) 16
TOTAL FM JUL 1 1003 CLOUDY (SCALE 8-10) 7
DPTR FM NORMAL -66
[CDD (BASE 65) ]
TOTAL THIS MO. 256
DPTR FM NORMAL 67 [PRESSURE DATA]
TOTAL FM JAN 1 352 HIGHEST SLP 30.28 ON 26
DPTR FM NORMAL 9 LOWEST SLP 29.58 ON 5
[REMARKS]
#FINAL-04-22#