000
CXUS56 KMTR 010900
CF6LVK
PRELIMINARY LOCAL CLIMATOLOGICAL DATA (WS FORM: F-6)
STATION: LIVERMORE AIRPORT
MONTH: APRIL
YEAR: 2022
LATITUDE: 37 42 N
LONGITUDE: 121 49 W
TEMPERATURE IN F: :PCPN: SNOW: WIND :SUNSHINE: SKY :PK WND
================================================================================
1 2 3 4 5 6A 6B 7 8 9 10 11 12 13 14 15 16 17 18
12Z AVG MX 2MIN
DY MAX MIN AVG DEP HDD CDD WTR SNW DPTH SPD SPD DIR MIN PSBL S-S WX SPD DR
================================================================================
1 77 41 59 4 6 0 0.00 M M 4.6 17 280 M M 0 20 280
2 80 43 62 7 3 0 0.00 M M 4.4 17 70 M M 0 22 70
3 78 44 61 6 4 0 0.00 M M 7.3 18 270 M M 0 23 280
4 71 47 59 4 6 0 0.00 M M 8.9 17 270 M M 1 21 260
5 75 47 61 6 4 0 0.00 M M 2.8 12 50 M M 0 17 280
6 83 41 62 7 3 0 0.00 M M 5.9 18 70 M M 0 24 80
7 91 49 70 14 0 5 0.00 M M 2.8 15 40 M M 0 21 60
8 90 50 70 14 0 5 0.00 M M 5.9 16 290 M M 0 20 290
9 79 43 61 5 4 0 0.00 M M 4.5 16 270 M M 0 25 340
10 72 48 60 4 5 0 0.00 M M 10.3 20 270 M M 0 25 280
11 60 42 51 -5 14 0 0.05 M M 14.3 26 270 M M 4 1 34 260
12 60 37 49 -7 16 0 0.00 M M 9.7 22 250 M M 1 27 240
13 62 37 50 -6 15 0 T M M 6.7 18 270 M M 3 24 270
14 61 49 55 -2 10 0 0.01 M M 7.9 16 220 M M 10 1 20 220
15 70 47 59 2 6 0 0.00 M M 9.0 18 290 M M 4 24 290
16 66 43 55 -2 10 0 0.28 M M 9.2 17 280 M M 5 1 24 200
17 68 39 54 -3 11 0 0.00 M M 5.9 15 290 M M 0 19 300
18 73 38 56 -1 9 0 0.00 M M 6.0 22 270 M M 2 26 270
19 67 47 57 -1 8 0 0.29 M M 8.2 16 280 M M 3 1 20 260
20 71 43 57 -1 8 0 0.17 M M 8.8 20 240 M M 3 1 25 230
21 64 50 57 -1 8 0 0.11 M M 9.9 23 230 M M 7 1 27 230
22 65 47 56 -2 9 0 0.12 M M 6.3 18 270 M M 5 1 23 260
23 76 42 59 1 6 0 0.00 M M 4.7 18 270 M M 0 21 260
24 79 44 62 4 3 0 0.00 M M 5.0 16 280 M M 0 19 280
25 78 45 62 3 3 0 0.00 M M 6.7 18 290 M M 0 22 290
26 66 48 57 -2 8 0 0.00 M M 10.7 16 270 M M 0 23 240
27 68 44 56 -3 9 0 0.00 M M 7.9 18 290 M M 0 22 280
28 63 46 55 -4 10 0 0.00 M M 12.3 22 250 M M 2 27 250
29 75 40 58 -1 7 0 0.00 M M 3.7 17 270 M M 0 21 270
30 73 48 61 1 4 0 0.00 M M 10.3 24 280 M M 1 29 270
================================================================================
SM 2161 1329 209 10 1.03 M 220.6 M 51
================================================================================
AV 72.0 44.3 7.4 FASTST M M 2 MAX(MPH)
MISC ----> 26 270 34 260
================================================================================
NOTES:
# LAST OF SEVERAL OCCURRENCES
COLUMN 17 PEAK WIND IN M.P.H.
PRELIMINARY LOCAL CLIMATOLOGICAL DATA (WS FORM: F-6) , PAGE 2
STATION: LIVERMORE AIRPORT
MONTH: APRIL
YEAR: 2022
LATITUDE: 37 42 N
LONGITUDE: 121 49 W
[TEMPERATURE DATA] [PRECIPITATION DATA] SYMBOLS USED IN COLUMN 16
AVERAGE MONTHLY: 58.2 TOTAL FOR MONTH: 1.03 1 = FOG OR MIST
DPTR FM NORMAL: 1.3 DPTR FM NORMAL: -0.05 2 = FOG REDUCING VISIBILITY
HIGHEST: 91 ON 7 GRTST 24HR 0.29 ON 19-19 TO 1/4 MILE OR LESS
LOWEST: 37 ON 13,12 3 = THUNDER
SNOW, ICE PELLETS, HAIL 4 = ICE PELLETS
TOTAL MONTH: M 5 = HAIL
GRTST 24HR M ON M 6 = FREEZING RAIN OR DRIZZLE
GRTST DEPTH: M ON M 7 = DUSTSTORM OR SANDSTORM:
VSBY 1/2 MILE OR LESS
8 = SMOKE OR HAZE
[NO. OF DAYS WITH] [WEATHER - DAYS WITH] 9 = BLOWING SNOW
X = TORNADO
MAX 32 OR BELOW: 0 0.01 INCH OR MORE: 7
MAX 90 OR ABOVE: 2 0.10 INCH OR MORE: 5
MIN 32 OR BELOW: 0 0.50 INCH OR MORE: 0
MIN 0 OR BELOW: 0 1.00 INCH OR MORE: 0
[HDD (BASE 65) ]
TOTAL THIS MO. 209 CLEAR (SCALE 0-3) 22
DPTR FM NORMAL -40 PTCLDY (SCALE 4-7) 7
TOTAL FM JUL 1 2275 CLOUDY (SCALE 8-10) 1
DPTR FM NORMAL -274
[CDD (BASE 65) ]
TOTAL THIS MO. 10
DPTR FM NORMAL 2 [PRESSURE DATA]
TOTAL FM JAN 1 11 HIGHEST SLP M ON M
DPTR FM NORMAL 3 LOWEST SLP 29.82 ON 16
[REMARKS]
#FINAL-04-22#