000
CXUS56 KMTR 031818
CF6LVK
PRELIMINARY LOCAL CLIMATOLOGICAL DATA (WS FORM: F-6)
STATION: LIVERMORE AIRPORT
MONTH: MARCH
YEAR: 2020
LATITUDE: 37 42 N
LONGITUDE: 121 49 W
TEMPERATURE IN F: :PCPN: SNOW: WIND :SUNSHINE: SKY :PK WND
================================================================================
1 2 3 4 5 6A 6B 7 8 9 10 11 12 13 14 15 16 17 18
12Z AVG MX 2MIN
DY MAX MIN AVG DEP HDD CDD WTR SNW DPTH SPD SPD DIR MIN PSBL S-S WX SPD DR
================================================================================
1 57 43 50 -3 15 0 0.00 0.0 0 8.6 22 10 M M 5 32 20
2 70 50 60 7 5 0 0.00 0.0 0 10.4 22 360 M M 0 33 20
3 75 47 61 8 4 0 0.00 0.0 0 5.6 18 60 M M 0 25 60
4 78 42 60 7 5 0 0.00 0.0 0 3.8 15 80 M M 0 18 80
5 69 42 56 3 9 0 0.00 0.0 0 5.8 17 280 M M 1 20 280
6 64 50 57 4 8 0 0.00 0.0 0 10.1 20 310 M M 6 24 270
7 57 46 52 -1 13 0 0.08 M 0 6.2 17 240 M M 9 1 21 240
8 58 41 50 -3 15 0 T M 0 3.1 12 290 M M 8 15 240
9 65 42 54 1 11 0 0.00 0.0 0 4.2 13 60 M M 1 17 60
10 73 44 59 6 6 0 T M M 3.7 14 70 M M 4 21 90
11 74 49 62 9 3 0 T M M 3.5 17 270 M M 5 21 290
12 76 44 60 6 5 0 0.00 M M 4.4 17 260 M M 0 21 270
13 68 42 55 1 10 0 0.00 M M 10.2 30 240 M M 2 18 36 240
14 55 47 51 -3 14 0 0.88 M M 8.8 17 290 M M 10 1 22 280
15 53 44 49 -5 16 0 0.39 M M 7.0 17 260 M M 10 1 17 200
16 52 38 45 -9 20 0 0.25 M M 7.6 16 80 M M 9 1 M M
17 55 34 45 -9 20 0 0.57 M M 3.1 14 90 M M 4 13 16 60
18 54 40 47 -7 18 0 T M M 3.1 10 250 M M 10 1 13 250
19 61 41 51 -3 14 0 0.02 M M 3.1 12 270 M M 6 15 70
20 62 39 51 -3 14 0 0.00 M M 4.6 14 60 M M 2 19 80
21 62 39 51 -3 14 0 0.01 M M 2.8 18 90 M M 6 1 23 80
22 66 40 53 -1 12 0 0.00 M M 4.3 18 60 M M 5 23 80
23 56 41 49 -5 16 0 0.00 M M 8.4 18 250 M M 8 23 280
24 57 45 51 -3 14 0 0.16 M M 7.5 18 270 M M 9 18 22 270
25 57 38 48 -6 17 0 0.01 M M 6.9 21 260 M M 5 13 25 250
26 58 33 46 -8 19 0 T M M 3.8 15 280 M M 2 19 280
27 57 38 48 -6 17 0 T M M 7.9 20 250 M M 5 1 23 260
28 56 47 52 -2 13 0 0.08 M M 1.7 14 270 M M 9 1 16 260
29 61 47 54 0 11 0 0.00 M M 3.5 13 270 M M 9 1 15 270
30 65 49 57 3 8 0 0.00 M M 5.4 15 270 M M 5 20 270
31 68 44 56 2 9 0 0.00 M M 5.7 17 270 M M 3 20 280
================================================================================
SM 1939 1326 375 0 2.45 0.0 174.8 M 158
================================================================================
AV 62.5 42.8 5.6 FASTST M M 5 MAX(MPH)
MISC ----> 30 240 36 240
================================================================================
NOTES:
# LAST OF SEVERAL OCCURRENCES
COLUMN 17 PEAK WIND IN M.P.H.
PRELIMINARY LOCAL CLIMATOLOGICAL DATA (WS FORM: F-6) , PAGE 2
STATION: LIVERMORE AIRPORT
MONTH: MARCH
YEAR: 2020
LATITUDE: 37 42 N
LONGITUDE: 121 49 W
[TEMPERATURE DATA] [PRECIPITATION DATA] SYMBOLS USED IN COLUMN 16
AVERAGE MONTHLY: 52.7 TOTAL FOR MONTH: 2.45 1 = FOG OR MIST
DPTR FM NORMAL: -0.8 DPTR FM NORMAL: 0.25 2 = FOG REDUCING VISIBILITY
HIGHEST: 78 ON 4 GRTST 24HR 1.00 ON 14-15 TO 1/4 MILE OR LESS
LOWEST: 33 ON 26 3 = THUNDER
SNOW, ICE PELLETS, HAIL 4 = ICE PELLETS
TOTAL MONTH: 0.0 INCH 5 = HAIL
GRTST 24HR 0.0 6 = FREEZING RAIN OR DRIZZLE
GRTST DEPTH: 0 7 = DUSTSTORM OR SANDSTORM:
VSBY 1/2 MILE OR LESS
8 = SMOKE OR HAZE
[NO. OF DAYS WITH] [WEATHER - DAYS WITH] 9 = BLOWING SNOW
X = TORNADO
MAX 32 OR BELOW: 0 0.01 INCH OR MORE: 10
MAX 90 OR ABOVE: 0 0.10 INCH OR MORE: 5
MIN 32 OR BELOW: 0 0.50 INCH OR MORE: 2
MIN 0 OR BELOW: 0 1.00 INCH OR MORE: 0
[HDD (BASE 65) ]
TOTAL THIS MO. 375 CLEAR (SCALE 0-3) 10
DPTR FM NORMAL 18 PTCLDY (SCALE 4-7) 13
TOTAL FM JUL 1 2057 CLOUDY (SCALE 8-10) 8
DPTR FM NORMAL -305
[CDD (BASE 65) ]
TOTAL THIS MO. 0
DPTR FM NORMAL -1 [PRESSURE DATA]
TOTAL FM JAN 1 0 HIGHEST SLP 30.32 ON 30
DPTR FM NORMAL -1 LOWEST SLP 29.68 ON 13
[REMARKS]
#FINAL-03-20#