000
CXUS55 KBYZ 011100
CF6LVM
PRELIMINARY LOCAL CLIMATOLOGICAL DATA (WS FORM: F-6)
STATION: LIVINGSTON MT
MONTH: NOVEMBER
YEAR: 2023
LATITUDE: 45 41 N
LONGITUDE: 110 26 W
TEMPERATURE IN F: :PCPN: SNOW: WIND :SUNSHINE: SKY :PK WND
================================================================================
1 2 3 4 5 6A 6B 7 8 9 10 11 12 13 14 15 16 17 18
12Z AVG MX 2MIN
DY MAX MIN AVG DEP HDD CDD WTR SNW DPTH SPD SPD DIR MIN PSBL S-S WX SPD DR
================================================================================
1 56 28 42 2 23 0 0.00 M M 20.5 32 240 M M 1 41 250
2 53 42 48 9 17 0 T M M 28.7 44 220 M M 8 63 220
3 59 37 48 9 17 0 0.00 M M 15.6 38 210 M M 6 48 220
4 62 31 47 8 18 0 T M M 21.8 44 210 M M 3 61 210
5 56 38 47 9 18 0 0.02 M M 19.1 40 210 M M 5 53 190
6 62 34 48 10 17 0 0.04 M M 16.8 37 240 M M 4 1 49 240
7 54 38 46 8 19 0 0.00 M M 18.0 31 240 M M 6 40 240
8 48 32 40 2 25 0 T M M 17.7 30 260 M M 2 42 270
9 50 24 37 0 28 0 0.00 M M 16.1 32 240 M M 0 43 230
10 50 35 43 6 22 0 0.00 M M 20.3 36 210 M M 5 52 210
11 54 31 43 6 22 0 0.00 M M 24.3 49 220 M M 1 67 220
12 59 35 47 11 18 0 0.00 M M 19.0 37 220 M M 0 49 220
13 64 33 49 13 16 0 0.00 M M 23.0 36 210 M M 0 48 210
14 58 40 49 13 16 0 0.00 M M 15.5 33 220 M M 3 45 210
15 63 50 57 22 8 0 0.00 M M 26.9 49 210 M M 1 65 210
16 57 38 48 13 17 0 0.00 M M 16.3 43 220 M M 5 8 58 210
17 59 35 47 12 18 0 0.00 M M 18.5 30 240 M M 0 44 240
18 59 27 43 9 22 0 0.00 M M 13.3 25 260 M M 0 35 270
19 56 28 42 8 23 0 T M M 15.8 25 240 M M 3 33 250
20 43 27 35 1 30 0 0.00 M M 18.0 30 250 M M 3 37 250
21 55 30 43 10 22 0 0.00 M M 24.5 43 250 M M 0 59 240
22 53 38 46 13 19 0 0.00 M M 23.0 43 220 M M 5 59 220
23 40 19 30 -3 35 0 T M M 21.0 31 80 M M 10 1 40 90
24 20 11 16 -16 49 0 T M M 10.7 24 80 M M 10 18 33 80
25 33 9 21 -11 44 0 0.00 M M 15.1 26 250 M M 2 33 250
26 41 24 33 1 32 0 0.00 M M 13.4 26 230 M M 5 34 230
27 46 23 35 4 30 0 0.00 M M 26.2 38 220 M M 0 53 220
28 50 35 43 12 22 0 0.00 M M 25.3 38 220 M M 0 50 220
29 51 21 36 5 29 0 0.00 M M 17.2 33 250 M M 0 52 260
30 35 12 24 -6 41 0 0.00 M M 1.9 7 120 M M 3 9 120
================================================================================
SM 1546 905 717 0 0.06 M 563.5 M 91
================================================================================
AV 51.5 30.2 18.8 FASTST M M 3 MAX(MPH)
MISC ----> # 49 220 67 220
================================================================================
NOTES:
# LAST OF SEVERAL OCCURRENCES
COLUMN 17 PEAK WIND IN M.P.H.
PRELIMINARY LOCAL CLIMATOLOGICAL DATA (WS FORM: F-6) , PAGE 2
STATION: LIVINGSTON MT
MONTH: NOVEMBER
YEAR: 2023
LATITUDE: 45 41 N
LONGITUDE: 110 26 W
[TEMPERATURE DATA] [PRECIPITATION DATA] SYMBOLS USED IN COLUMN 16
AVERAGE MONTHLY: 40.9 TOTAL FOR MONTH: 0.06 1 = FOG OR MIST
DPTR FM NORMAL: 5.8 DPTR FM NORMAL: -0.56 2 = FOG REDUCING VISIBILITY
HIGHEST: 64 ON 13 GRTST 24HR 0.04 ON 6- 6 TO 1/4 MILE OR LESS
LOWEST: 9 ON 25 3 = THUNDER
SNOW, ICE PELLETS, HAIL 4 = ICE PELLETS
TOTAL MONTH: M 5 = HAIL
GRTST 24HR M ON M 6 = FREEZING RAIN OR DRIZZLE
GRTST DEPTH: M ON M 7 = DUSTSTORM OR SANDSTORM:
VSBY 1/2 MILE OR LESS
8 = SMOKE OR HAZE
[NO. OF DAYS WITH] [WEATHER - DAYS WITH] 9 = BLOWING SNOW
X = TORNADO
MAX 32 OR BELOW: 1 0.01 INCH OR MORE: 2
MAX 90 OR ABOVE: 0 0.10 INCH OR MORE: 0
MIN 32 OR BELOW: 16 0.50 INCH OR MORE: 0
MIN 0 OR BELOW: 0 1.00 INCH OR MORE: 0
[HDD (BASE 65) ]
TOTAL THIS MO. 717 CLEAR (SCALE 0-3) 17
DPTR FM NORMAL -180 PTCLDY (SCALE 4-7) 11
TOTAL FM JUL 1 1563 CLOUDY (SCALE 8-10) 2
DPTR FM NORMAL -288
[CDD (BASE 65) ]
TOTAL THIS MO. 0
DPTR FM NORMAL 0 [PRESSURE DATA]
TOTAL FM JAN 1 292 HIGHEST SLP 30.63 ON 20
DPTR FM NORMAL 14 LOWEST SLP 29.54 ON 6
[REMARKS]
#FINAL-11-23#