000
CXUS53 KTOP 010810
CF6LWC
PRELIMINARY LOCAL CLIMATOLOGICAL DATA (WS FORM: F-6)
STATION: LAWRENCE KS
MONTH: MAY
YEAR: 2022
LATITUDE: 39 0 N
LONGITUDE: 95 13 W
TEMPERATURE IN F: :PCPN: SNOW: WIND :SUNSHINE: SKY :PK WND
================================================================================
1 2 3 4 5 6A 6B 7 8 9 10 11 12 13 14 15 16 17 18
12Z AVG MX 2MIN
DY MAX MIN AVG DEP HDD CDD WTR SNW DPTH SPD SPD DIR MIN PSBL S-S WX SPD DR
================================================================================
1 72 47 60 0 5 0 0.00 M M 10.7 21 280 M M 2 8 29 280
2 59 49 54 -6 11 0 0.49 M M 12.1 26 330 M M 8 138 40 330
3 56 45 51 -9 14 0 0.01 M M 11.4 22 330 M M 10 1 31 320
4 54 51 53 -8 12 0 0.63 M M 9.1 25 110 M M 9 13 33 110
5 66 53 60 -1 5 0 0.46 M M 6.2 26 90 M M 9 1 35 90
6 67 51 59 -2 6 0 0.01 M M 5.8 13 40 M M 9 18 17 30
7 75 48 62 0 3 0 0.00 M M 12.4 22 120 M M 0 28 120
8 77 61 69 7 0 4 0.02 M M 15.1 25 160 M M 7 38 170
9 92 69 81 19 0 16 0.00 M M 18.1 30 200 M M 3 8 41 190
10 92 77 85 22 0 20 0.00 M M 13.3 22 180 M M 5 8 33 170
11 92 74 83 20 0 18 0.00 M M 10.3 22 200 M M 1 18 29 170
12 94 69 82 18 0 17 0.00 M M 11.2 26 170 M M 0 35 170
13 82 61 72 8 0 7 0.00 M M 6.2 31 100 M M 3 13 46 100
14 90 58 74 10 0 9 0.00 M M 1.4 15 310 M M 0 1 20 320
15 77 54 66 1 0 1 0.64 M M 8.5 41 320 M M 3 13 58 310
16 81 50 66 1 0 1 0.00 M M 3.7 9 270 M M 0 1 14 290
17 84 53 69 3 0 4 1.36 M M 9.6 36 210 M M 3 123 46 210
18 86 62 74 8 0 9 0.10 M M 5.1 23 180 M M 3 13 34 170
19 83 61 72 6 0 7 0.00 M M 8.5 20 210 M M 0 1 27 170
20 78 55 67 0 0 2 0.00 M M 9.7 24 180 M M 7 37 190
21 65 42 54 -13 11 0 0.10 M M 11.2 21 340 M M 7 3 30 330
22 71 40 56 -12 9 0 0.00 M M 6.4 15 20 M M 0 22 360
23 70 41 56 -12 9 0 0.00 M M 7.9 18 100 M M 6 18 26 90
24 63 55 59 -9 6 0 1.16 M M 10.3 20 90 M M 10 1 28 90
25 67 58 63 -6 2 0 0.77 M M 6.6 28 290 M M 10 1 37 290
26 66 46 56 -13 9 0 0.11 M M 9.2 24 320 M M 8 1 32 320
27 82 44 63 -6 2 0 0.00 M M 4.7 9 110 M M 1 12 13 150
28 87 60 74 4 0 9 0.00 M M 13.2 29 190 M M 0 43 190
29 87 71 79 9 0 14 0.00 M M 17.4 28 170 M M 0 44 160
30 86 72 79 9 0 14 0.01 M M 18.3 33 190 M M 2 3 47 170
31 80 64 72 1 0 7 2.25 M M 3.7 28 310 M M 9 13 37 310
================================================================================
SM 2381 1741 104 159 8.12 M 297.3 M 135
================================================================================
AV 76.8 56.2 9.6 FASTST M M 4 MAX(MPH)
MISC ----> 41 320 58 310
================================================================================
NOTES:
# LAST OF SEVERAL OCCURRENCES
COLUMN 17 PEAK WIND IN M.P.H.
PRELIMINARY LOCAL CLIMATOLOGICAL DATA (WS FORM: F-6) , PAGE 2
STATION: LAWRENCE KS
MONTH: MAY
YEAR: 2022
LATITUDE: 39 0 N
LONGITUDE: 95 13 W
[TEMPERATURE DATA] [PRECIPITATION DATA] SYMBOLS USED IN COLUMN 16
AVERAGE MONTHLY: 66.5 TOTAL FOR MONTH: 8.12 1 = FOG OR MIST
DPTR FM NORMAL: 1.3 DPTR FM NORMAL: 3.38 2 = FOG REDUCING VISIBILITY
HIGHEST: 94 ON 12 GRTST 24HR 2.25 ON 31-31 TO 1/4 MILE OR LESS
LOWEST: 40 ON 22 3 = THUNDER
SNOW, ICE PELLETS, HAIL 4 = ICE PELLETS
TOTAL MONTH: M 5 = HAIL
GRTST 24HR M ON M 6 = FREEZING RAIN OR DRIZZLE
GRTST DEPTH: M ON M 7 = DUSTSTORM OR SANDSTORM:
VSBY 1/2 MILE OR LESS
8 = SMOKE OR HAZE
[NO. OF DAYS WITH] [WEATHER - DAYS WITH] 9 = BLOWING SNOW
X = TORNADO
MAX 32 OR BELOW: 0 0.01 INCH OR MORE: 15
MAX 90 OR ABOVE: 5 0.10 INCH OR MORE: 11
MIN 32 OR BELOW: 0 0.50 INCH OR MORE: 6
MIN 0 OR BELOW: 0 1.00 INCH OR MORE: 3
[HDD (BASE 65) ]
TOTAL THIS MO. 104 CLEAR (SCALE 0-3) 16
DPTR FM NORMAL -1 PTCLDY (SCALE 4-7) 6
TOTAL FM JUL 1 4592 CLOUDY (SCALE 8-10) 9
DPTR FM NORMAL -406
[CDD (BASE 65) ]
TOTAL THIS MO. 159
DPTR FM NORMAL 47 [PRESSURE DATA]
TOTAL FM JAN 1 180 HIGHEST SLP M ON M
DPTR FM NORMAL 44 LOWEST SLP 29.23 ON 20
[REMARKS]
#FINAL-05-22#