000
CXUS53 KDMX 081641
CF6LWD
PRELIMINARY LOCAL CLIMATOLOGICAL DATA (WS FORM: F-6)
STATION: LAMONI IA
MONTH: APRIL
YEAR: 2023
LATITUDE: 40 37 N
LONGITUDE: 93 56 W
TEMPERATURE IN F: :PCPN: SNOW: WIND :SUNSHINE: SKY :PK WND
================================================================================
1 2 3 4 5 6A 6B 7 8 9 10 11 12 13 14 15 16 17 18
12Z AVG MX 2MIN
DY MAX MIN AVG DEP HDD CDD WTR SNW DPTH SPD SPD DIR MIN PSBL S-S WX SPD DR
================================================================================
1 53 33 43 -4 22 0 T M M 18.2 38 290 M M 4 53 300
2 74 37 56 8 9 0 0.00 0.0 M 12.8 29 220 M M 0 40 230
3 60 47 54 6 11 0 T 0.0 M 13.1 22 50 M M 10 32 60
4 87 41 64 16 1 0 T 0.0 M 17.8 37 230 M M 4 3 54 200
5 48 29 39 -10 26 0 0.04 0.0 M 15.9 28 290 M M 6 38 310
6 55 22 39 -10 26 0 0.00 0.0 M 6.6 16 330 M M 0 20 330
7 65 35 50 1 15 0 0.00 0.0 M 8.4 17 190 M M 0 28 170
8 68 39 54 4 11 0 0.00 0.0 M 10.2 18 150 M M 0 28 180
9 70 45 58 8 7 0 0.00 0.0 M 9.5 17 150 M M 0 29 150
10 70 47 59 9 6 0 0.15 0.0 M 5.4 12 180 M M 5 18 130
11 78 46 62 12 3 0 0.00 0.0 M 11.5 23 220 M M 0 33 260
12 80 54 67 16 0 2 0.00 0.0 M 15.2 28 230 M M 0 38 230
13 80 52 66 15 0 1 0.00 0.0 M 13.0 23 180 M M 0 31 190
14 81 53 67 15 0 2 0.00 0.0 M 11.7 23 170 M M 0 37 170
15 67 38 53 1 12 0 0.45 0.0 M 16.1 26 320 M M 10 13 34 10
16 46 35 41 -11 24 0 0.01 M M 20.3 35 290 M M 8 1 47 290
17 63 33 48 -4 17 0 0.00 0.0 M 11.8 24 310 M M 0 32 320
18 68 40 54 1 11 0 0.00 0.0 M 10.6 16 130 M M 0 32 120
19 74 59 67 14 0 2 0.07 0.0 M 11.4 24 150 M M 7 3 32 170
20 74 43 59 6 6 0 0.42 0.0 M 13.7 37 280 M M 5 13 55 200
21 52 33 43 -11 22 0 0.00 0.0 M 14.5 26 280 M M 3 36 270
22 42 31 37 -17 28 0 T M M 15.2 28 320 M M 8 36 320
23 51 25 38 -16 27 0 0.00 0.0 M 9.6 26 300 M M 2 38 310
24 66 34 50 -5 15 0 0.01 0.0 M 9.4 22 230 M M 7 29 230
25 64 42 53 -2 12 0 0.00 0.0 M 5.4 12 40 M M 6 16 40
26 63 39 51 -4 14 0 0.00 0.0 M 6.2 13 140 M M 1 20 80
27 68 42 55 -1 10 0 0.00 0.0 M 6.0 14 180 M M 4 19 160
28 69 49 59 3 6 0 0.00 0.0 M 7.5 20 360 M M 6 27 350
29 63 38 51 -5 14 0 0.02 0.0 M 11.5 26 320 M M 3 36 330
30 59 39 49 -8 16 0 0.00 0.0 M 21.9 37 310 M M 7 52 320
================================================================================
SM 1958 1200 371 7 1.17 0.0 360.4 M 106
================================================================================
AV 65.3 40.0 12.0 FASTST M M 4 MAX(MPH)
MISC ----> 38 290 55 200
================================================================================
NOTES:
# LAST OF SEVERAL OCCURRENCES
COLUMN 17 PEAK WIND IN M.P.H.
PRELIMINARY LOCAL CLIMATOLOGICAL DATA (WS FORM: F-6) , PAGE 2
STATION: LAMONI IA
MONTH: APRIL
YEAR: 2023
LATITUDE: 40 37 N
LONGITUDE: 93 56 W
[TEMPERATURE DATA] [PRECIPITATION DATA] SYMBOLS USED IN COLUMN 16
AVERAGE MONTHLY: 52.6 TOTAL FOR MONTH: 1.17 1 = FOG OR MIST
DPTR FM NORMAL: 0.6 DPTR FM NORMAL: -3.08 2 = FOG REDUCING VISIBILITY
HIGHEST: 87 ON 4 GRTST 24HR 0.49 ON 19-20 TO 1/4 MILE OR LESS
LOWEST: 22 ON 6 3 = THUNDER
SNOW, ICE PELLETS, HAIL 4 = ICE PELLETS
TOTAL MONTH: 0.0 INCH 5 = HAIL
GRTST 24HR 0.0 6 = FREEZING RAIN OR DRIZZLE
GRTST DEPTH: M ON M 7 = DUSTSTORM OR SANDSTORM:
VSBY 1/2 MILE OR LESS
8 = SMOKE OR HAZE
[NO. OF DAYS WITH] [WEATHER - DAYS WITH] 9 = BLOWING SNOW
X = TORNADO
MAX 32 OR BELOW: 0 0.01 INCH OR MORE: 8
MAX 90 OR ABOVE: 0 0.10 INCH OR MORE: 3
MIN 32 OR BELOW: 4 0.50 INCH OR MORE: 0
MIN 0 OR BELOW: 0 1.00 INCH OR MORE: 0
[HDD (BASE 65) ]
TOTAL THIS MO. 371 CLEAR (SCALE 0-3) 15
DPTR FM NORMAL -28 PTCLDY (SCALE 4-7) 12
TOTAL FM JUL 1 5537 CLOUDY (SCALE 8-10) 3
DPTR FM NORMAL -193
[CDD (BASE 65) ]
TOTAL THIS MO. 7
DPTR FM NORMAL -1 [PRESSURE DATA]
TOTAL FM JAN 1 7 HIGHEST SLP 30.47 ON 6
DPTR FM NORMAL -3 LOWEST SLP 29.23 ON 4
[REMARKS]
#FINAL-04-23#