000
CXUS56 KOTX 011010
CF6LWS
PRELIMINARY LOCAL CLIMATOLOGICAL DATA (WS FORM: F-6)
STATION: LEWISTON ID AIRPORT
MONTH: NOVEMBER
YEAR: 2021
LATITUDE: 46 22 N
LONGITUDE: 117 1 W
TEMPERATURE IN F: :PCPN: SNOW: WIND :SUNSHINE: SKY :PK WND
================================================================================
1 2 3 4 5 6A 6B 7 8 9 10 11 12 13 14 15 16 17 18
12Z AVG MX 2MIN
DY MAX MIN AVG DEP HDD CDD WTR SNW DPTH SPD SPD DIR MIN PSBL S-S WX SPD DR
================================================================================
1 52 33 43 -3 22 0 0.01 0.0 0 3.2 13 280 M M 2 12 15 280
2 57 45 51 5 14 0 0.02 0.0 0 2.6 9 80 M M 7 18 11 70
3 62 48 55 10 10 0 0.00 0.0 0 8.6 15 70 M M 3 17 70
4 56 49 53 8 12 0 0.19 0.0 0 6.6 24 270 M M 7 1 34 260
5 55 42 49 4 16 0 0.25 0.0 0 5.7 13 80 M M 5 8 15 80
6 48 36 42 -2 23 0 0.05 0.0 0 3.1 9 100 M M 6 128 11 100
7 46 33 40 -4 25 0 0.00 0.0 0 1.3 9 140 M M 6 12 9 140
8 54 32 43 -1 22 0 0.00 0.0 0 5.9 15 70 M M 0 19 80
9 52 39 46 3 19 0 0.07 0.0 0 9.1 26 250 M M 6 18 32 250
10 55 35 45 2 20 0 0.00 0.0 0 5.2 14 80 M M 2 16 80
11 45 38 42 -1 23 0 0.35 0.0 0 5.3 15 60 M M 10 128 19 120
12 56 44 50 8 15 0 0.26 0.0 0 4.8 14 70 M M 9 12 18 70
13 56 47 52 10 13 0 0.03 0.0 0 5.4 12 70 M M 5 14 90
14 69 47 58 16 7 0 T 0.0 0 7.4 24 200 M M 3 30 200
15 63 46 55 13 10 0 T 0.0 0 9.8 39 260 M M 2 50 270
16 49 34 42 1 23 0 T 0.0 0 10.4 26 250 M M 1 8 33 250
17 45 28 37 -4 28 0 0.00 0.0 0 6.8 15 80 M M 0 18 70
18 46 35 41 0 24 0 T 0.0 0 9.3 17 70 M M 8 21 80
19 46 39 43 2 22 0 0.26 0.0 0 5.6 18 130 M M 10 1 23 130
20 46 35 41 1 24 0 0.00 0.0 0 2.4 7 180 M M 5 8 8 40
21 48 31 40 0 25 0 0.00 0.0 0 5.1 24 110 M M 1 128 28 120
22 57 34 46 6 19 0 0.00 0.0 0 5.8 16 110 M M 0 21 110
23 47 31 39 -1 26 0 0.11 T 0 5.4 23 290 M M 8 12 30 280
24 48 32 40 1 25 0 0.00 0.0 0 5.2 14 170 M M 1 17 160
25 54 40 47 8 18 0 T 0.0 0 14.8 30 170 M M 10 37 160
26 59 45 52 13 13 0 T 0.0 0 11.3 29 170 M M 7 34 180
27 55 43 49 11 16 0 0.04 0.0 0 8.2 21 160 M M 7 24 170
28 62 48 55 17 10 0 0.00 0.0 0 9.2 18 170 M M 2 24 170
29 55 41 48 10 17 0 0.24 0.0 0 4.0 13 150 M M 5 128 15 150
30 53 41 47 9 18 0 0.01 0.0 0 5.9 20 170 M M 7 1 23 170
================================================================================
SM 1596 1171 559 0 1.89 T 193.4 M 145
================================================================================
AV 53.2 39.0 6.4 FASTST M M 5 MAX(MPH)
MISC ----> 39 260 50 270
================================================================================
NOTES:
# LAST OF SEVERAL OCCURRENCES
COLUMN 17 PEAK WIND IN M.P.H.
PRELIMINARY LOCAL CLIMATOLOGICAL DATA (WS FORM: F-6) , PAGE 2
STATION: LEWISTON ID AIRPORT
MONTH: NOVEMBER
YEAR: 2021
LATITUDE: 46 22 N
LONGITUDE: 117 1 W
[TEMPERATURE DATA] [PRECIPITATION DATA] SYMBOLS USED IN COLUMN 16
AVERAGE MONTHLY: 46.1 TOTAL FOR MONTH: 1.89 1 = FOG OR MIST
DPTR FM NORMAL: 4.5 DPTR FM NORMAL: 0.66 2 = FOG REDUCING VISIBILITY
HIGHEST: 69 ON 14 GRTST 24HR 0.49 ON 11-12 TO 1/4 MILE OR LESS
LOWEST: 28 ON 17 3 = THUNDER
SNOW, ICE PELLETS, HAIL 4 = ICE PELLETS
TOTAL MONTH: T 5 = HAIL
GRTST 24HR T ON 23-23 6 = FREEZING RAIN OR DRIZZLE
GRTST DEPTH: 0 7 = DUSTSTORM OR SANDSTORM:
VSBY 1/2 MILE OR LESS
8 = SMOKE OR HAZE
[NO. OF DAYS WITH] [WEATHER - DAYS WITH] 9 = BLOWING SNOW
X = TORNADO
MAX 32 OR BELOW: 0 0.01 INCH OR MORE: 14
MAX 90 OR ABOVE: 0 0.10 INCH OR MORE: 7
MIN 32 OR BELOW: 5 0.50 INCH OR MORE: 0
MIN 0 OR BELOW: 0 1.00 INCH OR MORE: 0
[HDD (BASE 65) ]
TOTAL THIS MO. 559 CLEAR (SCALE 0-3) 12
DPTR FM NORMAL -143 PTCLDY (SCALE 4-7) 14
TOTAL FM JUL 1 929 CLOUDY (SCALE 8-10) 4
DPTR FM NORMAL -251
[CDD (BASE 65) ]
TOTAL THIS MO. 0
DPTR FM NORMAL 0 [PRESSURE DATA]
TOTAL FM JAN 1 1378 HIGHEST SLP M ON M
DPTR FM NORMAL 466 LOWEST SLP 29.56 ON 15
[REMARKS]
#FINAL-11-21#