000
CXUS53 KILX 011013 RRA
CLALWV
CLIMATE REPORT
NATIONAL WEATHER SERVICE LINCOLN IL
105 AM CST WED JAN 1 2020
...................................
...THE LAWRENCEVILLE IL AIRPORT CLIMATE SUMMARY FOR THE YEAR OF 2019...
CLIMATE NORMAL PERIOD 1981 TO 2010
CLIMATE RECORD PERIOD 9999 TO 9999
WEATHER OBSERVED NORMAL DEPART LAST YEAR`S
VALUE DATE(S) VALUE FROM VALUE
NORMAL
.............................................................
TEMPERATURE (F)
RECORD
HIGH MM MM
LOW MM MM
HIGHEST 95 10/02 MM MM 98
10/01
09/30
LOWEST -4 01/30 MM MM -9
AVG. MAXIMUM 66.2 66.1 0.1 66.4
AVG. MINIMUM 46.0 45.8 0.2 46.8
MEAN 56.1 56.0 0.1 56.6
DAYS MAX >= 90 41 37.1 3.9 68
DAYS MAX <= 32 18 17.3 0.7 20
DAYS MIN <= 32 104 89.8 14.2 98
DAYS MIN <= 0 1 2.2 -1.2 5
PRECIPITATION (INCHES)
RECORD
MAXIMUM MM MM
MINIMUM MM MM
TOTALS 54.29 43.88 10.41 49.80
DAILY AVG. 0.15 0.14
DAYS >= .01 125 MM MM 125
DAYS >= .10 85 MM MM 81
DAYS >= .50 43 MM MM 35
DAYS >= 1.00 17 MM MM 15
GREATEST
24 HR. TOTAL 3.22 MM 4.72
DEGREE_DAYS
HEATING TOTAL 4663 4680 -17 4890
COOLING TOTAL 1511 1387 124 1952
FREEZE DATES
RECORD
EARLIEST MM
LATEST MM
EARLIEST MM
LATEST MM
..............................................................
SKY COVER
POSSIBLE SUNSHINE (PERCENT) MM
WEATHER CONDITIONS. NUMBER OF DAYS WITH
THUNDERSTORM 45 MIXED PRECIP 0
HEAVY RAIN 66 RAIN 63
LIGHT RAIN 146 FREEZING RAIN 3
LT FREEZING RAIN 5 HAIL 0
HEAVY SNOW 3 SNOW 5
LIGHT SNOW 31 SLEET 0
FOG 207 FOG W/VIS <= 1/4 MILE 34
HAZE 74
- INDICATES NEGATIVE NUMBERS.
R INDICATES RECORD WAS SET OR TIED.
MM INDICATES DATA IS MISSING.
T INDICATES TRACE AMOUNT.
$$