000
CXUS53 KGID 011326
CF6LXN
PRELIMINARY LOCAL CLIMATOLOGICAL DATA (WS FORM: F-6)
STATION: LEXINGTON NE
MONTH: JULY
YEAR: 2021
LATITUDE: 40 47 N
LONGITUDE: 99 46 W
TEMPERATURE IN F: :PCPN: SNOW: WIND :SUNSHINE: SKY :PK WND
================================================================================
1 2 3 4 5 6A 6B 7 8 9 10 11 12 13 14 15 16 17 18
12Z AVG MX 2MIN
DY MAX MIN AVG DEP HDD CDD WTR SNW DPTH SPD SPD DIR MIN PSBL S-S WX SPD DR
================================================================================
1 83 60 72 M 0 7 0.00 M M 5.1 10 110 M M 4 1 21 140
2 84 56 70 M 0 5 0.00 M M 5.7 13 160 M M 2 1 18 160
3 89 64 77 M 0 12 0.00 M M 11.3 17 190 M M 2 25 200
4 92 66 79 M 0 14 0.00 M M 8.3 13 180 M M 1 21 190
5 91 66 79 M 0 14 0.00 M M 7.5 14 210 M M 1 17 210
6 88 67 78 M 0 13 0.75 M M 6.8 32 330 M M 3 3 37 330
7 80 66 73 M 0 8 0.00 M M 5.2 9 130 M M 6 M M
8 92 62 77 M 0 12 0.00 M M 14.1 22 200 M M 0 29 190
9 90 66 78 M 0 13 0.01 M M 10.8 44 340 M M 0 3 67 340
10 80 60 70 M 0 5 0.32 M M 12.6 29 40 M M 4 40 40
11 78 58 68 M 0 3 0.00 M M 4.3 8 350 M M 4 16 130
12 83 53 68 M 0 3 0.00 M M 4.7 12 150 M M 0 1 M M
13 84 57 71 M 0 6 0.00 M M 6.7 14 110 M M 0 20 110
14 79 65 72 M 0 7 0.32 M M 8.8 27 150 M M 3 3 33 150
15 81 64 73 M 0 8 0.00 M M 5.7 10 110 M M 7 1 M M
16 83 68 76 M 0 11 0.00 M M 7.9 13 120 M M 6 1 18 120
17 85 64 75 M 0 10 0.44 M M 6.4 20 360 M M 2 3 24 360
18 82 68 75 M 0 10 0.05 M M 7.3 14 150 M M 4 1 12 130
19 82 64 73 M 0 8 0.00 M M 5.9 10 120 M M 4 M M
20 82 57 70 M 0 5 0.00 M M 6.1 14 160 M M 2 1 18 160
21 86 63 75 M 0 10 0.00 M M 11.7 21 180 M M 0 25 180
22 91 65 78 M 0 13 0.00 M M 10.0 16 150 M M 0 21 150
23 96 67 82 M 0 17 0.00 M M 8.5 16 170 M M 0 20 170
24 90 68 79 M 0 14 0.17 M M 6.6 14 80 M M 4 21 60
25 81 66 74 M 0 9 T M M 6.4 14 180 M M 1 13 17 160
26 89 60 75 M 0 10 0.00 M M 7.9 15 150 M M 2 1 18 140
27 93 66 80 M 0 15 0.00 M M 5.1 13 180 M M 0 18 17 180
28 98 68 83 M 0 18 0.00 M M 8.6 17 150 M M 0 23 150
29 95 71 83 M 0 18 0.00 M M 7.0 13 90 M M 3 3 17 30
30 92 75 84 M 0 19 0.00 M M 9.1 14 130 M M 5 1 18 130
31 75 63 69 M 0 4 T M M 6.0 17 60 M M 6 18 25 60
================================================================================
SM 2674 1983 0 321 2.06 M 238.1 M 76
================================================================================
AV 86.3 64.0 7.7 FASTST M M 2 MAX(MPH)
MISC ----> 44 340 M M
================================================================================
NOTES:
# LAST OF SEVERAL OCCURRENCES
COLUMN 17 PEAK WIND IN M.P.H.
PRELIMINARY LOCAL CLIMATOLOGICAL DATA (WS FORM: F-6) , PAGE 2
STATION: LEXINGTON NE
MONTH: JULY
YEAR: 2021
LATITUDE: 40 47 N
LONGITUDE: 99 46 W
[TEMPERATURE DATA] [PRECIPITATION DATA] SYMBOLS USED IN COLUMN 16
AVERAGE MONTHLY: 75.1 TOTAL FOR MONTH: 2.06 1 = FOG OR MIST
DPTR FM NORMAL: 0.0 DPTR FM NORMAL: M 2 = FOG REDUCING VISIBILITY
HIGHEST: 98 ON 28 GRTST 24HR 0.75 ON 6- 6 TO 1/4 MILE OR LESS
LOWEST: 53 ON 12 3 = THUNDER
SNOW, ICE PELLETS, HAIL 4 = ICE PELLETS
TOTAL MONTH: M 5 = HAIL
GRTST 24HR M ON M 6 = FREEZING RAIN OR DRIZZLE
GRTST DEPTH: M ON M 7 = DUSTSTORM OR SANDSTORM:
VSBY 1/2 MILE OR LESS
8 = SMOKE OR HAZE
[NO. OF DAYS WITH] [WEATHER - DAYS WITH] 9 = BLOWING SNOW
X = TORNADO
MAX 32 OR BELOW: 0 0.01 INCH OR MORE: 7
MAX 90 OR ABOVE: 11 0.10 INCH OR MORE: 5
MIN 32 OR BELOW: 0 0.50 INCH OR MORE: 1
MIN 0 OR BELOW: 0 1.00 INCH OR MORE: 0
[HDD (BASE 65) ]
TOTAL THIS MO. 0 CLEAR (SCALE 0-3) 20
DPTR FM NORMAL M PTCLDY (SCALE 4-7) 11
TOTAL FM JUL 1 0 CLOUDY (SCALE 8-10) 0
DPTR FM NORMAL M
[CDD (BASE 65) ]
TOTAL THIS MO. 321
DPTR FM NORMAL M [PRESSURE DATA]
TOTAL FM JAN 1 630 HIGHEST SLP M ON M
DPTR FM NORMAL M LOWEST SLP M ON M
[REMARKS]
#FINAL-07-21#