000
CXUS53 KEAX 010736
CF6LXT
PRELIMINARY LOCAL CLIMATOLOGICAL DATA (WS FORM: F-6)
STATION: LEE`S SUMMIT MO
MONTH: MAY
YEAR: 2023
LATITUDE: 38 57 N
LONGITUDE: 94 22 W
TEMPERATURE IN F: :PCPN: SNOW: WIND :SUNSHINE: SKY :PK WND
================================================================================
1 2 3 4 5 6A 6B 7 8 9 10 11 12 13 14 15 16 17 18
12Z AVG MX 2MIN
DY MAX MIN AVG DEP HDD CDD WTR SNW DPTH SPD SPD DIR MIN PSBL S-S WX SPD DR
================================================================================
1 64 41 53 -7 12 0 0.00 M M 12.0 25 300 M M 0 38 290
2 66 44 55 -6 10 0 0.00 M M 11.9 22 310 M M 0 33 310
3 72 37 55 -6 10 0 0.00 M M 3.6 9 340 M M 0 14 50
4 72 48 60 -1 5 0 T M M 10.3 24 210 M M 3 32 220
5 77 54 66 4 0 1 T M M 11.7 18 160 M M 8 30 180
6 91 61 76 14 0 11 T M M 12.9 24 200 M M 5 1 33 190
7 89 71 80 18 0 15 0.00 M M 14.7 28 200 M M 0 37 190
8 84 59 72 9 0 7 0.01 M M 6.3 23 30 M M 3 30 30
9 82 59 71 8 0 6 0.08 M M 9.4 29 170 M M 1 3 44 170
10 82 59 71 8 0 6 0.00 M M 8.2 23 160 M M 0 33 140
11 70 60 65 1 0 0 0.30 M M 7.6 15 120 M M 7 1 22 130
12 83 66 75 11 0 10 0.00 M M 9.5 17 150 M M 5 3 25 150
13 85 66 76 12 0 11 0.00 M M 9.4 18 190 M M 1 3 27 190
14 86 66 76 11 0 11 1.01 M M 4.9 18 320 M M 5 13 25 320
15 67 58 63 -2 2 0 0.04 M M 9.2 16 50 M M 10 1 23 40
16 67 55 61 -4 4 0 0.02 M M 5.5 12 10 M M 8 1 15 10
17 81 53 67 1 0 2 0.00 M M 3.9 10 60 M M 2 1 15 70
18 81 55 68 2 0 3 0.00 M M 4.8 14 210 M M 2 20 220
19 69 49 59 -7 6 0 0.48 M M 6.0 18 10 M M 6 18 24 360
20 70 44 57 -10 8 0 0.00 M M 5.4 13 30 M M 0 17 360
21 75 49 62 -5 3 0 0.00 M M 3.2 10 150 M M 0 8 15 190
22 77 53 65 -2 0 0 0.00 M M 4.7 13 160 M M 2 18 190
23 81 54 68 0 0 3 0.00 M M 3.6 15 100 M M 0 20 90
24 84 55 70 2 0 5 0.07 M M 3.8 20 200 M M 2 13 29 170
25 84 60 72 4 0 7 0.00 M M 7.2 15 80 M M 0 1 19 90
26 78 55 67 -2 0 2 0.00 M M 8.6 16 60 M M 0 22 100
27 79 50 65 -4 0 0 0.00 M M 5.2 13 90 M M 0 20 130
28 82 51 67 -3 0 2 0.00 M M 4.8 13 110 M M 0 17 90
29 84 62 73 3 0 8 0.00 M M 5.0 12 190 M M 1 16 150
30 85 61 73 3 0 8 0.81 M M 8.0 31 250 M M 4 13 55 260
31 82 60 71 1 0 6 0.62 M M 6.7 16 240 M M 3 1 21 240
================================================================================
SM 2429 1715 60 124 3.44 M 228.0 M 78
================================================================================
AV 78.4 55.3 7.4 FASTST M M 3 MAX(MPH)
MISC ----> 31 250 55 260
================================================================================
NOTES:
# LAST OF SEVERAL OCCURRENCES
COLUMN 17 PEAK WIND IN M.P.H.
PRELIMINARY LOCAL CLIMATOLOGICAL DATA (WS FORM: F-6) , PAGE 2
STATION: LEE`S SUMMIT MO
MONTH: MAY
YEAR: 2023
LATITUDE: 38 57 N
LONGITUDE: 94 22 W
[TEMPERATURE DATA] [PRECIPITATION DATA] SYMBOLS USED IN COLUMN 16
AVERAGE MONTHLY: 66.8 TOTAL FOR MONTH: 3.44 1 = FOG OR MIST
DPTR FM NORMAL: 1.5 DPTR FM NORMAL: -2.26 2 = FOG REDUCING VISIBILITY
HIGHEST: 91 ON 6 GRTST 24HR 1.43 ON 30-31 TO 1/4 MILE OR LESS
LOWEST: 37 ON 3 3 = THUNDER
SNOW, ICE PELLETS, HAIL 4 = ICE PELLETS
TOTAL MONTH: M 5 = HAIL
GRTST 24HR M ON M 6 = FREEZING RAIN OR DRIZZLE
GRTST DEPTH: M ON M 7 = DUSTSTORM OR SANDSTORM:
VSBY 1/2 MILE OR LESS
8 = SMOKE OR HAZE
[NO. OF DAYS WITH] [WEATHER - DAYS WITH] 9 = BLOWING SNOW
X = TORNADO
MAX 32 OR BELOW: 0 0.01 INCH OR MORE: 10
MAX 90 OR ABOVE: 1 0.10 INCH OR MORE: 5
MIN 32 OR BELOW: 0 0.50 INCH OR MORE: 3
MIN 0 OR BELOW: 0 1.00 INCH OR MORE: 1
[HDD (BASE 65) ]
TOTAL THIS MO. 60 CLEAR (SCALE 0-3) 21
DPTR FM NORMAL -37 PTCLDY (SCALE 4-7) 9
TOTAL FM JUL 1 4578 CLOUDY (SCALE 8-10) 1
DPTR FM NORMAL -205
[CDD (BASE 65) ]
TOTAL THIS MO. 124
DPTR FM NORMAL 16 [PRESSURE DATA]
TOTAL FM JAN 1 138 HIGHEST SLP M ON M
DPTR FM NORMAL 6 LOWEST SLP 29.67 ON 7
[REMARKS]
#FINAL-05-23#