000
CXUS53 KEAX 010836
CF6LXT
PRELIMINARY LOCAL CLIMATOLOGICAL DATA (WS FORM: F-6)
STATION: LEE`S SUMMIT MO
MONTH: NOVEMBER
YEAR: 2021
LATITUDE: 38 57 N
LONGITUDE: 94 22 W
TEMPERATURE IN F: :PCPN: SNOW: WIND :SUNSHINE: SKY :PK WND
================================================================================
1 2 3 4 5 6A 6B 7 8 9 10 11 12 13 14 15 16 17 18
12Z AVG MX 2MIN
DY MAX MIN AVG DEP HDD CDD WTR SNW DPTH SPD SPD DIR MIN PSBL S-S WX SPD DR
================================================================================
1 43 37 40 -11 25 0 0.03 M M 5.2 20 20 M M 10 26 10
2 48 34 41 -9 24 0 0.00 M M 3.4 8 30 M M 2 1 11 30
3 50 30 40 -10 25 0 0.00 M M 2.5 6 140 M M 2 M M
4 52 37 45 -5 20 0 0.00 M M 6.8 14 200 M M 8 18 160
5 57 38 48 -1 17 0 0.00 M M 10.8 21 210 M M 2 28 220
6 65 39 52 3 13 0 0.00 M M 10.5 17 210 M M 0 22 190
7 70 44 57 9 8 0 0.00 M M 13.0 26 190 M M 0 35 200
8 72 M M M M M 0.00 M M 8.8 16 180 M M 0 21 220
9 66 M M M M M 0.00 M M 6.6 13 60 M M 3 16 50
10 68 51 60 13 5 0 0.64 M M 12.2 25 190 M M 10 13 41 180
11 55 42 49 2 16 0 0.03 M M 13.0 29 290 M M 2 42 290
12 44 32 38 -8 27 0 T M M 16.1 30 290 M M 6 43 290
13 46 26 36 -10 29 0 T M M 9.8 20 200 M M 3 27 200
14 53 42 48 2 17 0 0.10 M M 10.9 24 320 M M 2 1 36 320
15 65 42 54 9 11 0 0.00 M M 11.4 23 230 M M 1 32 240
16 73 46 60 15 5 0 0.00 M M 11.7 26 200 M M 0 36 190
17 66 38 52 8 13 0 T M M 12.8 29 20 M M 7 40 20
18 48 28 38 -6 27 0 0.00 M M 8.1 23 300 M M 0 33 290
19 50 30 40 -4 25 0 0.00 M M 11.5 25 190 M M 0 36 150
20 56 38 47 4 18 0 0.00 M M 7.8 16 210 M M 0 22 210
21 57 34 46 3 19 0 0.00 M M 11.7 23 340 M M 0 34 340
22 48 30 39 -3 26 0 0.00 M M 5.7 10 200 M M 1 17 180
23 64 34 49 7 16 0 0.00 M M 11.4 18 180 M M 0 32 170
24 62 40 51 9 14 0 0.01 M M 15.1 26 340 M M 4 36 230
25 40 25 33 -8 32 0 0.00 M M 12.2 29 340 M M 0 39 350
26 54 24 39 -2 26 0 0.00 M M 12.7 23 220 M M 1 30 230
27 66 41 54 13 11 0 0.00 M M 11.4 18 350 M M 0 26 360
28 52 34 43 3 22 0 0.00 M M 6.5 16 350 M M 0 22 340
29 65 39 52 12 13 0 0.00 M M 10.5 18 220 M M 0 24 220
30 55 43 49 9 16 0 0.00 M M 5.4 12 60 M M 2 16 40
================================================================================
SM 1710 1018 520 0 0.81 M 295.5 M 66
================================================================================
AV 57.0 36.4 9.8 FASTST M M 2 MAX(MPH)
MISC ----> 30 290 43 290
================================================================================
NOTES:
# LAST OF SEVERAL OCCURRENCES
COLUMN 17 PEAK WIND IN M.P.H.
PRELIMINARY LOCAL CLIMATOLOGICAL DATA (WS FORM: F-6) , PAGE 2
STATION: LEE`S SUMMIT MO
MONTH: NOVEMBER
YEAR: 2021
LATITUDE: 38 57 N
LONGITUDE: 94 22 W
[TEMPERATURE DATA] [PRECIPITATION DATA] SYMBOLS USED IN COLUMN 16
AVERAGE MONTHLY: 46.7 TOTAL FOR MONTH: 0.81 1 = FOG OR MIST
DPTR FM NORMAL: 1.6 DPTR FM NORMAL: -1.24 2 = FOG REDUCING VISIBILITY
HIGHEST: 73 ON 16 GRTST 24HR 0.67 ON 10-11 TO 1/4 MILE OR LESS
LOWEST: 24 ON 26 3 = THUNDER
SNOW, ICE PELLETS, HAIL 4 = ICE PELLETS
TOTAL MONTH: M 5 = HAIL
GRTST 24HR M ON M 6 = FREEZING RAIN OR DRIZZLE
GRTST DEPTH: M ON M 7 = DUSTSTORM OR SANDSTORM:
VSBY 1/2 MILE OR LESS
8 = SMOKE OR HAZE
[NO. OF DAYS WITH] [WEATHER - DAYS WITH] 9 = BLOWING SNOW
X = TORNADO
MAX 32 OR BELOW: 0 0.01 INCH OR MORE: 5
MAX 90 OR ABOVE: 0 0.10 INCH OR MORE: 2
MIN 32 OR BELOW: 8 0.50 INCH OR MORE: 1
MIN 0 OR BELOW: 0 1.00 INCH OR MORE: 0
[HDD (BASE 65) ]
TOTAL THIS MO. 520 CLEAR (SCALE 0-3) 24
DPTR FM NORMAL -79 PTCLDY (SCALE 4-7) 3
TOTAL FM JUL 1 716 CLOUDY (SCALE 8-10) 3
DPTR FM NORMAL -208
[CDD (BASE 65) ]
TOTAL THIS MO. 0
DPTR FM NORMAL -2 [PRESSURE DATA]
TOTAL FM JAN 1 1554 HIGHEST SLP 30.53 ON 18
DPTR FM NORMAL 108 LOWEST SLP 29.62 ON 16
[REMARKS]
#FINAL-11-21#