000
CXUS53 KEAX 230736
CF6LXT
PRELIMINARY LOCAL CLIMATOLOGICAL DATA (WS FORM: F-6)
STATION: LEE`S SUMMIT MO
MONTH: APRIL
YEAR: 2024
LATITUDE: 38 57 N
LONGITUDE: 94 22 W
TEMPERATURE IN F: :PCPN: SNOW: WIND :SUNSHINE: SKY :PK WND
================================================================================
1 2 3 4 5 6A 6B 7 8 9 10 11 12 13 14 15 16 17 18
12Z AVG MX 2MIN
DY MAX MIN AVG DEP HDD CDD WTR SNW DPTH SPD SPD DIR MIN PSBL S-S WX SPD DR
================================================================================
1 75 54 65 14 0 0 0.36 M M 10.2 22 210 M M 8 13 30 200
2 54 41 48 -3 17 0 0.08 M M 15.4 28 340 M M 8 1 38 340
3 56 39 48 -4 17 0 0.00 M M M 43 300 M M M 26 300
4 60 37 49 -3 16 0 0.00 M M 10.8 26 340 M M 0 33 340
5 62 35 49 -3 16 0 0.00 M M 9.1 16 100 M M 0 22 100
6 71 44 58 5 7 0 0.08 M M 17.2 29 140 M M 2 41 140
7 72 53 63 10 2 0 0.00 M M 17.2 38 210 M M 4 55 210
8 71 46 59 6 6 0 0.00 M M 4.9 13 290 M M 0 19 210
9 69 45 57 3 8 0 0.00 M M 6.8 15 350 M M 0 19 350
10 67 44 56 2 9 0 T M M 6.9 17 10 M M 2 24 40
11 65 49 57 3 8 0 T M M 17.2 32 330 M M 2 45 320
12 70 42 56 2 9 0 0.00 M M 8.1 17 300 M M 0 8 22 320
13 86 52 69 14 0 4 0.00 M M 15.0 30 200 M M 0 41 230
14 85 62 74 19 0 9 0.00 M M 9.1 21 220 M M 0 27 220
15 83 63 73 18 0 8 T M M 9.6 20 130 M M 4 27 140
16 81 63 72 16 0 7 0.06 M M 23.2 44 220 M M 5 38 62 240
17 81 58 70 14 0 5 0.00 M M 10.9 22 260 M M 0 31 260
18 69 45 57 1 8 0 0.32 M M 12.9 32 360 M M 7 13 49 300
19 62 41 52 -5 13 0 0.00 M M 7.4 16 350 M M 3 24 360
20 56 42 49 -8 16 0 0.00 M M 9.4 20 360 M M 4 26 340
21 61 38 50 -7 15 0 0.00 M M 7.0 16 310 M M 2 24 350
22 70 43 57 -1 8 0 0.00 M M 15.7 30 200 M M 0 39 190
================================================================================
SM 1526 1036 175 33 0.90 M 244.0 M 51
================================================================================
AV 69.4 47.1 11.6 FASTST M M 2 MAX(MPH)
MISC ----> 44 220 62 240
================================================================================
NOTES:
# LAST OF SEVERAL OCCURRENCES
COLUMN 17 PEAK WIND IN M.P.H.
PRELIMINARY LOCAL CLIMATOLOGICAL DATA (WS FORM: F-6) , PAGE 2
STATION: LEE`S SUMMIT MO
MONTH: APRIL
YEAR: 2024
LATITUDE: 38 57 N
LONGITUDE: 94 22 W
[TEMPERATURE DATA] [PRECIPITATION DATA] SYMBOLS USED IN COLUMN 16
AVERAGE MONTHLY: 58.2 TOTAL FOR MONTH: 0.90 1 = FOG OR MIST
DPTR FM NORMAL: 3.9 DPTR FM NORMAL: -1.86 2 = FOG REDUCING VISIBILITY
HIGHEST: 86 ON 13 GRTST 24HR 0.44 ON 1- 2 TO 1/4 MILE OR LESS
LOWEST: 35 ON 5 3 = THUNDER
SNOW, ICE PELLETS, HAIL 4 = ICE PELLETS
TOTAL MONTH: M 5 = HAIL
GRTST 24HR M ON M 6 = FREEZING RAIN OR DRIZZLE
GRTST DEPTH: M ON M 7 = DUSTSTORM OR SANDSTORM:
VSBY 1/2 MILE OR LESS
8 = SMOKE OR HAZE
[NO. OF DAYS WITH] [WEATHER - DAYS WITH] 9 = BLOWING SNOW
X = TORNADO
MAX 32 OR BELOW: 0 0.01 INCH OR MORE: 5
MAX 90 OR ABOVE: 0 0.10 INCH OR MORE: 2
MIN 32 OR BELOW: 0 0.50 INCH OR MORE: 0
MIN 0 OR BELOW: 0 1.00 INCH OR MORE: 0
[HDD (BASE 65) ]
TOTAL THIS MO. 175 CLEAR (SCALE 0-3) 13
DPTR FM NORMAL -73 PTCLDY (SCALE 4-7) 7
TOTAL FM JUL 1 3642 CLOUDY (SCALE 8-10) 2
DPTR FM NORMAL -985
[CDD (BASE 65) ]
TOTAL THIS MO. 33
DPTR FM NORMAL 17 [PRESSURE DATA]
TOTAL FM JAN 1 40 HIGHEST SLP M ON M
DPTR FM NORMAL 21 LOWEST SLP 29.44 ON 16
[REMARKS]