000
CXUS51 KRNK 010645
CLSLYH
CLIMATE REPORT
NATIONAL WEATHER SERVICE BLACKSBURG, VA
245 AM EDT FRI SEP 01 2023
...................................
...THE LYNCHBURG VA CLIMATE SUMMARY FOR THE SEASON, FROM
6/1/2023 TO 8/31/2023...
CLIMATE NORMAL PERIOD: 1991 TO 2020
CLIMATE RECORD PERIOD: 1893 TO 2023
WEATHER OBSERVED NORMAL DEPART LAST YEAR`S
VALUE DATE(S) VALUE FROM VALUE
NORMAL
..............................................................
TEMPERATURE (F)
RECORD
HIGH 106 07/10/1936
LOW 7 06/17/2015
HIGHEST 95 07/28 97
LOWEST 46 06/09 54
AVG. MAXIMUM 85.0 85.1 -0.1 88.2
AVG. MINIMUM 62.6 63.2 -0.6 66.2
MEAN 73.8 74.1 -0.3 77.2
DAYS MAX >= 90 17 23.7 -6.7 43
DAYS MAX <= 32 0 0.0 0.0 0
DAYS MIN <= 32 0 0.0 0.0 MM
DAYS MIN <= 0 0 0.0 0.0 MM
PRECIPITATION (INCHES)
RECORD
MAXIMUM 22.66 1989
MINIMUM 3.89 1930
TOTALS 17.03 11.23 5.80 14.27
DAYS >= .01 34 32.4 1.6 34
DAYS >= .10 21 19.5 1.5 18
DAYS >= .50 12 7.2 4.8 8
DAYS >= 1.00 5 2.8 2.2 4
GREATEST
24 HR. TOTAL 5.35 4.83
SNOWFALL (INCHES)
TOTALS 0.0 0.0 0.0 0.0
DAYS >= TRACE 0 0.0 0.0 0
DAYS >= 1.0 0 0.0 0.0 0
GREATEST
24 HR TOTAL MM 0.0
DEGREE DAYS
HEATING TOTAL 15 14 1 0
COOLING TOTAL 850 857 -7 1144
..............................................................
WIND (MPH)
AVERAGE WIND SPEED 3.9
RESULTANT WIND SPEED/DIRECTION 1/120
HIGHEST WIND SPEED/DIRECTION 28/030 DATE 06/21
HIGHEST GUST SPEED/DIRECTION 37/040 DATE 06/21
SKY COVER
AVERAGE SKY COVER 0.29
AVERAGE RH (PERCENT) 73
WEATHER CONDITIONS. NUMBER OF DAYS WITH
THUNDERSTORM 23 MIXED PRECIP 0
HEAVY RAIN 15 RAIN 20
LIGHT RAIN 40 FREEZING RAIN 0
LT FREEZING RAIN 0 HAIL 0
HEAVY SNOW 0 SNOW 0
LIGHT SNOW 0 SLEET 0
FOG 58 FOG W/VIS <= 1/4 MILE 6
HAZE 7
- INDICATES NEGATIVE NUMBERS.
R INDICATES RECORD WAS SET OR TIED.
MM INDICATES DATA IS MISSING.
T INDICATES TRACE AMOUNT.
$$
RCS