000
CXUS54 KLZK 011330
CF6LZK
PRELIMINARY LOCAL CLIMATOLOGICAL DATA (WS FORM: F-6)
STATION: NORTH LITTLE ROCK
MONTH: JANUARY
YEAR: 2024
LATITUDE: 34 50 N
LONGITUDE: 92 16 W
TEMPERATURE IN F: :PCPN: SNOW: WIND :SUNSHINE: SKY :PK WND
================================================================================
1 2 3 4 5 6A 6B 7 8 9 10 11 12 13 14 15 16 17 18
12Z AVG MX 2MIN
DY MAX MIN AVG DEP HDD CDD WTR SNW DPTH SPD SPD DIR MIN PSBL S-S WX SPD DR
================================================================================
1 41 28 35 -6 30 0 0.00 0.0 0 M M M M M M M M
2 42 25 34 -7 31 0 0.00 0.0 0 M M M M M M M M
3 51 33 42 2 23 0 0.00 0.0 0 M M M M M M M M
4 41 30 36 -4 29 0 0.00 0.0 0 M M M M M M M M
5 34 29 32 -8 33 0 0.83 0.8 0 M M M M M M 124 M M
6 42 34 38 -2 27 0 0.01 0.0 0 M M M M M M M M
7 54 30 42 2 23 0 0.00 0.0 0 M M M M M M M M
8 42 35 39 -1 26 0 1.23 0.0 0 M M M M M M 3 M M
9 43 34 39 -1 26 0 0.01 T 0 M M M M M M M M
10 54 26 40 0 25 0 0.00 0.0 0 M M M M M M M M
11 58 37 48 8 17 0 0.18 T 0 M M M M M M 35 M M
12 61 27 44 4 21 0 1.71 0.0 0 M M M M M M 3 M M
13 46 23 35 -5 30 0 0.00 0.0 0 M M M M M M M M
14 25 8 17 -23 48 0 0.16 2.0 0 M M M M M M 4 M M
15 16 6 11 -29 54 0 0.05 0.3 2 M M M M M M M M
16 18 5 12 -28 53 0 0.00 0.0 2 M M M M M M M M
17 36 5 21 -19 44 0 0.00 0.0 2 M M M M M M M M
18 36 21 29 -11 36 0 T 0.0 2 M M M M M M 6 M M
19 33 18 26 -14 39 0 0.00 0.0 1 M M M M M M M M
20 27 12 20 -20 45 0 0.00 0.0 1 M M M M M M M M
21 29 12 21 -19 44 0 0.00 0.0 0 M M M M M M M M
22 40 29 35 -6 30 0 1.17 0.0 0 M M M M M M 16 M M
23 53 40 47 6 18 0 1.93 0.0 0 M M M M M M 12 M M
24 54 49 52 11 13 0 0.15 0.0 0 M M M M M M 12 M M
25 60 48 54 13 11 0 0.42 0.0 0 M M M M M M 12 M M
26 51 41 46 5 19 0 0.04 0.0 0 M M M M M M 12 M M
27 48 40 44 3 21 0 1.09 0.0 0 M M M M M M 1 M M
28 54 38 46 5 19 0 0.00 0.0 0 M M M M M M M M
29 60 35 48 7 17 0 0.00 0.0 0 M M M M M M M M
30 69 44 57 15 8 0 0.00 0.0 0 M M M M M M M M
31 59 38 49 7 16 0 0.00 0.0 0 M M M M M M M M
================================================================================
SM 1377 880 876 0 8.98 3.1 M M M
================================================================================
AV 44.4 28.4 M FASTST M M M MAX(MPH)
MISC ----> M M M M
================================================================================
NOTES:
# LAST OF SEVERAL OCCURRENCES
COLUMN 17 PEAK WIND IN M.P.H.
PRELIMINARY LOCAL CLIMATOLOGICAL DATA (WS FORM: F-6) , PAGE 2
STATION: NORTH LITTLE ROCK
MONTH: JANUARY
YEAR: 2024
LATITUDE: 34 50 N
LONGITUDE: 92 16 W
[TEMPERATURE DATA] [PRECIPITATION DATA] SYMBOLS USED IN COLUMN 16
AVERAGE MONTHLY: 36.4 TOTAL FOR MONTH: 8.98 1 = FOG OR MIST
DPTR FM NORMAL: -4.2 DPTR FM NORMAL: 5.44 2 = FOG REDUCING VISIBILITY
HIGHEST: 69 ON 30 GRTST 24HR 2.02 ON 22-23 TO 1/4 MILE OR LESS
LOWEST: 5 ON 17,16 3 = THUNDER
SNOW, ICE PELLETS, HAIL 4 = ICE PELLETS
TOTAL MONTH: 3.1 INCHES 5 = HAIL
GRTST 24HR 2.0 ON 14-14 6 = FREEZING RAIN OR DRIZZLE
GRTST DEPTH: 2 ON 15,18 7 = DUSTSTORM OR SANDSTORM:
VSBY 1/2 MILE OR LESS
8 = SMOKE OR HAZE
[NO. OF DAYS WITH] [WEATHER - DAYS WITH] 9 = BLOWING SNOW
X = TORNADO
MAX 32 OR BELOW: 5 0.01 INCH OR MORE: 14
MAX 90 OR ABOVE: 0 0.10 INCH OR MORE: 10
MIN 32 OR BELOW: 17 0.50 INCH OR MORE: 6
MIN 0 OR BELOW: 0 1.00 INCH OR MORE: 5
[HDD (BASE 65) ]
TOTAL THIS MO. 876 CLEAR (SCALE 0-3) 0
DPTR FM NORMAL 118 PTCLDY (SCALE 4-7) 0
TOTAL FM JUL 1 1891 CLOUDY (SCALE 8-10) 31
DPTR FM NORMAL -116
[CDD (BASE 65) ]
TOTAL THIS MO. 0
DPTR FM NORMAL 0 [PRESSURE DATA]
TOTAL FM JAN 1 0 HIGHEST SLP M ON M
DPTR FM NORMAL 0 LOWEST SLP M ON M
[REMARKS]
#FINAL-01-24#