000
CXUS54 KLZK 031849
CLSLZK
LITCLSLIT 000 TTAA00 LZK 021809
CLIMATE REPORT...UPDATED WITH SUPPLEMENTAL DATA
NATIONAL WEATHER SERVICE LITTLE ROCK AR
1207 PM CST SAT DEC 02 2023
...................................
...THE LITTLE ROCK ADAMS FIELD CLIMATE SUMMARY FOR THE SEASON, FROM
9/1/2023 TO 11/30/2023...
CLIMATE NORMAL PERIOD 1991 TO 2020
CLIMATE RECORD PERIOD 1874 TO 2023
WEATHER OBSERVED NORMAL DEPART LAST YEAR`S
VALUE DATE(S) VALUE FROM VALUE DATE(S)
NORMAL
................................................................
TEMPERATURE (F)
RECORD
HIGH 106 09/01/1947
LOW 10 11/18/1880
HIGHEST 102 09/06 MM MM 101 09/21
LOWEST 29 11/27 MM MM 25 11/21
11/17
AVG. MAXIMUM 78.3 73.7 4.6 76.9
AVG. MINIMUM 55.9 51.4 4.5 52.9
MEAN 67.1 62.5 4.6 64.9
DAYS MAX >= 90 22 11.5 10.5 21
DAYS MAX <= 32 0 0.0 0.0 0
DAYS MIN <= 32 3 5.3 -2.3 8
DAYS MIN <= 0 0 0.0 0.0 0
PRECIPITATION (INCHES)
TOTALS 9.72 12.20 -2.48 7.25
DAILY AVG. 0.11 0.13 -0.02 0.08
DAYS >= .01 16 23.2 -7.2 21
DAYS >= .10 12 15.9 -3.9 15
DAYS >= .50 6 7.5 -1.5 5
DAYS >= 1.00 3 3.7 -0.7 2
GREATEST
24 HR. TOTAL 2.66 2.01 11/23 TO 11/24
STORM TOTAL 2.44 1.96
(MM/DD(HH)) MM
SNOWFALL (INCHES)
RECORDS
TOTAL 9.4 1880
24 HR TOTAL 9.4 11/17/1880 TO 11/17/1880
SNOW DEPTH 3 11/23/1971
11/09/1892
TOTALS 0.0 0.0 0.0 T
LIQUID EQUIV 0.00 T 0.00 T
SINCE 7/1 0.0 0.0 0.0 MM
LIQUID 7/1 0.00 0.00 0.00 MM
SNOWDEPTH AVG. 0 0
DAYS >= TRACE 0 0.1 -0.1 2
DAYS >= 1.0 0 0.0 0.0 0
GREATEST
SNOW DEPTH 0 0 MM
24 HR TOTAL MM T 11/14 TO 11/14
11/12 TO 11/12
STORM TOTAL 0.0 T
(MM/DD(HH)) MM
DEGREE DAYS
HEATING TOTAL 390 581 -191 488
SINCE 7/1 390 582 -192 MM
COOLING TOTAL 605 356 249 500
SINCE 1/1 2695 1989 706 MM
FREEZE DATES
RECORD
EARLIEST 10/20/1989
LATEST 04/19/1983
EARLIEST 11/01
LATEST 03/20
................................................................
WIND (MPH)
AVERAGE WIND SPEED 5.8
HIGHEST WIND SPEED/DIRECTION 26/320 DATE 09/06
HIGHEST GUST SPEED/DIRECTION 38/320 DATE 09/06
SKY COVER
AVERAGE SKY COVER 0.47
NUMBER OF DAYS FAIR 33
NUMBER OF DAYS PC 36
NUMBER OF DAYS CLOUDY 22
WEATHER CONDITIONS. NUMBER OF DAYS WITH
THUNDERSTORM 8 MIXED PRECIP 0
HEAVY RAIN 8 RAIN 13
LIGHT RAIN 23 FREEZING RAIN 0
LT FREEZING RAIN 0 HAIL 0
HEAVY SNOW 0 SLEET 0
FOG 25 FOG W/VIS <= 1/4 MILE 2
HAZE 20
- INDICATES NEGATIVE NUMBERS.
R INDICATES RECORD WAS SET OR TIED.
MM INDICATES DATA IS MISSING.
T INDICATES TRACE AMOUNT.
&&
.SEASONAL TEMPERATURES...
THE AVERAGE HIGH TEMPERATURE OF 78.3 (+4.6) RANKED AS THE 4TH
HOTTEST SEASONAL AVERAGE HIGH ON RECORD.
THE AVERAGE LOW TEMPERATURE OF 55.9 (+4.5) WAS TIED FOR THE 17TH
HOTTEST SEASONAL AVERAGE LOW ON RECORD, ALONG WITH 1921, 1884, AND
1883.
THE AVERAGE TEMPERATURE OF 67.1 (+4.6) WAS THE 3RD HOTTEST SEASONAL
AVERAGE TEMPERATURE ON RECORD.
THE HOTTEST TEMPERATURE OF 102 DEGREES OCCURRED ON SEPTEMBER 6TH,
WHICH WAS THE 8TH HOTTEST ON RECORD FOR THE SEASON.
THERE WERE 22 DAYS WITH HIGH TEMPERATURES OF 90-DEGREES OR GREATER.
ALONG WITH 2016, 1998, AND 1897, THIS IS THE 7TH MOST NUMBER OF DAYS
WITH HIGHS OF 90-DEGREES OR GREATER DURING THE SEASON.
THE COLDEST TEMPERATURE OF 29 DEGREES OCCURRED ON NOVEMBER 27TH,
AND THIS RANKED 35TH FOR HOTTEST COLDEST TEMPERATURE OF THE SEASON.
THERE WERE 3 DAYS WHEN LOW TEMPERATURES FELL TO OR BELOW 32 DEGREES.
.SEASONAL RAINFALL...
SEASONAL RAINFALL WAS WELL BELOW AVERAGE WITH A TOTAL OF 9.72 (-
2.48).
.SEASONAL SNOWFALL...
THERE WAS NO MEASURABLE SEASONAL SNOWFALL.
$$
69