000
CXUS56 KHNX 031524
CF6MAE
PRELIMINARY LOCAL CLIMATOLOGICAL DATA (WS FORM: F-6)
STATION: MADERA CA AIRPORT
MONTH: JULY
YEAR: 2023
LATITUDE: 36 58 N
LONGITUDE: 120 7 W
TEMPERATURE IN F: :PCPN: SNOW: WIND :SUNSHINE: SKY :PK WND
================================================================================
1 2 3 4 5 6A 6B 7 8 9 10 11 12 13 14 15 16 17 18
12Z AVG MX 2MIN
DY MAX MIN AVG DEP HDD CDD WTR SNW DPTH SPD SPD DIR MIN PSBL S-S WX SPD DR
================================================================================
1 109 66 88 9 0 23 0.00 0.0 0 5.4 14 300 M M 0 17 300
2 108 67 88 9 0 23 0.00 0.0 0 7.0 16 300 M M 0 20 300
3 104 65 85 6 0 20 0.00 0.0 0 8.5 15 300 M M 0 20 290
4 99 60 80 1 0 15 0.00 0.0 0 5.7 12 300 M M 0 14 300
5 98 60 79 -1 0 14 0.00 0.0 0 7.6 13 300 M M 0 16 310
6 93 57 75 -5 0 10 0.00 0.0 0 8.1 13 300 M M 0 18 290
7 91 56 74 -6 0 9 0.00 0.0 0 8.2 14 310 M M 0 18 310
8 89 54 72 -8 0 7 0.00 0.0 0 9.1 14 290 M M 0 17 280
9 88 53 71 -9 0 6 0.00 0.0 0 8.1 13 310 M M 0 17 290
10 91 52 72 -8 0 7 0.00 0.0 0 6.4 12 300 M M 0 14 310
11 99 58 79 -1 0 14 0.00 0.0 0 4.7 10 310 M M 0 14 310
12 102 61 82 2 0 17 0.00 0.0 0 5.3 12 300 M M 0 14 290
13 100 59 80 0 0 15 0.00 0.0 0 7.3 15 300 M M 0 19 300
14 102 61 82 2 0 17 0.00 0.0 0 6.1 14 300 M M 0 18 280
15 105 65 85 5 0 20 0.00 0.0 0 4.5 12 290 M M 0 15 300
16 108 67 88 7 0 23 0.00 0.0 0 3.5 10 270 M M 0 13 270
17 108 70 89 8 0 24 0.00 0.0 0 5.8 15 290 M M 0 19 290
18 102 71 87 6 0 22 0.00 0.0 0 5.8 12 280 M M 0 14 320
19 101 66 84 3 0 19 0.00 0.0 0 6.5 12 300 M M 0 8 15 300
20 102 62 82 1 0 17 0.00 0.0 0 6.1 13 290 M M 0 8 15 290
21 104 61 83 2 0 18 0.00 0.0 0 4.8 13 290 M M 0 16 300
22 107 66 87 6 0 22 0.00 0.0 0 4.5 10 300 M M 0 8 14 320
23 109 71 90 10 0 25 0.00 0.0 0 6.7 13 300 M M 0 22 10
24 101 67 84 4 0 19 0.00 0.0 0 7.9 13 310 M M 0 8 17 300
25 100 60 80 0 0 15 0.00 0.0 0 6.2 12 290 M M 0 16 270
26 105 64 85 5 0 20 0.00 0.0 0 6.1 13 300 M M 0 15 310
27 102 65 84 4 0 19 0.00 0.0 0 7.3 15 330 M M 0 19 320
28 99 60 80 0 0 15 0.00 0.0 0 7.4 13 330 M M 0 16 270
29 101 65 83 3 0 18 0.00 0.0 0 7.1 12 300 M M 0 15 300
30 102 59 81 1 0 16 0.00 0.0 0 6.7 13 300 M M 0 16 300
31 102 61 82 2 0 17 0.00 0.0 0 6.0 13 310 M M 0 15 310
================================================================================
SM 3131 1929 0 526 0.00 0.0 200.4 M 0
================================================================================
AV101.0 62.2 6.5 FASTST M M 0 MAX(MPH)
MISC ----> 16 300 22 10
================================================================================
NOTES:
# LAST OF SEVERAL OCCURRENCES
COLUMN 17 PEAK WIND IN M.P.H.
PRELIMINARY LOCAL CLIMATOLOGICAL DATA (WS FORM: F-6) , PAGE 2
STATION: MADERA CA AIRPORT
MONTH: JULY
YEAR: 2023
LATITUDE: 36 58 N
LONGITUDE: 120 7 W
[TEMPERATURE DATA] [PRECIPITATION DATA] SYMBOLS USED IN COLUMN 16
AVERAGE MONTHLY: 81.6 TOTAL FOR MONTH: 0.00 1 = FOG OR MIST
DPTR FM NORMAL: 1.4 DPTR FM NORMAL: -0.01 2 = FOG REDUCING VISIBILITY
HIGHEST: 109 ON 23, 1 GRTST 24HR T ON 3- 3 TO 1/4 MILE OR LESS
LOWEST: 52 ON 10 3 = THUNDER
SNOW, ICE PELLETS, HAIL 4 = ICE PELLETS
TOTAL MONTH: 0.0 INCH 5 = HAIL
GRTST 24HR 0.0 6 = FREEZING RAIN OR DRIZZLE
GRTST DEPTH: 0 7 = DUSTSTORM OR SANDSTORM:
VSBY 1/2 MILE OR LESS
8 = SMOKE OR HAZE
[NO. OF DAYS WITH] [WEATHER - DAYS WITH] 9 = BLOWING SNOW
X = TORNADO
MAX 32 OR BELOW: 0 0.01 INCH OR MORE: 0
MAX 90 OR ABOVE: 29 0.10 INCH OR MORE: 0
MIN 32 OR BELOW: 0 0.50 INCH OR MORE: 0
MIN 0 OR BELOW: 0 1.00 INCH OR MORE: 0
[HDD (BASE 65) ]
TOTAL THIS MO. 0 CLEAR (SCALE 0-3) 31
DPTR FM NORMAL 0 PTCLDY (SCALE 4-7) 0
TOTAL FM JUL 1 0 CLOUDY (SCALE 8-10) 0
DPTR FM NORMAL 0
[CDD (BASE 65) ]
TOTAL THIS MO. 526
DPTR FM NORMAL 56 [PRESSURE DATA]
TOTAL FM JAN 1 938 HIGHEST SLP 30.01 ON 25
DPTR FM NORMAL -5 LOWEST SLP 29.73 ON 22
[REMARKS]
#FINAL-07-23#