000
CXUS56 KHNX 051443
CLMMAE
CLIMATE REPORT
NATIONAL WEATHER SERVICE
743 AM PDT THU OCT 05 2023
...................................
...THE MADERA CA AIRPORT CLIMATE SUMMARY FOR THE MONTH OF SEPTEMBER 2023...
CLIMATE NORMAL PERIOD 1991 TO 2020
CLIMATE RECORD PERIOD 1898 TO 2023
WEATHER OBSERVED NORMAL DEPART LAST YEAR`S
VALUE DATE(S) VALUE FROM VALUE DATE(S)
NORMAL
................................................................
TEMPERATURE (F)
RECORD
HIGH 115 09/06/2022
09/03/1955
LOW 34 09/30/1950
HIGHEST 99 09/08 MM 115 09/06
LOWEST 51 09/22 MM 53 09/16
09/23
09/24
MEAN 73.1 74.8 -1.7 78.3
DAYS MAX >= 90 14 18.7 -4.7 20
DAYS MIN <= 32 0 0.0 0.0 0
PRECIPITATION (INCHES)
RECORD
MAXIMUM 1.68 1959
MINIMUM 0.00 2018
TOTALS 0.08 0.03 0.05
DAYS >= .01 2 0.6 1.4 3
DAYS >= .10 0 0.1 -0.1 1
DAYS >= .50 0 0.0 0.0 0
DAYS >= 1.00 0 0.0 0.0 0
SNOWFALL (INCHES)
RECORDS
TOTAL MM MM
TOTALS 0.0 MM
DEGREE DAYS
HEATING TOTAL 1 4 -3 0
SINCE 7/1 1 0 1 MM
COOLING TOTAL 252 296 -44 404
SINCE 1/1 1670 1673 -3 MM
................................................................
WIND (MPH)
AVERAGE WIND SPEED 6.0
HIGHEST WIND SPEED/DIRECTION 30/100 DATE 09/01
HIGHEST GUST SPEED/DIRECTION 34/080 DATE 09/01
AVERAGE RH (PERCENT) 56
WEATHER CONDITIONS. NUMBER OF DAYS WITH
THUNDERSTORM 1 RAIN 0
HAIL 0 FOG 4
FOG W/VIS <= 1/4 MILE 0 HAZE 9
- INDICATES NEGATIVE NUMBERS.
R INDICATES RECORD WAS SET OR TIED.
MM INDICATES DATA IS MISSING.
T INDICATES TRACE AMOUNT.
$$