000
CXUS54 KMAF 011734
CLMMAF
CLIMATE REPORT
NATIONAL WEATHER SERVICE MIDLAND/ODESSA TX
1134 AM CST FRI DEC 01 2023
...................................
...THE MIDLAND INTERNATIONAL AIRPORT CLIMATE SUMMARY FOR THE MONTH OF NOVEMBER 2023...
CLIMATE NORMAL PERIOD 1991 TO 2020
CLIMATE RECORD PERIOD 1930 TO 2023
WEATHER OBSERVED NORMAL DEPART LAST YEAR`S
VALUE DATE(S) VALUE FROM VALUE DATE(S)
NORMAL
................................................................
TEMPERATURE (F)
RECORD
HIGH 90 11/06/2017
11/01/2016
11/20/1996
LOW 10 11/24/1938
HIGHEST 89 11/07 66 23 81 11/06
LOWEST 31 11/01 39 -8 24 11/15
11/22
AVG. MAXIMUM 64.9 67.1 -2.2 61.0
AVG. MINIMUM 44.5 41.5 3.0 38.4
MEAN 54.7 54.3 0.4 49.7
DAYS MAX >= 90 0 0.1 -0.1 0
DAYS MAX <= 32 0 0.1 -0.1 0
DAYS MIN <= 32 1 6.2 -5.2 13
DAYS MIN <= 0 0 0.0 0.0 0
PRECIPITATION (INCHES)
RECORD
MAXIMUM 5.42 2004
MINIMUM 0.00 2010
TOTALS 0.64 0.72 -0.08 0.88
DAILY AVG. 0.02 0.02 -0.00 0.03
DAYS >= .01 4 3.2 0.8 3
DAYS >= .10 2 1.8 0.2 2
DAYS >= .50 0 0.4 -0.4 1
DAYS >= 1.00 0 0.1 -0.1 0
GREATEST
24 HR. TOTAL 0.36 11/13 TO 11/13 0.77
SNOWFALL (INCHES)
RECORDS
TOTAL 8.0 2001
TOTALS 0.0 0.5 -0.5 0.6
SINCE 7/1 0.0 0.5 -0.5 MM
SNOWDEPTH AVG. 0 -1
DAYS >= 1.0 0 0.2 -0.2 0
GREATEST
SNOW DEPTH 0 MM 11/28
11/29
11/26
24 HR TOTAL MM MM
DEGREE DAYS
HEATING TOTAL 325 334 -9 467
SINCE 7/1 417 423 -6 MM
COOLING TOTAL 24 13 11 16
SINCE 1/1 3079 2672 407 MM
................................................................
WIND (MPH)
AVERAGE WIND SPEED 9.3
HIGHEST WIND SPEED/DIRECTION 38/270 DATE 11/30
HIGHEST GUST SPEED/DIRECTION 51/280 DATE 11/30
SKY COVER
POSSIBLE SUNSHINE (PERCENT) MM
AVERAGE SKY COVER 0.37
NUMBER OF DAYS FAIR 18
NUMBER OF DAYS PC 4
NUMBER OF DAYS CLOUDY 8
AVERAGE RH (PERCENT) 68
WEATHER CONDITIONS. NUMBER OF DAYS WITH
THUNDERSTORM 0 MIXED PRECIP 0
HEAVY RAIN 0 RAIN 1
LIGHT RAIN 4 FREEZING RAIN 0
LT FREEZING RAIN 0 HAIL 0
HEAVY SNOW 0 SNOW 0
LIGHT SNOW 0 SLEET 0
FOG 12 FOG W/VIS <= 1/4 MILE 1
HAZE 0
- INDICATES NEGATIVE NUMBERS.
R INDICATES RECORD WAS SET OR TIED.
MM INDICATES DATA IS MISSING.
T INDICATES TRACE AMOUNT.
$$