000
CXUS52 KTAE 010800
CF6MAI
PRELIMINARY LOCAL CLIMATOLOGICAL DATA (WS FORM: F-6)
STATION: MARIANNA
MONTH: JULY
YEAR: 2020
LATITUDE: 30 50 N
LONGITUDE: 85 11 W
TEMPERATURE IN F: :PCPN: SNOW: WIND :SUNSHINE: SKY :PK WND
================================================================================
1 2 3 4 5 6A 6B 7 8 9 10 11 12 13 14 15 16 17 18
12Z AVG MX 2MIN
DY MAX MIN AVG DEP HDD CDD WTR SNW DPTH SPD SPD DIR MIN PSBL S-S WX SPD DR
================================================================================
1 93 72 83 1 0 18 0.13 0.0 0 6.0 26 10 M M 2 13 33 10
2 91 72 82 0 0 17 0.00 0.0 0 5.3 14 290 M M 2 18 270
3 96 73 85 3 0 20 0.01 0.0 0 5.5 22 220 M M 3 13 26 210
4 93 72 83 1 0 18 T 0.0 0 4.3 18 70 M M 3 3 25 150
5 86 72 79 -3 0 14 T 0.0 0 2.8 18 220 M M 4 13 22 210
6 87 75 81 -1 0 16 0.06 0.0 0 5.8 16 240 M M 5 138 22 290
7 89 73 81 -1 0 16 0.20 0.0 0 7.0 21 240 M M 6 13 26 240
8 91 73 82 0 0 17 0.03 0.0 0 6.7 32 270 M M 4 13 38 280
9 90 73 82 0 0 17 0.00 0.0 0 5.9 14 280 M M 2 17 290
10 95 75 85 3 0 20 0.51 0.0 0 7.3 22 10 M M 1 13 27 360
11 95 74 85 3 0 20 0.00 0.0 0 6.9 15 290 M M 1 19 320
12 94 70 82 0 0 17 0.33 0.0 0 5.5 25 300 M M 1 1 35 300
13 94 72 83 1 0 18 0.00 0.0 0 4.5 9 320 M M 1 3 M M
14 93 78 86 4 0 21 T 0.0 0 5.1 20 230 M M 1 3 22 240
15 91 72 82 0 0 17 0.00 0.0 0 4.5 16 210 M M 3 123 21 220
16 94 71 83 1 0 18 0.17 0.0 0 4.1 17 240 M M 4 13 23 260
17 94 73 84 2 0 19 0.00 0.0 0 6.3 15 60 M M 1 20 60
18 96 74 85 3 0 20 0.00 0.0 0 4.1 15 70 M M 1 18 80
19 96 75 86 4 0 21 0.00 0.0 0 3.7 15 250 M M 1 18 240
20 99 75 87 5 0 22 0.16 0.0 0 3.7 26 190 M M 2 38 34 190
21 94 74 84 2 0 19 T 0.0 0 2.9 20 140 M M 1 3 26 140
22 96 71 84 2 0 19 0.08 0.0 0 7.1 24 180 M M 2 3 37 140
23 90 72 81 -1 0 16 0.85 0.0 0 6.2 20 120 M M 3 13 29 120
24 91 72 82 0 0 17 0.00 0.0 0 4.9 14 100 M M 3 18 110
25 93 74 84 2 0 19 0.00 0.0 0 6.2 18 190 M M 1 23 190
26 94 73 84 2 0 19 0.00 0.0 0 5.0 22 190 M M 1 25 190
27 93 72 83 1 0 18 0.01 0.0 0 5.0 25 190 M M 2 3 32 200
28 83 73 78 -4 0 13 0.67 0.0 0 5.1 21 250 M M 3 13 26 220
29 90 73 82 0 0 17 0.04 0.0 0 8.0 24 250 M M 5 1 32 240
30 94 75 85 3 0 20 0.00 0.0 0 8.2 15 260 M M 1 20 280
31 95 76 86 4 0 21 0.00 0.0 0 7.9 16 220 M M 2 21 220
================================================================================
SM 2870 2269 0 564 3.25 0.0 171.5 M 72
================================================================================
AV 92.6 73.2 5.5 FASTST M M 2 MAX(MPH)
MISC ----> # 32 270 # 38 280
================================================================================
NOTES:
# LAST OF SEVERAL OCCURRENCES
COLUMN 17 PEAK WIND IN M.P.H.
PRELIMINARY LOCAL CLIMATOLOGICAL DATA (WS FORM: F-6) , PAGE 2
STATION: MARIANNA
MONTH: JULY
YEAR: 2020
LATITUDE: 30 50 N
LONGITUDE: 85 11 W
[TEMPERATURE DATA] [PRECIPITATION DATA] SYMBOLS USED IN COLUMN 16
AVERAGE MONTHLY: 82.9 TOTAL FOR MONTH: 3.25 1 = FOG OR MIST
DPTR FM NORMAL: 0.9 DPTR FM NORMAL: -1.86 2 = FOG REDUCING VISIBILITY
HIGHEST: 99 ON 20 GRTST 24HR 0.85 ON 23-23 TO 1/4 MILE OR LESS
LOWEST: 70 ON 12 3 = THUNDER
SNOW, ICE PELLETS, HAIL 4 = ICE PELLETS
TOTAL MONTH: 0.0 INCH 5 = HAIL
GRTST 24HR 0.0 6 = FREEZING RAIN OR DRIZZLE
GRTST DEPTH: 0 7 = DUSTSTORM OR SANDSTORM:
VSBY 1/2 MILE OR LESS
8 = SMOKE OR HAZE
[NO. OF DAYS WITH] [WEATHER - DAYS WITH] 9 = BLOWING SNOW
X = TORNADO
MAX 32 OR BELOW: 0 0.01 INCH OR MORE: 14
MAX 90 OR ABOVE: 27 0.10 INCH OR MORE: 8
MIN 32 OR BELOW: 0 0.50 INCH OR MORE: 3
MIN 0 OR BELOW: 0 1.00 INCH OR MORE: 0
[HDD (BASE 65) ]
TOTAL THIS MO. 0 CLEAR (SCALE 0-3) 25
DPTR FM NORMAL 0 PTCLDY (SCALE 4-7) 6
TOTAL FM JUL 1 0 CLOUDY (SCALE 8-10) 0
DPTR FM NORMAL 0
[CDD (BASE 65) ]
TOTAL THIS MO. 564
DPTR FM NORMAL 39 [PRESSURE DATA]
TOTAL FM JAN 1 1718 HIGHEST SLP 30.20 ON 17
DPTR FM NORMAL 264 LOWEST SLP 29.83 ON 12
[REMARKS]
#FINAL-07-20#