000
CXUS56 KHNX 011146
CF6MCE
PRELIMINARY LOCAL CLIMATOLOGICAL DATA (WS FORM: F-6)
STATION: MERCED CA AIRPORT
MONTH: APRIL
YEAR: 2020
LATITUDE: 37 16 N
LONGITUDE: 120 36 W
TEMPERATURE IN F: :PCPN: SNOW: WIND :SUNSHINE: SKY :PK WND
================================================================================
1 2 3 4 5 6A 6B 7 8 9 10 11 12 13 14 15 16 17 18
12Z AVG MX 2MIN
DY MAX MIN AVG DEP HDD CDD WTR SNW DPTH SPD SPD DIR MIN PSBL S-S WX SPD DR
================================================================================
1 68 45 57 1 8 0 0.00 0.0 0 9.8 20 340 M M 0 24 350
2 68 38 53 -3 12 0 0.00 0.0 0 9.2 20 320 M M 0 27 320
3 70 37 54 -2 11 0 0.00 0.0 0 6.1 13 320 M M 0 16 330
4 66 38 52 -4 13 0 0.02 0.0 0 2.1 9 260 M M 5 1 15 260
5 60 44 52 -4 13 0 0.82 0.0 0 10.8 29 140 M M 9 18 37 150
6 57 40 49 -8 16 0 0.59 0.0 0 4.9 14 210 M M 5 138 21 200
7 66 37 52 -5 13 0 0.00 0.0 0 5.6 15 320 M M 2 12 20 320
8 67 50 59 2 6 0 0.04 0.0 0 5.4 13 150 M M 6 16 160
9 62 50 56 -1 9 0 0.04 0.0 0 9.2 20 150 M M 6 1 27 130
10 69 43 56 -2 9 0 0.00 0.0 0 3.5 10 10 M M 4 12 14 10
11 73 45 59 1 6 0 0.00 0.0 0 3.4 9 330 M M 3 1 12 330
12 72 48 60 2 5 0 0.00 0.0 0 6.9 14 330 M M 2 1 18 320
13 74 47 61 3 4 0 0.00 0.0 0 5.9 14 350 M M 0 18 340
14 77 46 62 4 3 0 0.00 0.0 0 3.6 12 340 M M 0 14 340
15 82 44 63 4 2 0 0.00 0.0 0 3.0 8 30 M M 0 11 10
16 80 48 64 5 1 0 0.00 0.0 0 4.4 10 260 M M 0 14 260
17 75 54 65 6 0 0 0.00 0.0 0 7.5 14 270 M M 3 19 260
18 69 51 60 0 5 0 0.00 0.0 0 6.3 15 340 M M 7 18 330
19 76 52 64 4 1 0 0.00 0.0 0 6.6 14 340 M M 3 17 330
20 69 53 61 1 4 0 0.03 0.0 0 6.6 13 320 M M 7 8 16 310
21 76 48 62 2 3 0 0.00 0.0 0 7.8 15 340 M M 0 21 360
22 84 47 66 5 0 1 0.00 0.0 0 6.1 18 330 M M 0 22 330
23 85 56 71 10 0 6 0.00 0.0 0 11.9 25 320 M M 0 33 320
24 90 56 73 12 0 8 0.00 0.0 0 8.5 17 340 M M 0 21 360
25 91 52 72 10 0 7 0.00 0.0 0 6.3 13 330 M M 0 18 350
26 88 55 72 10 0 7 0.00 0.0 0 6.0 13 330 M M 0 20 350
27 86 50 68 6 0 3 0.00 0.0 0 10.4 20 330 M M 0 24 340
28 91 58 75 13 0 10 0.00 0.0 0 5.8 13 330 M M 0 18 330
29 89 61 75 12 0 10 0.00 0.0 0 6.6 16 340 M M 0 20 340
30 86 52 69 6 0 4 0.00 0.0 0 10.8 21 320 M M 0 27 340
================================================================================
SM 2266 1445 144 56 1.54 0.0 201.0 M 62
================================================================================
AV 75.5 48.2 6.7 FASTST M M 2 MAX(MPH)
MISC ----> # 29 140 # 37 150
================================================================================
NOTES:
# LAST OF SEVERAL OCCURRENCES
COLUMN 17 PEAK WIND IN M.P.H.
PRELIMINARY LOCAL CLIMATOLOGICAL DATA (WS FORM: F-6) , PAGE 2
STATION: MERCED CA AIRPORT
MONTH: APRIL
YEAR: 2020
LATITUDE: 37 16 N
LONGITUDE: 120 36 W
[TEMPERATURE DATA] [PRECIPITATION DATA] SYMBOLS USED IN COLUMN 16
AVERAGE MONTHLY: 61.9 TOTAL FOR MONTH: 1.54 1 = FOG OR MIST
DPTR FM NORMAL: 2.8 DPTR FM NORMAL: 0.59 2 = FOG REDUCING VISIBILITY
HIGHEST: 91 ON 28,25 GRTST 24HR 0.82 ON 5- 5 TO 1/4 MILE OR LESS
LOWEST: 37 ON 7, 3 3 = THUNDER
SNOW, ICE PELLETS, HAIL 4 = ICE PELLETS
TOTAL MONTH: 0.0 INCH 5 = HAIL
GRTST 24HR 0.0 6 = FREEZING RAIN OR DRIZZLE
GRTST DEPTH: 0 7 = DUSTSTORM OR SANDSTORM:
VSBY 1/2 MILE OR LESS
8 = SMOKE OR HAZE
[NO. OF DAYS WITH] [WEATHER - DAYS WITH] 9 = BLOWING SNOW
X = TORNADO
MAX 32 OR BELOW: 0 0.01 INCH OR MORE: 6
MAX 90 OR ABOVE: 3 0.10 INCH OR MORE: 2
MIN 32 OR BELOW: 0 0.50 INCH OR MORE: 2
MIN 0 OR BELOW: 0 1.00 INCH OR MORE: 0
[HDD (BASE 65) ]
TOTAL THIS MO. 144 CLEAR (SCALE 0-3) 22
DPTR FM NORMAL -53 PTCLDY (SCALE 4-7) 7
TOTAL FM JUL 1 2314 CLOUDY (SCALE 8-10) 1
DPTR FM NORMAL -407
[CDD (BASE 65) ]
TOTAL THIS MO. 56
DPTR FM NORMAL 37 [PRESSURE DATA]
TOTAL FM JAN 1 56 HIGHEST SLP 30.26 ON 22
DPTR FM NORMAL 37 LOWEST SLP 29.67 ON 5
[REMARKS]
#FINAL-04-20#