000
CXUS53 KEAX 010736
CF6MCI
PRELIMINARY LOCAL CLIMATOLOGICAL DATA (WS FORM: F-6)
STATION: KANSAS CITY INTERNATIONAL MO
MONTH: JULY
YEAR: 2021
LATITUDE: 39 19 N
LONGITUDE: 94 43 W
TEMPERATURE IN F: :PCPN: SNOW: WIND :SUNSHINE: SKY :PK WND
================================================================================
1 2 3 4 5 6A 6B 7 8 9 10 11 12 13 14 15 16 17 18
12Z AVG MX 2MIN
DY MAX MIN AVG DEP HDD CDD WTR SNW DPTH SPD SPD DIR MIN PSBL S-S WX SPD DR
================================================================================
1 86 72 79 2 0 14 T 0.0 0 8.4 15 70 M M 8 12 22 40
2 88 66 77 0 0 12 0.00 0.0 0 4.3 9 50 M M 2 18 13 10
3 88 70 79 2 0 14 0.00 0.0 0 5.3 10 50 M M 3 17 30
4 88 67 78 0 0 13 0.00 0.0 0 5.4 9 160 M M 3 8 14 200
5 89 68 79 1 0 14 0.00 0.0 0 5.2 10 170 M M 2 18 13 200
6 88 67 78 0 0 13 0.00 0.0 0 6.8 12 170 M M 4 8 14 170
7 85 67 76 -2 0 11 0.44 0.0 0 8.2 18 330 M M 5 138 26 330
8 85 65 75 -3 0 10 0.00 0.0 0 5.6 10 20 M M 3 8 15 320
9 93 69 81 3 0 16 0.00 0.0 0 11.5 18 190 M M 4 8 25 200
10 85 65 75 -3 0 10 0.53 0.0 0 7.5 28 290 M M 8 13 45 280
11 74 64 69 -9 0 4 0.02 0.0 0 10.1 22 20 M M 9 18 30 20
12 82 65 74 -4 0 9 0.00 0.0 0 7.4 13 360 M M 8 1 17 10
13 87 62 75 -3 0 10 0.00 0.0 0 8.1 14 170 M M 2 18 19 180
14 90 75 83 5 0 18 0.00 0.0 0 13.0 23 190 M M 8 8 32 180
15 80 70 75 -3 0 10 1.57 0.0 0 6.2 17 210 M M 9 138 26 210
16 86 69 78 0 0 13 0.00 0.0 0 2.8 9 110 M M 7 12 13 100
17 87 72 80 2 0 15 0.10 0.0 0 8.5 20 120 M M 3 1 27 130
18 84 68 76 -2 0 11 0.00 0.0 0 7.5 13 100 M M 3 17 70
19 85 66 76 -2 0 11 0.00 0.0 0 6.4 13 50 M M 2 18 18 50
20 88 67 78 -1 0 13 0.00 0.0 0 5.0 12 40 M M 3 18 15 30
21 90 67 79 0 0 14 0.00 0.0 0 3.3 10 120 M M 4 18 14 100
22 88 67 78 -1 0 13 0.00 0.0 0 7.9 15 210 M M 4 18 20 220
23 91 70 81 2 0 16 0.00 0.0 0 8.7 15 200 M M 2 18 20 200
24 95 76 86 7 0 21 0.00 0.0 0 8.3 14 210 M M 2 8 19 220
25 90 75 83 4 0 18 T 0.0 0 5.7 16 70 M M 6 138 29 70
26 90 72 81 2 0 16 0.00 0.0 0 7.7 16 140 M M 3 18 20 140
27 95 67 81 2 0 16 0.00 0.0 0 5.2 9 70 M M 1 8 13 150
28 98 73 86 7 0 21 0.00 0.0 0 5.5 10 230 M M 1 18 13 220
29 98 76 87 8 0 22 0.00 0.0 0 7.2 16 250 M M 2 18 23 250
30 96 78 87 8 0 22 0.00 0.0 0 8.3 16 100 M M 4 20 110
31 83 69 76 -3 0 11 0.09 0.0 0 6.9 17 30 M M 8 138 23 30
================================================================================
SM 2732 2144 0 431 2.75 0.0 217.9 M 133
================================================================================
AV 88.1 69.2 7.0 FASTST M M 4 MAX(MPH)
MISC ----> 28 290 45 280
================================================================================
NOTES:
# LAST OF SEVERAL OCCURRENCES
COLUMN 17 PEAK WIND IN M.P.H.
PRELIMINARY LOCAL CLIMATOLOGICAL DATA (WS FORM: F-6) , PAGE 2
STATION: KANSAS CITY INTERNATIONAL MO
MONTH: JULY
YEAR: 2021
LATITUDE: 39 19 N
LONGITUDE: 94 43 W
[TEMPERATURE DATA] [PRECIPITATION DATA] SYMBOLS USED IN COLUMN 16
AVERAGE MONTHLY: 78.6 TOTAL FOR MONTH: 2.75 1 = FOG OR MIST
DPTR FM NORMAL: 0.4 DPTR FM NORMAL: -1.83 2 = FOG REDUCING VISIBILITY
HIGHEST: 98 ON 29,28 GRTST 24HR 1.57 ON 15-15 TO 1/4 MILE OR LESS
LOWEST: 62 ON 13 3 = THUNDER
SNOW, ICE PELLETS, HAIL 4 = ICE PELLETS
TOTAL MONTH: 0.0 INCH 5 = HAIL
GRTST 24HR 0.0 6 = FREEZING RAIN OR DRIZZLE
GRTST DEPTH: 0 7 = DUSTSTORM OR SANDSTORM:
VSBY 1/2 MILE OR LESS
8 = SMOKE OR HAZE
[NO. OF DAYS WITH] [WEATHER - DAYS WITH] 9 = BLOWING SNOW
X = TORNADO
MAX 32 OR BELOW: 0 0.01 INCH OR MORE: 6
MAX 90 OR ABOVE: 11 0.10 INCH OR MORE: 4
MIN 32 OR BELOW: 0 0.50 INCH OR MORE: 2
MIN 0 OR BELOW: 0 1.00 INCH OR MORE: 1
[HDD (BASE 65) ]
TOTAL THIS MO. 0 CLEAR (SCALE 0-3) 12
DPTR FM NORMAL 0 PTCLDY (SCALE 4-7) 17
TOTAL FM JUL 1 0 CLOUDY (SCALE 8-10) 2
DPTR FM NORMAL 0
[CDD (BASE 65) ]
TOTAL THIS MO. 431
DPTR FM NORMAL 22 [PRESSURE DATA]
TOTAL FM JAN 1 929 HIGHEST SLP M ON M
DPTR FM NORMAL 120 LOWEST SLP 29.79 ON 9
[REMARKS]
#FINAL-07-21#