000
CXUS53 KGLD 010800
CF6MCK
PRELIMINARY LOCAL CLIMATOLOGICAL DATA (WS FORM: F-6)
STATION: MCCOOK NE
MONTH: APRIL
YEAR: 2021
LATITUDE: 40 13 N
LONGITUDE: 100 35 W
TEMPERATURE IN F: :PCPN: SNOW: WIND :SUNSHINE: SKY :PK WND
================================================================================
1 2 3 4 5 6A 6B 7 8 9 10 11 12 13 14 15 16 17 18
12Z AVG MX 2MIN
DY MAX MIN AVG DEP HDD CDD WTR SNW DPTH SPD SPD DIR MIN PSBL S-S WX SPD DR
================================================================================
1 70 25 48 4 17 0 0.00 M M 11.8 25 200 M M 0 36 170
2 77 31 54 9 11 0 0.00 M M 6.9 15 210 M M 0 23 190
3 82 32 57 12 8 0 0.00 M M 9.1 20 150 M M 0 25 110
4 91 41 66 21 0 1 0.00 M M 9.2 33 200 M M 0 46 220
5 89 42 66 20 0 1 0.00 M M 8.2 20 180 M M 0 8 27 180
6 75 39 57 11 8 0 0.00 M M 18.6 40 340 M M 2 8 55 350
7 51 39 45 -1 20 0 0.00 M M 27.4 47 340 M M 9 59 350
8 73 30 52 5 13 0 0.00 M M 13.3 28 330 M M 0 18 35 300
9 51 33 42 -5 23 0 T M M 16.9 33 340 M M 5 43 340
10 65 27 46 -1 19 0 0.00 M M 8.5 17 310 M M 0 21 310
11 64 32 48 0 17 0 0.00 M M 17.6 36 340 M M 0 48 350
12 59 32 46 -2 19 0 0.00 M M 11.8 22 320 M M 3 33 330
13 57 35 46 -2 19 0 0.00 M M 8.5 16 280 M M 5 25 280
14 51 27 39 -10 26 0 0.00 M M 8.5 16 60 M M 3 23 60
15 48 31 40 -9 25 0 0.03 M M 8.0 17 110 M M 9 18 22 110
16 43 32 38 -12 27 0 0.23 M M 12.6 23 360 M M 10 1 30 360
17 52 29 41 -9 24 0 0.00 M M 10.9 21 330 M M 7 27 350
18 67 26 47 -3 18 0 0.00 M M 9.1 20 310 M M 1 28 340
19 44 26 35 -16 30 0 0.06 M M 15.6 26 30 M M 8 128 36 360
20 47 20 34 -17 31 0 T M M 14.2 36 330 M M 4 8 43 330
21 49 22 36 -16 29 0 0.00 M M 7.4 17 340 M M 1 23 340
22 64 34 49 -3 16 0 0.00 M M 17.0 32 160 M M 6 46 180
23 68 31 50 -2 15 0 0.00 M M 7.8 18 30 M M 0 1 27 40
24 64 34 49 -3 16 0 0.00 M M 8.2 16 30 M M 4 23 160
25 83 43 63 10 2 0 0.00 M M 10.7 25 160 M M 0 36 160
26 90 49 70 17 0 5 0.00 M M 9.5 24 160 M M 0 8 33 170
27 67 45 56 2 9 0 0.26 M M 17.1 39 230 M M 4 138 55 230
28 60 43 52 -2 13 0 0.00 M M 11.3 18 360 M M 7 18 23 40
29 75 40 58 4 7 0 0.00 M M 9.1 23 10 M M 0 1 34 330
30 85 42 64 9 1 0 0.00 M M 10.6 23 200 M M 0 29 200
================================================================================
SM 1961 1012 463 7 0.58 M 355.4 M 88
================================================================================
AV 65.4 33.7 11.8 FASTST M M 3 MAX(MPH)
MISC ----> 47 340 59 350
================================================================================
NOTES:
# LAST OF SEVERAL OCCURRENCES
COLUMN 17 PEAK WIND IN M.P.H.
PRELIMINARY LOCAL CLIMATOLOGICAL DATA (WS FORM: F-6) , PAGE 2
STATION: MCCOOK NE
MONTH: APRIL
YEAR: 2021
LATITUDE: 40 13 N
LONGITUDE: 100 35 W
[TEMPERATURE DATA] [PRECIPITATION DATA] SYMBOLS USED IN COLUMN 16
AVERAGE MONTHLY: 49.6 TOTAL FOR MONTH: 0.58 1 = FOG OR MIST
DPTR FM NORMAL: 0.1 DPTR FM NORMAL: -1.73 2 = FOG REDUCING VISIBILITY
HIGHEST: 91 ON 4 GRTST 24HR 0.26 ON 15-16 TO 1/4 MILE OR LESS
LOWEST: 20 ON 20 3 = THUNDER
SNOW, ICE PELLETS, HAIL 4 = ICE PELLETS
TOTAL MONTH: M 5 = HAIL
GRTST 24HR M ON M 6 = FREEZING RAIN OR DRIZZLE
GRTST DEPTH: M ON M 7 = DUSTSTORM OR SANDSTORM:
VSBY 1/2 MILE OR LESS
8 = SMOKE OR HAZE
[NO. OF DAYS WITH] [WEATHER - DAYS WITH] 9 = BLOWING SNOW
X = TORNADO
MAX 32 OR BELOW: 0 0.01 INCH OR MORE: 4
MAX 90 OR ABOVE: 2 0.10 INCH OR MORE: 2
MIN 32 OR BELOW: 16 0.50 INCH OR MORE: 0
MIN 0 OR BELOW: 0 1.00 INCH OR MORE: 0
[HDD (BASE 65) ]
TOTAL THIS MO. 463 CLEAR (SCALE 0-3) 16
DPTR FM NORMAL -9 PTCLDY (SCALE 4-7) 11
TOTAL FM JUL 1 5649 CLOUDY (SCALE 8-10) 3
DPTR FM NORMAL -254
[CDD (BASE 65) ]
TOTAL THIS MO. 7
DPTR FM NORMAL 1 [PRESSURE DATA]
TOTAL FM JAN 1 7 HIGHEST SLP M ON M
DPTR FM NORMAL 1 LOWEST SLP 29.31 ON 26
[REMARKS]
#FINAL-04-21#