000
CXUS53 KGLD 052106
CLAMCK
CLIMATE REPORT
NATIONAL WEATHER SERVICE
206 PM MST TUE JAN 05 2021
...................................
...THE MCCOOK NE CLIMATE SUMMARY FOR THE YEAR OF 2020...
CLIMATE NORMAL PERIOD: 1981 TO 2010
CLIMATE RECORD PERIOD: 1896 TO 2021
WEATHER OBSERVED NORMAL DEPART LAST YEAR`S
VALUE DATE(S) VALUE FROM VALUE DATE(S)
NORMAL
................................................................
TEMPERATURE (F)
RECORD
HIGH 115 06/26/2012
LOW -30 01/12/1912
HIGHEST 102 06/25 105 -3 104 06/29
LOWEST 2 10/27 -10 12 -10 03/04
AVG. MAXIMUM 74.1 64.9 9.2 63.7
AVG. MINIMUM 43.8 36.6 7.2 37.5
MEAN 59.0 50.8 8.2 50.6
DAYS MAX >= 90 80 44.7 35.3 50
DAYS MAX <= 32 6 27.6 -21.6 41
DAYS MIN <= 32 78 161.0 -83.0 165
DAYS MIN <= 0 0 8.6 -8.6 7
PRECIPITATION (INCHES)
RECORD
MAXIMUM 26.12 2018
MINIMUM 9.41 2012
TOTALS 15.36 22.53 -7.17 19.41
DAYS >= .01 45 75.1 -30.1 86
DAYS >= .10 25 43.8 -18.8 41
DAYS >= .50 11 14.5 -3.5 14
DAYS >= 1.00 2 5.1 -3.1 4
GREATEST
24 HR. TOTAL 1.62 1.53
................................................................
- INDICATES NEGATIVE NUMBERS.
R INDICATES RECORD WAS SET OR TIED.
MM INDICATES DATA IS MISSING.
T INDICATES TRACE AMOUNT.
$$