000
CXUS52 KMLB 010628
CF6MCO
PRELIMINARY LOCAL CLIMATOLOGICAL DATA (WS FORM: F-6)
STATION: ORLANDO INTL
MONTH: JUNE
YEAR: 2023
LATITUDE: 28 25 N
LONGITUDE: 81 19 W
TEMPERATURE IN F: :PCPN: SNOW: WIND :SUNSHINE: SKY :PK WND
================================================================================
1 2 3 4 5 6A 6B 7 8 9 10 11 12 13 14 15 16 17 18
12Z AVG MX 2MIN
DY MAX MIN AVG DEP HDD CDD WTR SNW DPTH SPD SPD DIR MIN PSBL S-S WX SPD DR
================================================================================
1 87 73 80 0 0 15 T 0.0 0 10.8 22 70 M M 7 3 28 50
2 90 72 81 1 0 16 0.00 0.0 0 10.6 21 50 M M 5 27 50
3 88 71 80 0 0 15 0.18 0.0 0 6.6 29 30 M M 7 13 37 30
4 89 72 81 1 0 16 0.00 0.0 0 11.6 25 30 M M 5 33 30
5 88 72 80 0 0 15 0.00 0.0 0 11.7 21 70 M M 4 30 70
6 89 68 79 -1 0 14 0.00 0.0 0 7.4 15 130 M M 2 22 200
7 90 70 80 0 0 15 0.31 0.0 0 5.2 22 230 M M 6 138 32 240
8 89 72 81 0 0 16 0.03 0.0 0 7.0 21 320 M M 4 3 27 320
9 92 70 81 0 0 16 0.33 0.0 0 6.3 21 60 M M 4 13 27 50
10 93 73 83 2 0 18 1.65 0.0 0 4.2 41 30 M M 5 138 56 30
11 93 72 83 2 0 18 0.00 0.0 0 4.9 14 190 M M 5 3 23 240
12 94 73 84 3 0 19 0.00 0.0 0 7.9 16 240 M M 4 26 220
13 95 74 85 4 0 20 0.00 0.0 0 8.5 21 170 M M 4 28 170
14 95 74 85 4 0 20 0.00 0.0 0 8.4 18 230 M M 4 3 25 260
15 96 70 83 2 0 18 0.16 0.0 0 10.7 31 350 M M 7 13 44 350
16 93 73 83 2 0 18 0.09 0.0 0 9.4 33 280 M M 7 38 47 290
17 89 70 80 -1 0 15 0.83 0.0 0 8.8 44 210 M M 7 123 65 220
18 92 71 82 0 0 17 0.04 0.0 0 7.7 20 280 M M 7 13 28 280
19 95 72 84 2 0 19 T 0.0 0 8.2 26 290 M M 6 3 37 300
20 91 70 81 -1 0 16 0.47 0.0 0 8.4 28 280 M M 8 138 46 280
21 90 71 81 -1 0 16 0.10 0.0 0 9.9 32 290 M M 7 138 44 280
22 92 70 81 -1 0 16 1.21 0.0 0 7.4 38 220 M M 6 13 53 220
23 91 73 82 0 0 17 T 0.0 0 7.1 30 200 M M 8 3 42 210
24 92 73 83 1 0 18 0.54 0.0 0 6.4 28 170 M M 8 138 38 180
25 94 74 84 2 0 19 T 0.0 0 5.8 17 40 M M 5 21 40
26 95 73 84 2 0 19 0.00 0.0 0 5.7 13 270 M M 4 20 170
27 94 75 85 3 0 20 0.00 0.0 0 7.7 15 280 M M 4 20 250
28 93 76 85 3 0 20 1.37 0.0 0 9.2 38 320 M M 6 1238 63 320
29 95 75 85 3 0 20 0.00 0.0 0 6.4 20 60 M M 4 25 70
30 94 74 84 2 0 19 0.00 0.0 0 7.3 18 30 M M 4 29 60
================================================================================
SM 2758 2166 0 520 7.31 0.0 237.2 M 164
================================================================================
AV 91.9 72.2 7.9 FASTST M M 5 MAX(MPH)
MISC ----> 44 210 65 220
================================================================================
NOTES:
# LAST OF SEVERAL OCCURRENCES
COLUMN 17 PEAK WIND IN M.P.H.
PRELIMINARY LOCAL CLIMATOLOGICAL DATA (WS FORM: F-6) , PAGE 2
STATION: ORLANDO INTL
MONTH: JUNE
YEAR: 2023
LATITUDE: 28 25 N
LONGITUDE: 81 19 W
[TEMPERATURE DATA] [PRECIPITATION DATA] SYMBOLS USED IN COLUMN 16
AVERAGE MONTHLY: 82.1 TOTAL FOR MONTH: 7.31 1 = FOG OR MIST
DPTR FM NORMAL: 0.9 DPTR FM NORMAL: -0.74 2 = FOG REDUCING VISIBILITY
HIGHEST: 96 ON 15 GRTST 24HR 1.65 ON 9-10 TO 1/4 MILE OR LESS
LOWEST: 68 ON 6 3 = THUNDER
SNOW, ICE PELLETS, HAIL 4 = ICE PELLETS
TOTAL MONTH: 0.0 INCH 5 = HAIL
GRTST 24HR 0.0 6 = FREEZING RAIN OR DRIZZLE
GRTST DEPTH: 0 7 = DUSTSTORM OR SANDSTORM:
VSBY 1/2 MILE OR LESS
8 = SMOKE OR HAZE
[NO. OF DAYS WITH] [WEATHER - DAYS WITH] 9 = BLOWING SNOW
X = TORNADO
MAX 32 OR BELOW: 0 0.01 INCH OR MORE: 14
MAX 90 OR ABOVE: 23 0.10 INCH OR MORE: 11
MIN 32 OR BELOW: 0 0.50 INCH OR MORE: 5
MIN 0 OR BELOW: 0 1.00 INCH OR MORE: 3
[HDD (BASE 65) ]
TOTAL THIS MO. 0 CLEAR (SCALE 0-3) 1
DPTR FM NORMAL 0 PTCLDY (SCALE 4-7) 29
TOTAL FM JUL 1 282 CLOUDY (SCALE 8-10) 0
DPTR FM NORMAL -243
[CDD (BASE 65) ]
TOTAL THIS MO. 520
DPTR FM NORMAL 34 [PRESSURE DATA]
TOTAL FM JAN 1 1781 HIGHEST SLP M ON M
DPTR FM NORMAL 448 LOWEST SLP 29.66 ON 3
[REMARKS]
#FINAL-06-23#