000
CXUS52 KMLB 010638
CF6MCO
PRELIMINARY LOCAL CLIMATOLOGICAL DATA (WS FORM: F-6)
STATION: ORLANDO INTL
MONTH: SEPTEMBER
YEAR: 2021
LATITUDE: 28 25 N
LONGITUDE: 81 19 W
TEMPERATURE IN F: :PCPN: SNOW: WIND :SUNSHINE: SKY :PK WND
================================================================================
1 2 3 4 5 6A 6B 7 8 9 10 11 12 13 14 15 16 17 18
12Z AVG MX 2MIN
DY MAX MIN AVG DEP HDD CDD WTR SNW DPTH SPD SPD DIR MIN PSBL S-S WX SPD DR
================================================================================
1 87 76 82 0 0 17 T 0.0 0 11.1 26 270 M M 8 35 270
2 93 75 84 2 0 19 0.92 0.0 0 9.5 24 300 M M 7 138 30 300
3 94 75 85 3 0 20 0.30 0.0 0 5.3 17 20 M M 5 13 23 20
4 95 76 86 4 0 21 T 0.0 0 6.4 15 60 M M 3 18 60
5 94 75 85 3 0 20 T 0.0 0 3.9 16 70 M M 4 3 21 70
6 93 76 85 3 0 20 0.31 0.0 0 3.5 20 210 M M 5 13 25 220
7 94 76 85 3 0 20 0.19 0.0 0 4.0 28 140 M M 5 3 42 140
8 93 75 84 2 0 19 1.75 0.0 0 4.5 24 160 M M 6 13 36 160
9 86 75 81 -1 0 16 0.10 0.0 0 8.7 23 290 M M 6 13 31 290
10 92 75 84 2 0 19 T 0.0 0 4.4 17 350 M M 6 3 21 340
11 90 75 83 1 0 18 0.05 0.0 0 5.3 16 70 M M 9 13 19 70
12 90 77 84 2 0 19 0.13 0.0 0 9.6 18 50 M M 8 13 24 50
13 93 77 85 4 0 20 T 0.0 0 8.4 16 100 M M 5 3 20 110
14 88 75 82 1 0 17 0.27 0.0 0 4.0 20 180 M M 6 13 25 80
15 92 75 84 3 0 19 T 0.0 0 4.7 17 80 M M 4 20 70
16 90 75 83 2 0 18 0.04 0.0 0 3.7 16 140 M M 8 13 19 150
17 90 76 83 2 0 18 0.13 0.0 0 3.5 18 80 M M 8 13 22 80
18 91 76 84 3 0 19 0.02 0.0 0 3.0 16 220 M M 8 138 20 220
19 90 75 83 2 0 18 0.10 0.0 0 3.2 14 10 M M 8 13 18 270
20 91 75 83 2 0 18 0.23 0.0 0 4.1 16 90 M M 8 38 19 100
21 92 75 84 3 0 19 0.01 0.0 0 3.8 18 130 M M 7 3 23 100
22 91 74 83 3 0 18 1.02 0.0 0 5.7 18 260 M M 7 13 23 270
23 91 76 84 4 0 19 0.08 0.0 0 6.9 15 50 M M 5 1 18 70
24 88 74 81 1 0 16 0.00 0.0 0 8.2 16 50 M M 6 21 50
25 92 73 83 3 0 18 0.00 0.0 0 6.0 20 50 M M 4 23 50
26 90 72 81 1 0 16 0.00 0.0 0 6.7 17 50 M M 4 23 60
27 89 70 80 0 0 15 0.00 0.0 0 6.2 15 60 M M 2 18 70
28 90 70 80 0 0 15 0.00 0.0 0 4.5 15 30 M M 3 21 360
29 88 69 79 0 0 14 0.00 0.0 0 5.0 13 50 M M 5 18 50
30 89 70 80 1 0 15 0.00 0.0 0 7.2 16 70 M M 4 19 60
================================================================================
SM 2726 2233 0 540 5.65 0.0 171.0 M 174
================================================================================
AV 90.9 74.4 5.7 FASTST M M 6 MAX(MPH)
MISC ----> 28 140 42 140
================================================================================
NOTES:
# LAST OF SEVERAL OCCURRENCES
COLUMN 17 PEAK WIND IN M.P.H.
PRELIMINARY LOCAL CLIMATOLOGICAL DATA (WS FORM: F-6) , PAGE 2
STATION: ORLANDO INTL
MONTH: SEPTEMBER
YEAR: 2021
LATITUDE: 28 25 N
LONGITUDE: 81 19 W
[TEMPERATURE DATA] [PRECIPITATION DATA] SYMBOLS USED IN COLUMN 16
AVERAGE MONTHLY: 82.7 TOTAL FOR MONTH: 5.65 1 = FOG OR MIST
DPTR FM NORMAL: 1.7 DPTR FM NORMAL: -0.72 2 = FOG REDUCING VISIBILITY
HIGHEST: 95 ON 4 GRTST 24HR 1.85 ON 8- 9 TO 1/4 MILE OR LESS
LOWEST: 69 ON 29 3 = THUNDER
SNOW, ICE PELLETS, HAIL 4 = ICE PELLETS
TOTAL MONTH: 0.0 INCH 5 = HAIL
GRTST 24HR 0.0 6 = FREEZING RAIN OR DRIZZLE
GRTST DEPTH: 0 7 = DUSTSTORM OR SANDSTORM:
VSBY 1/2 MILE OR LESS
8 = SMOKE OR HAZE
[NO. OF DAYS WITH] [WEATHER - DAYS WITH] 9 = BLOWING SNOW
X = TORNADO
MAX 32 OR BELOW: 0 0.01 INCH OR MORE: 17
MAX 90 OR ABOVE: 23 0.10 INCH OR MORE: 12
MIN 32 OR BELOW: 0 0.50 INCH OR MORE: 3
MIN 0 OR BELOW: 0 1.00 INCH OR MORE: 2
[HDD (BASE 65) ]
TOTAL THIS MO. 0 CLEAR (SCALE 0-3) 2
DPTR FM NORMAL 0 PTCLDY (SCALE 4-7) 26
TOTAL FM JUL 1 0 CLOUDY (SCALE 8-10) 2
DPTR FM NORMAL 0
[CDD (BASE 65) ]
TOTAL THIS MO. 540
DPTR FM NORMAL 60 [PRESSURE DATA]
TOTAL FM JAN 1 3247 HIGHEST SLP M ON M
DPTR FM NORMAL 341 LOWEST SLP 29.84 ON 22
[REMARKS]
#FINAL-09-21#