000
CXUS54 KMEG 050537
CF6MEG
PRELIMINARY LOCAL CLIMATOLOGICAL DATA (WS FORM: F-6)
STATION: MEMPHIS/GERMANTOWN WFO
MONTH: FEBRUARY
YEAR: 2022
LATITUDE: 35 7 N
LONGITUDE: 89 48 W
TEMPERATURE IN F: :PCPN: SNOW: WIND :SUNSHINE: SKY :PK WND
================================================================================
1 2 3 4 5 6A 6B 7 8 9 10 11 12 13 14 15 16 17 18
12Z AVG MX 2MIN
DY MAX MIN AVG DEP HDD CDD WTR SNW DPTH SPD SPD DIR MIN PSBL S-S WX SPD DR
================================================================================
1 68 42 55 14 10 0 0.14 0.0 0 M M M M M M 1 M M
2 58 32 45 4 20 0 0.23 0.0 0 M M M M M M 1 M M
3 32 25 29 -12 36 0 2.04 T 0 M M M M M M 146 M M
4 28 19 24 -17 41 0 T T 0 M M M M M M 146 M M
5 38 18 28 -13 37 0 0.00 0.0 0 M M M M M M M M
6 51 21 36 -5 29 0 0.00 0.0 0 M M M M M M M M
7 50 23 37 -5 28 0 0.00 0.0 0 M M M M M M M M
8 58 25 42 0 23 0 0.00 0.0 0 M M M M M M M M
9 65 41 53 11 12 0 0.00 0.0 0 M M M M M M M M
10 66 33 50 8 15 0 0.00 0.0 0 M M M M M M M M
11 69 44 57 15 8 0 0.00 0.0 0 M M M M M M M M
12 52 24 38 -5 27 0 0.01 0.0 0 M M M M M M M M
13 46 19 33 -10 32 0 0.00 0.0 0 M M M M M M M M
14 62 25 44 1 21 0 0.00 0.0 0 M M M M M M M M
15 69 39 54 11 11 0 0.00 0.0 0 M M M M M M M M
16 72 52 62 18 3 0 0.00 0.0 0 M M M M M M M M
17 69 33 51 7 14 0 1.27 0.0 0 M M M M M M 138 M M
18 46 26 36 -8 29 0 0.00 0.0 0 M M M M M M M M
19 55 27 41 -3 24 0 0.00 0.0 0 M M M M M M M M
20 67 31 49 4 16 0 0.00 0.0 0 M M M M M M M M
21 60 50 55 10 10 0 0.06 0.0 0 M M M M M M 1 M M
22 70 42 56 11 9 0 1.80 0.0 0 M M M M M M 13 M M
23 42 32 37 -8 28 0 1.51 0.0 0 M M M M M M 134 M M
24 38 32 35 -11 30 0 1.25 0.0 0 M M M M M M 134 M M
25 33 29 31 -15 34 0 T T 0 M M M M M M 1 M M
26 38 29 34 -12 31 0 0.26 0.0 0 M M M M M M 16 M M
27 50 30 40 -6 25 0 0.13 0.0 0 M M M M M M 1 M M
28 61 27 44 -3 21 0 0.00 0.0 0 M M M M M M M M
================================================================================
SM 1513 870 624 0 8.70 T M M M
================================================================================
AV 54.0 31.1 M FASTST M M M MAX(MPH)
MISC ----> M M M M
================================================================================
NOTES:
# LAST OF SEVERAL OCCURRENCES
COLUMN 17 PEAK WIND IN M.P.H.
PRELIMINARY LOCAL CLIMATOLOGICAL DATA (WS FORM: F-6) , PAGE 2
STATION: MEMPHIS/GERMANTOWN WFO
MONTH: FEBRUARY
YEAR: 2022
LATITUDE: 35 7 N
LONGITUDE: 89 48 W
[TEMPERATURE DATA] [PRECIPITATION DATA] SYMBOLS USED IN COLUMN 16
AVERAGE MONTHLY: 42.6 TOTAL FOR MONTH: 8.70 1 = FOG OR MIST
DPTR FM NORMAL: -0.8 DPTR FM NORMAL: 3.93 2 = FOG REDUCING VISIBILITY
HIGHEST: 72 ON 16 GRTST 24HR 2.04 ON 3- 3 TO 1/4 MILE OR LESS
LOWEST: 18 ON 5 3 = THUNDER
SNOW, ICE PELLETS, HAIL 4 = ICE PELLETS
TOTAL MONTH: T 5 = HAIL
GRTST 24HR T ON 3- 3 6 = FREEZING RAIN OR DRIZZLE
GRTST DEPTH: 0 7 = DUSTSTORM OR SANDSTORM:
VSBY 1/2 MILE OR LESS
8 = SMOKE OR HAZE
[NO. OF DAYS WITH] [WEATHER - DAYS WITH] 9 = BLOWING SNOW
X = TORNADO
MAX 32 OR BELOW: 2 0.01 INCH OR MORE: 11
MAX 90 OR ABOVE: 0 0.10 INCH OR MORE: 9
MIN 32 OR BELOW: 19 0.50 INCH OR MORE: 5
MIN 0 OR BELOW: 0 1.00 INCH OR MORE: 5
[HDD (BASE 65) ]
TOTAL THIS MO. 624 CLEAR (SCALE 0-3) 0
DPTR FM NORMAL 18 PTCLDY (SCALE 4-7) 0
TOTAL FM JUL 1 2311 CLOUDY (SCALE 8-10) 28
DPTR FM NORMAL -392
[CDD (BASE 65) ]
TOTAL THIS MO. 0
DPTR FM NORMAL -1 [PRESSURE DATA]
TOTAL FM JAN 1 0 HIGHEST SLP M ON M
DPTR FM NORMAL 0 LOWEST SLP M ON M
[REMARKS]
#FINAL-02-22#