000
CXUS54 KMEG 020149
CF6MEG
PRELIMINARY LOCAL CLIMATOLOGICAL DATA (WS FORM: F-6)
STATION: MEMPHIS/GERMANTOWN WFO
MONTH: NOVEMBER
YEAR: 2021
LATITUDE: 35 7 N
LONGITUDE: 89 48 W
TEMPERATURE IN F: :PCPN: SNOW: WIND :SUNSHINE: SKY :PK WND
================================================================================
1 2 3 4 5 6A 6B 7 8 9 10 11 12 13 14 15 16 17 18
12Z AVG MX 2MIN
DY MAX MIN AVG DEP HDD CDD WTR SNW DPTH SPD SPD DIR MIN PSBL S-S WX SPD DR
================================================================================
1 64 42 53 -3 12 0 T 0.0 0 M M M M M M M M
2 52 44 48 -7 17 0 0.00 0.0 0 M M M M M M M M
3 47 36 42 -13 23 0 0.21 0.0 0 M M M M M M M M
4 55 32 44 -10 21 0 0.00 0.0 0 M M M M M M M M
5 60 32 46 -8 19 0 0.00 0.0 0 M M M M M M M M
6 63 36 50 -4 15 0 0.00 0.0 0 M M M M M M M M
7 69 35 52 -1 13 0 0.00 0.0 0 M M M M M M M M
8 73 38 56 3 9 0 0.00 0.0 0 M M M M M M M M
9 71 41 56 3 9 0 0.00 0.0 0 M M M M M M M M
10 72 44 58 6 7 0 0.00 0.0 0 M M M M M M M M
11 64 41 53 1 12 0 0.75 0.0 0 M M M M M M 1 M M
12 62 39 51 -1 14 0 0.03 0.0 0 M M M M M M M M
13 50 31 41 -10 24 0 0.00 0.0 0 M M M M M M M M
14 62 34 48 -3 17 0 0.00 0.0 0 M M M M M M M M
15 68 35 52 1 13 0 0.00 0.0 0 M M M M M M M M
16 75 56 66 16 0 1 0.00 0.0 0 M M M M M M M M
17 77 58 68 18 0 3 0.00 0.0 0 M M M M M M M M
18 67 31 49 -1 16 0 0.44 0.0 0 M M M M M M 13 M M
19 56 29 43 -6 22 0 0.00 0.0 0 M M M M M M M M
20 64 31 48 -1 17 0 0.00 0.0 0 M M M M M M M M
21 59 47 53 4 12 0 0.54 0.0 0 M M M M M M 135 M M
22 52 31 42 -6 23 0 0.00 0.0 0 M M M M M M 1 M M
23 58 29 44 -4 21 0 0.00 0.0 0 M M M M M M M M
24 66 41 54 6 11 0 0.00 0.0 0 M M M M M M M M
25 57 36 47 -1 18 0 0.39 0.0 0 M M M M M M 1 M M
26 48 27 38 -9 27 0 0.00 0.0 0 M M M M M M M M
27 56 32 44 -3 21 0 0.00 0.0 0 M M M M M M M M
28 58 33 46 -1 19 0 0.00 0.0 0 M M M M M M M M
29 59 30 45 -1 20 0 0.00 0.0 0 M M M M M M M M
30 71 41 56 10 9 0 0.00 0.0 0 M M M M M M M M
================================================================================
SM 1855 1112 461 4 2.36 0.0 M M M
================================================================================
AV 61.8 37.1 M FASTST M M M MAX(MPH)
MISC ----> M M M M
================================================================================
NOTES:
# LAST OF SEVERAL OCCURRENCES
COLUMN 17 PEAK WIND IN M.P.H.
PRELIMINARY LOCAL CLIMATOLOGICAL DATA (WS FORM: F-6) , PAGE 2
STATION: MEMPHIS/GERMANTOWN WFO
MONTH: NOVEMBER
YEAR: 2021
LATITUDE: 35 7 N
LONGITUDE: 89 48 W
[TEMPERATURE DATA] [PRECIPITATION DATA] SYMBOLS USED IN COLUMN 16
AVERAGE MONTHLY: 49.4 TOTAL FOR MONTH: 2.36 1 = FOG OR MIST
DPTR FM NORMAL: -1.2 DPTR FM NORMAL: -2.39 2 = FOG REDUCING VISIBILITY
HIGHEST: 77 ON 17 GRTST 24HR 0.75 ON 11-11 TO 1/4 MILE OR LESS
LOWEST: 27 ON 26 3 = THUNDER
SNOW, ICE PELLETS, HAIL 4 = ICE PELLETS
TOTAL MONTH: 0.0 INCH 5 = HAIL
GRTST 24HR 0.0 6 = FREEZING RAIN OR DRIZZLE
GRTST DEPTH: 0 7 = DUSTSTORM OR SANDSTORM:
VSBY 1/2 MILE OR LESS
8 = SMOKE OR HAZE
[NO. OF DAYS WITH] [WEATHER - DAYS WITH] 9 = BLOWING SNOW
X = TORNADO
MAX 32 OR BELOW: 0 0.01 INCH OR MORE: 6
MAX 90 OR ABOVE: 0 0.10 INCH OR MORE: 5
MIN 32 OR BELOW: 11 0.50 INCH OR MORE: 2
MIN 0 OR BELOW: 0 1.00 INCH OR MORE: 0
[HDD (BASE 65) ]
TOTAL THIS MO. 461 CLEAR (SCALE 0-3) 0
DPTR FM NORMAL 21 PTCLDY (SCALE 4-7) 0
TOTAL FM JUL 1 555 CLOUDY (SCALE 8-10) 30
DPTR FM NORMAL -62
[CDD (BASE 65) ]
TOTAL THIS MO. 4
DPTR FM NORMAL -4 [PRESSURE DATA]
TOTAL FM JAN 1 2017 HIGHEST SLP M ON M
DPTR FM NORMAL 42 LOWEST SLP M ON M
[REMARKS]
#FINAL-11-21#