000
CXUS54 KMEG 010640
CF6MEG
PRELIMINARY LOCAL CLIMATOLOGICAL DATA (WS FORM: F-6)
STATION: MEMPHIS/GERMANTOWN WFO
MONTH: APRIL
YEAR: 2020
LATITUDE: 35 7 N
LONGITUDE: 89 48 W
TEMPERATURE IN F: :PCPN: SNOW: WIND :SUNSHINE: SKY :PK WND
================================================================================
1 2 3 4 5 6A 6B 7 8 9 10 11 12 13 14 15 16 17 18
12Z AVG MX 2MIN
DY MAX MIN AVG DEP HDD CDD WTR SNW DPTH SPD SPD DIR MIN PSBL S-S WX SPD DR
================================================================================
1 69 43 56 0 9 0 0.00 0.0 0 M M M M M M M M
2 75 45 60 4 5 0 0.00 0.0 0 M M M M M M M M
3 75 53 64 7 1 0 T 0.0 0 M M M M M M M M
4 72 51 62 5 3 0 0.00 0.0 0 M M M M M M M M
5 78 47 63 6 2 0 0.00 0.0 0 M M M M M M M M
6 81 53 67 9 0 2 0.00 0.0 0 M M M M M M M M
7 76 63 70 12 0 5 0.08 0.0 0 M M M M M M M M
8 83 68 76 18 0 11 0.46 0.0 0 M M M M M M 3 M M
9 74 56 65 7 0 0 0.01 0.0 0 M M M M M M M M
10 60 40 50 -9 15 0 0.00 0.0 0 M M M M M M M M
11 72 39 56 -3 9 0 0.26 0.0 0 M M M M M M M M
12 63 54 59 0 6 0 2.62 0.0 0 M M M M M M 13 M M
13 58 41 50 -10 15 0 0.22 0.0 0 M M M M M M M M
14 51 35 43 -17 22 0 0.00 0.0 0 M M M M M M M M
15 63 31 47 -13 18 0 0.00 0.0 0 M M M M M M M M
16 72 38 55 -6 10 0 0.00 0.0 0 M M M M M M M M
17 74 46 60 -1 5 0 0.20 0.0 0 M M M M M M M M
18 66 42 54 -7 11 0 T 0.0 0 M M M M M M M M
19 58 52 55 -7 10 0 0.40 0.0 0 M M M M M M M M
20 75 47 61 -1 4 0 0.01 0.0 0 M M M M M M 1 M M
21 78 53 66 4 0 1 0.00 0.0 0 M M M M M M M M
22 67 50 59 -3 6 0 0.39 0.0 0 M M M M M M 13 M M
23 65 54 60 -3 5 0 0.22 0.0 0 M M M M M M M M
24 75 48 62 -1 3 0 T 0.0 0 M M M M M M 1 M M
25 67 50 59 -4 6 0 0.03 0.0 0 M M M M M M M M
26 70 47 59 -5 6 0 0.00 0.0 0 M M M M M M M M
27 75 49 62 -2 3 0 0.00 0.0 0 M M M M M M M M
28 78 59 69 5 0 4 0.03 0.0 0 M M M M M M M M
29 71 56 64 -1 1 0 1.11 0.0 0 M M M M M M M M
30 72 50 61 -4 4 0 0.00 0.0 0 M M M M M M M M
================================================================================
SM 2113 1460 179 23 6.04 0.0 M M M
================================================================================
AV 70.4 48.7 M FASTST M M 3 MAX(MPH)
MISC ----> M M M M
================================================================================
NOTES:
# LAST OF SEVERAL OCCURRENCES
COLUMN 17 PEAK WIND IN M.P.H.
PRELIMINARY LOCAL CLIMATOLOGICAL DATA (WS FORM: F-6) , PAGE 2
STATION: MEMPHIS/GERMANTOWN WFO
MONTH: APRIL
YEAR: 2020
LATITUDE: 35 7 N
LONGITUDE: 89 48 W
[TEMPERATURE DATA] [PRECIPITATION DATA] SYMBOLS USED IN COLUMN 16
AVERAGE MONTHLY: 59.6 TOTAL FOR MONTH: 6.04 1 = FOG OR MIST
DPTR FM NORMAL: -0.9 DPTR FM NORMAL: 0.72 2 = FOG REDUCING VISIBILITY
HIGHEST: 83 ON 8 GRTST 24HR 2.62 ON 12-12 TO 1/4 MILE OR LESS
LOWEST: 31 ON 15 3 = THUNDER
SNOW, ICE PELLETS, HAIL 4 = ICE PELLETS
TOTAL MONTH: 0.0 INCH 5 = HAIL
GRTST 24HR 0.0 6 = FREEZING RAIN OR DRIZZLE
GRTST DEPTH: 0 7 = DUSTSTORM OR SANDSTORM:
VSBY 1/2 MILE OR LESS
8 = SMOKE OR HAZE
[NO. OF DAYS WITH] [WEATHER - DAYS WITH] 9 = BLOWING SNOW
X = TORNADO
MAX 32 OR BELOW: 0 0.01 INCH OR MORE: 14
MAX 90 OR ABOVE: 0 0.10 INCH OR MORE: 9
MIN 32 OR BELOW: 1 0.50 INCH OR MORE: 2
MIN 0 OR BELOW: 0 1.00 INCH OR MORE: 2
[HDD (BASE 65) ]
TOTAL THIS MO. 179 CLEAR (SCALE 0-3) 0
DPTR FM NORMAL -12 PTCLDY (SCALE 4-7) 0
TOTAL FM JUL 1 2872 CLOUDY (SCALE 8-10) 0
DPTR FM NORMAL -501
[CDD (BASE 65) ]
TOTAL THIS MO. 23
DPTR FM NORMAL -31 [PRESSURE DATA]
TOTAL FM JAN 1 52 HIGHEST SLP M ON M
DPTR FM NORMAL -14 LOWEST SLP M ON M
[REMARKS]
#FINAL-04-20#