000
CXUS54 KMEG 041909
CF6MEG
PRELIMINARY LOCAL CLIMATOLOGICAL DATA (WS FORM: F-6)
STATION: MEMPHIS/GERMANTOWN WFO
MONTH: NOVEMBER
YEAR: 2023
LATITUDE: 35 7 N
LONGITUDE: 89 48 W
TEMPERATURE IN F: :PCPN: SNOW: WIND :SUNSHINE: SKY :PK WND
================================================================================
1 2 3 4 5 6A 6B 7 8 9 10 11 12 13 14 15 16 17 18
12Z AVG MX 2MIN
DY MAX MIN AVG DEP HDD CDD WTR SNW DPTH SPD SPD DIR MIN PSBL S-S WX SPD DR
================================================================================
1 52 28 40 -16 25 0 0.00 0.0 0 M M M M M M M M
2 62 29 46 -9 19 0 0.00 0.0 0 M M M M M M M M
3 69 36 53 -2 12 0 0.00 0.0 0 M M M M M M M M
4 73 41 57 3 8 0 0.00 0.0 0 M M M M M M M M
5 78 47 63 9 2 0 0.00 0.0 0 M M M M M M M M
6 80 51 66 12 0 1 0.00 0.0 0 M M M M M M M M
7 82 59 71 18 0 6 0.00 0.0 0 M M M M M M M M
8 82 62 72 19 0 7 0.00 0.0 0 M M M M M M M M
9 70 48 59 6 6 0 0.96 0.0 0 M M M M M M 1 M M
10 63 46 55 3 10 0 0.07 0.0 0 M M M M M M M M
11 65 46 56 4 9 0 0.00 0.0 0 M M M M M M M M
12 68 43 56 4 9 0 0.00 0.0 0 M M M M M M M M
13 69 39 54 3 11 0 0.00 0.0 0 M M M M M M M M
14 69 49 59 8 6 0 0.00 0.0 0 M M M M M M M M
15 64 50 57 6 8 0 0.02 0.0 0 M M M M M M M M
16 69 49 59 9 6 0 0.01 0.0 0 M M M M M M M M
17 65 54 60 10 5 0 0.08 0.0 0 M M M M M M 1 M M
18 62 38 50 0 15 0 0.00 0.0 0 M M M M M M M M
19 65 33 49 0 16 0 T 0.0 0 M M M M M M M M
20 62 49 56 7 9 0 1.60 0.0 0 M M M M M M 13 M M
21 54 42 48 -1 17 0 0.01 0.0 0 M M M M M M 1 M M
22 57 37 47 -1 18 0 0.00 0.0 0 M M M M M M M M
23 59 33 46 -2 19 0 0.00 0.0 0 M M M M M M M M
24 58 41 50 2 15 0 0.00 0.0 0 M M M M M M M M
25 57 36 47 -1 18 0 0.00 0.0 0 M M M M M M M M
26 52 29 41 -6 24 0 0.04 0.0 0 M M M M M M 1 M M
27 48 27 38 -9 27 0 0.00 0.0 0 M M M M M M M M
28 49 28 39 -8 26 0 0.00 0.0 0 M M M M M M M M
29 62 30 46 0 19 0 0.00 0.0 0 M M M M M M M M
30 58 38 48 2 17 0 0.45 0.0 0 M M M M M M 1 M M
================================================================================
SM 1923 1238 376 14 3.24 0.0 M M M
================================================================================
AV 64.1 41.3 M FASTST M M M MAX(MPH)
MISC ----> M M M M
================================================================================
NOTES:
# LAST OF SEVERAL OCCURRENCES
COLUMN 17 PEAK WIND IN M.P.H.
PRELIMINARY LOCAL CLIMATOLOGICAL DATA (WS FORM: F-6) , PAGE 2
STATION: MEMPHIS/GERMANTOWN WFO
MONTH: NOVEMBER
YEAR: 2023
LATITUDE: 35 7 N
LONGITUDE: 89 48 W
[TEMPERATURE DATA] [PRECIPITATION DATA] SYMBOLS USED IN COLUMN 16
AVERAGE MONTHLY: 52.7 TOTAL FOR MONTH: 3.24 1 = FOG OR MIST
DPTR FM NORMAL: 2.1 DPTR FM NORMAL: -1.51 2 = FOG REDUCING VISIBILITY
HIGHEST: 82 ON 8, 7 GRTST 24HR 1.60 ON 20-20 TO 1/4 MILE OR LESS
LOWEST: 27 ON 27 3 = THUNDER
SNOW, ICE PELLETS, HAIL 4 = ICE PELLETS
TOTAL MONTH: 0.0 INCH 5 = HAIL
GRTST 24HR 0.0 6 = FREEZING RAIN OR DRIZZLE
GRTST DEPTH: 0 7 = DUSTSTORM OR SANDSTORM:
VSBY 1/2 MILE OR LESS
8 = SMOKE OR HAZE
[NO. OF DAYS WITH] [WEATHER - DAYS WITH] 9 = BLOWING SNOW
X = TORNADO
MAX 32 OR BELOW: 0 0.01 INCH OR MORE: 9
MAX 90 OR ABOVE: 0 0.10 INCH OR MORE: 3
MIN 32 OR BELOW: 6 0.50 INCH OR MORE: 2
MIN 0 OR BELOW: 0 1.00 INCH OR MORE: 1
[HDD (BASE 65) ]
TOTAL THIS MO. 376 CLEAR (SCALE 0-3) 0
DPTR FM NORMAL -64 PTCLDY (SCALE 4-7) 0
TOTAL FM JUL 1 482 CLOUDY (SCALE 8-10) 30
DPTR FM NORMAL -135
[CDD (BASE 65) ]
TOTAL THIS MO. 14
DPTR FM NORMAL 6 [PRESSURE DATA]
TOTAL FM JAN 1 2200 HIGHEST SLP M ON M
DPTR FM NORMAL 225 LOWEST SLP M ON M
[REMARKS]
#FINAL-11-23#