000
CXUS56 KPDT 022221
CF6MEH
PRELIMINARY LOCAL CLIMATOLOGICAL DATA (WS FORM: F-6)
STATION: MEACHAM OR
MONTH: MARCH
YEAR: 2024
LATITUDE: 45 30 N
LONGITUDE: 118 24 W
TEMPERATURE IN F: :PCPN: SNOW: WIND :SUNSHINE: SKY :PK WND
================================================================================
1 2 3 4 5 6A 6B 7 8 9 10 11 12 13 14 15 16 17 18
12Z AVG MX 2MIN
DY MAX MIN AVG DEP HDD CDD WTR SNW DPTH SPD SPD DIR MIN PSBL S-S WX SPD DR
================================================================================
1 42 24 33 1 32 0 0.14 M M 0.6 8 100 M M 6 128 27 140
2 35 10 23 -9 42 0 0.17 M M 0.5 7 260 M M 5 1 20 250
3 35 6 21 -12 44 0 0.12 M M 0.2 5 300 M M 5 1 10 250
4 33 17 25 -8 40 0 0.13 M M 0.7 6 270 M M 8 12 12 270
5 33 9 21 -12 44 0 0.02 M M 1.1 7 30 M M 7 1 12 10
6 37 -2 18 -15 47 0 0.00 M M 0.8 7 30 M M 1 12 40
7 37 1 19 -14 46 0 0.00 M M 0.4 7 40 M M 1 12 40
8 47 5 26 -8 39 0 0.00 M M 0.2 9 100 M M 0 17 200
9 43 30 37 3 28 0 0.01 M M 0.7 8 100 M M 4 20 110
10 46 29 38 4 27 0 0.07 M M 0.5 5 99 M M 8 M M
11 44 28 36 2 29 0 M M M 0.5 4 99 M M 8 M M
12 45 M M M M M M M M 1.4 9 290 M M 9 1 23 290
13 40 21 31 -3 34 0 T M M 1.3 7 260 M M 8 16 270
14 46 15 31 -4 34 0 0.00 M M 0.9 8 30 M M 0 15 40
15 50 20 35 0 30 0 0.00 M M 0.3 8 30 M M 0 13 10
16 59 22 41 6 24 0 0.00 M M 1.1 6 270 M M 0 11 40
17 60 24 42 7 23 0 0.00 M M 0.6 7 30 M M 0 13 20
18 67 27 47 11 18 0 0.00 M M 0.2 7 290 M M 0 13 320
19 67 27 47 11 18 0 0.00 M M 1.0 7 280 M M 0 14 280
20 62 27 45 9 20 0 0.02 M M 0.8 7 30 M M 2 14 310
21 51 32 42 6 23 0 T M M 1.2 8 280 M M 7 16 260
22 60 31 46 10 19 0 T M M 0.7 8 50 M M 6 16 90
23 50 36 43 7 22 0 0.06 M M 0.3 7 280 M M 9 1 14 320
24 41 32 37 1 28 0 0.57 M M M M M M M 10 1 M M
25 42 33 38 1 27 0 0.12 M M 0.8 7 280 M M M 12 270
26 42 28 35 -2 30 0 0.57 M M 1.1 7 280 M M M 15 280
27 37 28 33 -4 32 0 M M M 0.5 8 270 M M 7 12 23 280
28 45 28 37 0 28 0 0.11 M M 0.3 6 210 M M 6 1 14 190
29 47 27 37 0 28 0 T M M 0.8 7 100 M M 6 12 13 60
30 47 23 35 -3 30 0 0.00 M M 1.8 9 20 M M 1 17 10
31 46 25 36 -2 29 0 0.13 M M 1.5 8 360 M M 6 1 17 10
================================================================================
SM 1436 663 915 0 2.24 M 22.8 M 130
================================================================================
AV 46.3 22.1 0.8 FASTST M M 4 MAX(MPH)
MISC ----> # 9 100 27 140
================================================================================
NOTES:
# LAST OF SEVERAL OCCURRENCES
COLUMN 17 PEAK WIND IN M.P.H.
PRELIMINARY LOCAL CLIMATOLOGICAL DATA (WS FORM: F-6) , PAGE 2
STATION: MEACHAM OR
MONTH: MARCH
YEAR: 2024
LATITUDE: 45 30 N
LONGITUDE: 118 24 W
[TEMPERATURE DATA] [PRECIPITATION DATA] SYMBOLS USED IN COLUMN 16
AVERAGE MONTHLY: 34.2 TOTAL FOR MONTH: 2.24 1 = FOG OR MIST
DPTR FM NORMAL: -0.8 DPTR FM NORMAL: -1.85 2 = FOG REDUCING VISIBILITY
HIGHEST: 67 ON 19,18 GRTST 24HR 0.57 ON 24-24 TO 1/4 MILE OR LESS
LOWEST: -2 ON 6 3 = THUNDER
SNOW, ICE PELLETS, HAIL 4 = ICE PELLETS
TOTAL MONTH: M 5 = HAIL
GRTST 24HR M ON M 6 = FREEZING RAIN OR DRIZZLE
GRTST DEPTH: M ON M 7 = DUSTSTORM OR SANDSTORM:
VSBY 1/2 MILE OR LESS
8 = SMOKE OR HAZE
[NO. OF DAYS WITH] [WEATHER - DAYS WITH] 9 = BLOWING SNOW
X = TORNADO
MAX 32 OR BELOW: 0 0.01 INCH OR MORE: 14
MAX 90 OR ABOVE: 0 0.10 INCH OR MORE: 9
MIN 32 OR BELOW: 28 0.50 INCH OR MORE: 2
MIN 0 OR BELOW: 1 1.00 INCH OR MORE: 0
[HDD (BASE 65) ]
TOTAL THIS MO. 915 CLEAR (SCALE 0-3) 11
DPTR FM NORMAL -13 PTCLDY (SCALE 4-7) 14
TOTAL FM JUL 1 5960 CLOUDY (SCALE 8-10) 6
DPTR FM NORMAL -543
[CDD (BASE 65) ]
TOTAL THIS MO. 0
DPTR FM NORMAL 0 [PRESSURE DATA]
TOTAL FM JAN 1 0 HIGHEST SLP 30.56 ON 14
DPTR FM NORMAL 0 LOWEST SLP 29.22 ON 2
[REMARKS]
#FINAL-03-24#