000
CXUS56 KPDT 020532
CF6MEH
PRELIMINARY LOCAL CLIMATOLOGICAL DATA (WS FORM: F-6)
STATION: MEACHAM OR
MONTH: FEBRUARY
YEAR: 2020
LATITUDE: 45 30 N
LONGITUDE: 118 24 W
TEMPERATURE IN F: :PCPN: SNOW: WIND :SUNSHINE: SKY :PK WND
================================================================================
1 2 3 4 5 6A 6B 7 8 9 10 11 12 13 14 15 16 17 18
12Z AVG MX 2MIN
DY MAX MIN AVG DEP HDD CDD WTR SNW DPTH SPD SPD DIR MIN PSBL S-S WX SPD DR
================================================================================
1 53 30 42 13 23 0 0.96 M M 1.9 10 270 M M 6 1 23 230
2 30 4 17 -12 48 0 0.05 M M 1.5 7 260 M M 7 1 12 230
3 28 -4 12 -17 53 0 0.04 M M 0.6 6 310 M M 6 1 11 300
4 28 15 22 -7 43 0 0.44 M M 0.1 5 270 M M 9 1 8 290
5 42 26 34 5 31 0 2.51 M M 1.6 8 280 M M 10 12 15 260
6 43 40 42 13 23 0 1.68 M M 5.2 12 260 M M 10 1 21 230
7 43 32 38 9 27 0 0.20 M M 2.2 9 270 M M 9 1 20 280
8 41 30 36 7 29 0 1.57 M M 3.9 13 270 M M 10 12 25 270
9 33 16 25 -4 40 0 0.00 M M 0.3 6 320 M M 4 1 11 300
10 36 6 21 -8 44 0 0.00 M M 0.3 6 280 M M 1 18 9 280
11 45 12 29 -1 36 0 0.00 M M 2.4 9 290 M M 4 18 280
12 41 19 30 0 35 0 0.00 M M 0.4 6 40 M M 5 1 8 30
13 52 13 33 3 32 0 0.03 M M 0.5 8 280 M M 4 1 13 250
14 39 27 33 3 32 0 0.02 M M 3.5 13 270 M M 9 1 21 280
15 36 30 33 3 32 0 0.89 M M 0.1 6 250 M M 10 1 9 270
16 34 28 31 1 34 0 0.42 M M 3.1 7 99 M M 9 1 M M
17 34 9 22 -8 43 0 0.33 M M 2.0 10 280 M M 7 18 19 260
18 35 0 18 -12 47 0 0.00 M M 0.3 6 60 M M 0 9 100
19 35 -4 16 -14 49 0 0.00 M M 0.2 7 90 M M 0 11 90
20 38 16 27 -3 38 0 0.00 M M 0.3 9 100 M M 0 17 90
21 47 20 34 4 31 0 0.00 M M 0.0 8 100 M M 0 11 90
22 49 17 33 2 32 0 0.00 M M 0.9 8 270 M M 0 13 270
23 50 19 35 4 30 0 0.50 M M 3.8 15 270 M M 7 1 33 280
24 36 18 27 -4 38 0 0.00 M M 3.3 10 270 M M 8 23 270
25 46 12 29 -2 36 0 0.00 M M 0.2 6 90 M M 3 10 90
26 47 23 35 4 30 0 T M M 0.8 7 280 M M 6 13 300
27 53 16 35 3 30 0 0.00 M M 0.6 6 280 M M 0 10 260
28 52 22 37 5 28 0 0.00 M M 0.6 7 300 M M 0 13 290
29 39 28 34 2 31 0 0.08 M M 2.7 9 290 M M 7 18 18 240
================================================================================
SM 1185 520 1025 0 9.72 M 43.3 M 151
================================================================================
AV 40.9 17.9 1.5 FASTST M M 5 MAX(MPH)
MISC ----> # 15 270 # 33 280
================================================================================
NOTES:
# LAST OF SEVERAL OCCURRENCES
COLUMN 17 PEAK WIND IN M.P.H.
PRELIMINARY LOCAL CLIMATOLOGICAL DATA (WS FORM: F-6) , PAGE 2
STATION: MEACHAM OR
MONTH: FEBRUARY
YEAR: 2020
LATITUDE: 45 30 N
LONGITUDE: 118 24 W
[TEMPERATURE DATA] [PRECIPITATION DATA] SYMBOLS USED IN COLUMN 16
AVERAGE MONTHLY: 29.4 TOTAL FOR MONTH: 9.72 1 = FOG OR MIST
DPTR FM NORMAL: -0.6 DPTR FM NORMAL: 6.61 2 = FOG REDUCING VISIBILITY
HIGHEST: 53 ON 27, 1 GRTST 24HR 2.51 ON 5- 5 TO 1/4 MILE OR LESS
LOWEST: -4 ON 19, 3 3 = THUNDER
SNOW, ICE PELLETS, HAIL 4 = ICE PELLETS
TOTAL MONTH: M 5 = HAIL
GRTST 24HR M ON M 6 = FREEZING RAIN OR DRIZZLE
GRTST DEPTH: M ON M 7 = DUSTSTORM OR SANDSTORM:
VSBY 1/2 MILE OR LESS
8 = SMOKE OR HAZE
[NO. OF DAYS WITH] [WEATHER - DAYS WITH] 9 = BLOWING SNOW
X = TORNADO
MAX 32 OR BELOW: 3 0.01 INCH OR MORE: 15
MAX 90 OR ABOVE: 0 0.10 INCH OR MORE: 10
MIN 32 OR BELOW: 28 0.50 INCH OR MORE: 6
MIN 0 OR BELOW: 3 1.00 INCH OR MORE: 3
[HDD (BASE 65) ]
TOTAL THIS MO. 1025 CLEAR (SCALE 0-3) 9
DPTR FM NORMAL 45 PTCLDY (SCALE 4-7) 12
TOTAL FM JUL 1 5410 CLOUDY (SCALE 8-10) 8
DPTR FM NORMAL -373
[CDD (BASE 65) ]
TOTAL THIS MO. 0
DPTR FM NORMAL 0 [PRESSURE DATA]
TOTAL FM JAN 1 0 HIGHEST SLP 30.65 ON 25
DPTR FM NORMAL 0 LOWEST SLP 29.80 ON 8
[REMARKS]
#FINAL-02-20#