000
CXUS54 KLZK 011130
CF6MEZ
PRELIMINARY LOCAL CLIMATOLOGICAL DATA (WS FORM: F-6)
STATION: MENA AIRPORT
MONTH: APRIL
YEAR: 2021
LATITUDE: 34 9 N
LONGITUDE: 94 15 W
TEMPERATURE IN F: :PCPN: SNOW: WIND :SUNSHINE: SKY :PK WND
================================================================================
1 2 3 4 5 6A 6B 7 8 9 10 11 12 13 14 15 16 17 18
12Z AVG MX 2MIN
DY MAX MIN AVG DEP HDD CDD WTR SNW DPTH SPD SPD DIR MIN PSBL S-S WX SPD DR
================================================================================
1 61 30 46 -8 19 0 0.00 M M 3.3 14 40 M M 0 20 40
2 64 30 47 -8 18 0 0.00 M M 1.8 8 100 M M 0 M M
3 68 43 56 1 9 0 0.00 M M 1.8 7 220 M M 5 M M
4 72 37 55 0 10 0 0.00 M M 2.5 9 250 M M 6 M M
5 77 57 67 11 0 2 0.00 M M 2.2 9 210 M M 6 M M
6 73 63 68 12 0 3 0.00 M M 4.8 8 130 M M 8 18 140
7 73 50 62 6 3 0 0.25 M M 7.6 17 260 M M 5 25 260
8 77 46 62 6 3 0 0.00 M M 6.9 15 260 M M 0 24 260
9 77 54 66 9 0 1 0.27 M M 3.0 13 300 M M 3 3 24 300
10 63 45 54 -3 11 0 0.01 M M 9.4 18 290 M M 3 25 300
11 79 41 60 3 5 0 0.00 M M 4.0 12 250 M M 0 17 260
12 84 46 65 7 0 0 0.00 M M 1.7 6 270 M M 1 M M
13 77 54 66 8 0 1 0.00 M M 4.8 10 60 M M 3 17 60
14 63 50 57 -1 8 0 1.34 M M 6.0 12 70 M M 9 3 20 50
15 68 50 59 1 6 0 0.20 M M 3.5 9 50 M M 6 M M
16 55 50 53 -6 12 0 0.92 M M 3.6 9 90 M M 10 18 100
17 54 37 46 -13 19 0 0.00 M M 4.7 10 270 M M 8 16 330
18 63 34 49 -10 16 0 0.00 M M 4.8 14 270 M M 3 22 280
19 72 34 53 -6 12 0 0.00 M M 1.8 9 250 M M 0 17 250
20 63 34 49 -11 16 0 0.00 M M 7.3 20 280 M M 2 26 280
21 61 28 45 -15 20 0 0.00 M M 2.9 12 300 M M 0 18 270
22 61 36 49 -11 16 0 0.00 M M 0.9 5 100 M M 9 M M
23 63 50 57 -3 8 0 1.27 M M 3.9 9 100 M M 10 20 100
24 68 46 57 -4 8 0 0.77 M M 6.5 20 290 M M 6 23 290
25 77 41 59 -2 6 0 0.00 0.0 0 1.5 7 130 M M 2 M M
26 79 63 71 10 0 6 0.00 M M 4.2 10 220 M M 0 21 140
27 75 66 71 9 0 6 0.00 M M 4.0 9 150 M M 7 18 240
28 77 70 74 12 0 9 0.11 M M 3.5 9 120 M M 9 3 M M
29 73 59 66 4 0 1 0.51 M M 3.3 9 350 M M 6 M M
30 77 52 65 3 0 0 0.00 M M 3.0 12 70 M M 2 21 70
================================================================================
SM 2094 1396 225 29 5.65 0.0 119.2 M 129
================================================================================
AV 69.8 46.5 4.0 FASTST M M 4 MAX(MPH)
MISC ----> # 20 280 26 280
================================================================================
NOTES:
# LAST OF SEVERAL OCCURRENCES
COLUMN 17 PEAK WIND IN M.P.H.
PRELIMINARY LOCAL CLIMATOLOGICAL DATA (WS FORM: F-6) , PAGE 2
STATION: MENA AIRPORT
MONTH: APRIL
YEAR: 2021
LATITUDE: 34 9 N
LONGITUDE: 94 15 W
[TEMPERATURE DATA] [PRECIPITATION DATA] SYMBOLS USED IN COLUMN 16
AVERAGE MONTHLY: 58.2 TOTAL FOR MONTH: 5.65 1 = FOG OR MIST
DPTR FM NORMAL: -0.3 DPTR FM NORMAL: 0.22 2 = FOG REDUCING VISIBILITY
HIGHEST: 84 ON 12 GRTST 24HR 1.34 ON 14-14 TO 1/4 MILE OR LESS
LOWEST: 28 ON 21 3 = THUNDER
SNOW, ICE PELLETS, HAIL 4 = ICE PELLETS
TOTAL MONTH: 0.0 INCH 5 = HAIL
GRTST 24HR 0.0 6 = FREEZING RAIN OR DRIZZLE
GRTST DEPTH: 0 7 = DUSTSTORM OR SANDSTORM:
VSBY 1/2 MILE OR LESS
8 = SMOKE OR HAZE
[NO. OF DAYS WITH] [WEATHER - DAYS WITH] 9 = BLOWING SNOW
X = TORNADO
MAX 32 OR BELOW: 0 0.01 INCH OR MORE: 10
MAX 90 OR ABOVE: 0 0.10 INCH OR MORE: 9
MIN 32 OR BELOW: 3 0.50 INCH OR MORE: 5
MIN 0 OR BELOW: 0 1.00 INCH OR MORE: 2
[HDD (BASE 65) ]
TOTAL THIS MO. 225 CLEAR (SCALE 0-3) 14
DPTR FM NORMAL 3 PTCLDY (SCALE 4-7) 10
TOTAL FM JUL 1 3230 CLOUDY (SCALE 8-10) 6
DPTR FM NORMAL -342
[CDD (BASE 65) ]
TOTAL THIS MO. 29
DPTR FM NORMAL 3 [PRESSURE DATA]
TOTAL FM JAN 1 40 HIGHEST SLP M ON M
DPTR FM NORMAL 8 LOWEST SLP M ON M
[REMARKS]
#FINAL-04-21#