000
CXUS51 KCLE 021655
CLMMFD
CLIMATE REPORT
NATIONAL WEATHER SERVICE CLEVELAND, OH
1155 AM EST FRI FEB 02 2024
...................................
...THE MANSFIELD OH CLIMATE SUMMARY FOR THE MONTH OF JANUARY 2024...
CLIMATE NORMAL PERIOD 1991 TO 2020
CLIMATE RECORD PERIOD 1916 TO 2024
WEATHER OBSERVED NORMAL DEPART LAST YEAR`S
VALUE DATE(S) VALUE FROM VALUE
NORMAL
..............................................................
TEMPERATURE (F)
RECORD
HIGH 69 01/25/1950
LOW -26 01/15/1929
HIGHEST 58 01/26
LOWEST -3 01/15
AVG. MAXIMUM 33.7 34.0 -0.3 40.4
AVG. MINIMUM 23.3 19.1 4.2 29.0
MEAN 28.5 26.5 2.0 34.7
DAYS MAX >= 90 0 0.0 0.0 0
DAYS MAX <= 32 13 15.3 -2.3 6
DAYS MIN <= 32 27 27.1 -0.1 23
DAYS MIN <= 0 1 3.0 -2.0 0
PRECIPITATION (INCHES)
RECORD
MAXIMUM 6.08 2005
MINIMUM 0.41 1981
TOTALS 3.80 3.22 0.58 4.89
DAYS >= .01 19 15.8 3.2 18
DAYS >= .10 12 7.7 4.3 10
DAYS >= .50 1 1.7 -0.7 3
DAYS >= 1.00 1 0.6 0.4 1
GREATEST
24 HR. TOTAL 1.16 01/09 TO 01/10 1.17
SNOWFALL (INCHES)
RECORDS
TOTAL 43.8 2009
TOTALS 5.0 14.5 -9.5 9.0
SINCE 7/1 6.0 27.0 -21.0 13.7
DAYS >= 1.0 1 5.0 -4.0 2
GREATEST
24 HR TOTAL 1.6 01/19 TO 01/19
DEGREE DAYS
HEATING TOTAL 1123 1192 -69 932
SINCE 7/1 3014 3429 -415 3066
COOLING TOTAL 0 0 0 0
SINCE 1/1 0 0 0 0
..............................................................
WIND (MPH)
AVERAGE WIND SPEED 10.2
HIGHEST WIND SPEED/DIRECTION 38/200 DATE 01/09
HIGHEST GUST SPEED/DIRECTION 54/190 DATE 01/09
SKY COVER
AVERAGE SKY COVER 0.80
AVERAGE RH (PERCENT) 82
WEATHER CONDITIONS. NUMBER OF DAYS WITH
THUNDERSTORM 0 MIXED PRECIP 0
HEAVY RAIN 1 RAIN 1
LIGHT RAIN 9 FREEZING RAIN 0
LT FREEZING RAIN 0 HAIL 0
HEAVY SNOW 0 SNOW 0
LIGHT SNOW 17 SLEET 0
FOG 23 FOG W/VIS <= 1/4 MILE 0
HAZE 1
- INDICATES NEGATIVE NUMBERS.
R INDICATES RECORD WAS SET OR TIED.
MM INDICATES DATA IS MISSING.
T INDICATES TRACE AMOUNT.
$$